{"id":286,"date":"2016-01-25T19:44:10","date_gmt":"2016-01-25T18:44:10","guid":{"rendered":"https:\/\/lfsportevents.pl\/openfutsal2024\/?page_id=286"},"modified":"2024-11-14T12:44:20","modified_gmt":"2024-11-14T11:44:20","slug":"partnerzy","status":"publish","type":"page","link":"https:\/\/lfsportevents.pl\/openfutsal2024\/partnerzy\/","title":{"rendered":"Partnerzy"},"content":{"rendered":"<h2 class=\"sp-table-caption\">Sponsor TYTULARNY<\/h2>\n<div class=\"sponsor-wrap clear\">\n<div class=\"sponsor-logo\"><img loading=\"lazy\" class=\"alignnone size-full wp-image-10546\" src=\"https:\/\/lfsportevents.pl\/openfutsal2024\/wp-content\/uploads\/2022\/11\/pabud-logo.png\" alt=\"\" width=\"400\" height=\"170\" srcset=\"https:\/\/lfsportevents.pl\/openfutsal2024\/wp-content\/uploads\/2022\/11\/pabud-logo.png 400w, https:\/\/lfsportevents.pl\/openfutsal2024\/wp-content\/uploads\/2022\/11\/pabud-logo-300x128.png 300w, https:\/\/lfsportevents.pl\/openfutsal2024\/wp-content\/uploads\/2022\/11\/pabud-logo-128x54.png 128w, https:\/\/lfsportevents.pl\/openfutsal2024\/wp-content\/uploads\/2022\/11\/pabud-logo-32x14.png 32w, https:\/\/lfsportevents.pl\/openfutsal2024\/wp-content\/uploads\/2022\/11\/pabud-logo-250x106.png 250w\" sizes=\"(max-width: 400px) 100vw, 400px\" \/><\/div>\n<div class=\"sponsor-content\">\n<p class=\"adres\"><i class=\"fa fa-futbol-o\"><\/i><a href=\"https:\/\/pabud.pl\/\" target=\"_blank\" rel=\"noopener\">www.pabud.pl<\/a><\/p>\n<h2>PABUD<\/h2>\n<p class=\"adres\" style=\"text-align: justify;\"><span class=\"tojvnm2t a6sixzi8 abs2jz4q a8s20v7p t1p8iaqh k5wvi7nf q3lfd5jv pk4s997a bipmatt0 cebpdrjk qowsmv63 owwhemhu dp1hu0rb dhp61c6y iyyx5f41\">Firma PABUD dzia\u0142a w bran\u017cy budowlanej od 1995 roku. Zajmujemy si\u0119 generalnym wykonawstwem inwestycji budowlanych, kompleksow\u0105 budow\u0105 dom\u00f3w jednorodzinnych oraz profesjonalnym brukarstwem. Dzia\u0142aj\u0105c na rynku od kilkunastu lat, stworzyli\u015bmy kadr\u0119 doskonale wykwalifikowanych pracownik\u00f3w. Posiadamy r\u00f3wnie\u017c doskona\u0142e zaplecze techniczne oraz niezb\u0119dne sprz\u0119ty budowlane do sprawnej i profesjonalnej realizacji zlece\u0144. Nasza firma wykonuje pe\u0142en zakres prac budowlanych oraz remontowych w budynkach mieszkalnych, halach, biurach oraz innych obiektach u\u017cytkowych. Prowadzimy budowy budynk\u00f3w przemys\u0142owych oraz dom\u00f3w pod klucz. Cechuje nas rzetelno\u015b\u0107 oraz solidno\u015b\u0107. Wszelkie przyj\u0119te zlecenia wykonujemy w wyznaczonym terminie, a na wykonane prace udzielamy 3-letniej gwarancji. Dane adresowe: Brzezna \u202a380 33-386\u202c Podegrodzie Dane kontaktowe: tel. \u202a602 265 125\u202c, \u202a784 509 862\u202c e-mail: kontakt@pa-bud.pl<\/span><\/p>\n<\/div>\n<\/div>\n<h2 class=\"sp-table-caption\">Sponsorzy Strategiczni<\/h2>\n<div class=\"sponsor-wrap clear\">\n<div class=\"sponsor-logo\"><img loading=\"lazy\" class=\"alignnone size-full wp-image-12561\" src=\"https:\/\/lfsportevents.pl\/openfutsal2024\/wp-content\/uploads\/2024\/02\/logo-elkag.png\" alt=\"\" width=\"209\" height=\"82\" srcset=\"https:\/\/lfsportevents.pl\/openfutsal2024\/wp-content\/uploads\/2024\/02\/logo-elkag.png 209w, https:\/\/lfsportevents.pl\/openfutsal2024\/wp-content\/uploads\/2024\/02\/logo-elkag-128x50.png 128w, https:\/\/lfsportevents.pl\/openfutsal2024\/wp-content\/uploads\/2024\/02\/logo-elkag-32x13.png 32w\" sizes=\"(max-width: 209px) 100vw, 209px\" \/><\/div>\n<div class=\"sponsor-content\">\n<h2>EL-KAG<\/h2>\n<p class=\"adres\"><a href=\"https:\/\/www.elkag.pl\" target=\"_blank\" rel=\"noopener\">https:\/\/www.elkag.pl<\/a><\/p>\n<p style=\"text-align: justify;\">Grupa Hurtowni Elektrotechnicznych EL-KAG to znacz\u0105cy dystrybutor produkt\u00f3w elektrotechnicznych. Firma obecna jest na polskim rynku od ponad 20 lat. Dla swoich partner\u00f3w biznesowych przygotowali kompleksow\u0105 ofert\u0119 produktow\u0105, na kt\u00f3r\u0105 sk\u0142adaj\u0105 si\u0119:<\/p>\n<ul>\n<li>kable i przewody, s\u0142upy o\u015bwietleniowe, aparatura, technika o\u015bwietleniowa, osprz\u0119t instalacyjny, osprz\u0119t kablowy<\/li>\n<\/ul>\n<p>Poprzez w\u0142asn\u0105 sie\u0107 sprzeda\u017cy produkty z dziedziny elektryki i automatyki dostarczane s\u0105 do klient\u00f3w na rynki z bran\u017c takich jak:<\/p>\n<ul>\n<li>Elektrotechnika, budownictwo, energetyka, automatyka, telekomunikacja, g\u00f3rnictwo<\/li>\n<\/ul>\n<p>Dzi\u0119ki nowoczesnemu systemowi zam\u00f3wie\u0144 wraz z internetow\u0105 platform\u0105 zakupow\u0105, nasze oddzia\u0142y zapewniaj\u0105 profesjonalny standard obs\u0142ugi Klienta. Magazyn Centralny pracuje w systemie wyd\u0142u\u017conego czasu pracy i gwarantuje sprawny zakres us\u0142ug logistycznych: magazynowanie, konfekcjonowanie, transport. Dzi\u0119ki temu wyr\u00f3\u017cniamy si\u0119 kr\u00f3tkim cyklem realizacji dostaw. Powierzchnia magazynowa to ponad 5000m2 powierzchni, na kt\u00f3rej znajduje si\u0119 60 000 pozycji.<\/p>\n<p>Dystrybucja produkt\u00f3w elektrotechnicznych wraz ze zintegrowanymi us\u0142ugami dedykowanymi do naszych klient\u00f3w czyni z nas Partnera, kt\u00f3ry oferuje kompleksowo\u015b\u0107 obs\u0142ugi w optymalnym czasie. W codziennej pracy, w stosunku do naszych dostawc\u00f3w, Klient\u00f3w i pracownik\u00f3w kierujemy si\u0119 katalogiem warto\u015bci EL-KAG.<\/p>\n<p>Jeste\u015bmy firm\u0105 prywatn\u0105, w kt\u00f3rej ludzie dobierani s\u0105 w oparciu o kompetencje. Wyst\u0119puj\u0105ce w organizacji powi\u0105zania rodzinne s\u0105 warto\u015bci\u0105, kt\u00f3ra buduje atmosfer\u0119 pracy i wzmacnia zaanga\u017cowanie w jako\u015b\u0107 obs\u0142ugi naszych Klient\u00f3w.<\/p>\n<\/div>\n<\/div>\n<div class=\"sponsor-wrap clear\">\n<p><img loading=\"lazy\" class=\"alignnone wp-image-12642 size-medium\" src=\"https:\/\/lfsportevents.pl\/openfutsal2024\/wp-content\/uploads\/2024\/11\/nowe-logo-rolbud-instal-dach-300x76.jpg\" alt=\"\" width=\"300\" height=\"76\" srcset=\"https:\/\/lfsportevents.pl\/openfutsal2024\/wp-content\/uploads\/2024\/11\/nowe-logo-rolbud-instal-dach-300x76.jpg 300w, https:\/\/lfsportevents.pl\/openfutsal2024\/wp-content\/uploads\/2024\/11\/nowe-logo-rolbud-instal-dach-1024x259.jpg 1024w, https:\/\/lfsportevents.pl\/openfutsal2024\/wp-content\/uploads\/2024\/11\/nowe-logo-rolbud-instal-dach-768x194.jpg 768w, https:\/\/lfsportevents.pl\/openfutsal2024\/wp-content\/uploads\/2024\/11\/nowe-logo-rolbud-instal-dach-1536x388.jpg 1536w, https:\/\/lfsportevents.pl\/openfutsal2024\/wp-content\/uploads\/2024\/11\/nowe-logo-rolbud-instal-dach-2048x518.jpg 2048w, https:\/\/lfsportevents.pl\/openfutsal2024\/wp-content\/uploads\/2024\/11\/nowe-logo-rolbud-instal-dach-128x32.jpg 128w, https:\/\/lfsportevents.pl\/openfutsal2024\/wp-content\/uploads\/2024\/11\/nowe-logo-rolbud-instal-dach-32x8.jpg 32w, https:\/\/lfsportevents.pl\/openfutsal2024\/wp-content\/uploads\/2024\/11\/nowe-logo-rolbud-instal-dach-250x63.jpg 250w, https:\/\/lfsportevents.pl\/openfutsal2024\/wp-content\/uploads\/2024\/11\/nowe-logo-rolbud-instal-dach-550x139.jpg 550w, https:\/\/lfsportevents.pl\/openfutsal2024\/wp-content\/uploads\/2024\/11\/nowe-logo-rolbud-instal-dach-800x202.jpg 800w, https:\/\/lfsportevents.pl\/openfutsal2024\/wp-content\/uploads\/2024\/11\/nowe-logo-rolbud-instal-dach-712x180.jpg 712w, https:\/\/lfsportevents.pl\/openfutsal2024\/wp-content\/uploads\/2024\/11\/nowe-logo-rolbud-instal-dach-1187x300.jpg 1187w, https:\/\/lfsportevents.pl\/openfutsal2024\/wp-content\/uploads\/2024\/11\/nowe-logo-rolbud-instal-dach-1979x500.jpg 1979w\" sizes=\"(max-width: 300px) 100vw, 300px\" \/><\/p>\n<div class=\"sponsor-content\">\n<h2>ROLBUD DACH<\/h2>\n<p class=\"adres\"><i class=\"fa fa-futbol-o\"><\/i><a href=\"https:\/\/rolbuddach.com.pl\/\" target=\"_blank\" rel=\"noopener\">https:\/\/rolbuddach.com.pl\/<\/a><\/p>\n<p style=\"text-align: justify;\">Rolbud Dach to zwie\u0144czenie Twojej budowy. Firma Rolbuddach maj\u0105ca w swojej ofercie najwy\u017cszej jako\u015bci produkty flagowych producent\u00f3w takich jak Ruukki, BRATEX, BP2, GERARD. Oferujemy r\u00f3wnie\u017c komunikacj\u0119 dachow\u0105, bariery przeciw\u015bniegowe, obr\u00f3bki blacharskie, okna dachowe oraz rynny metalowe na ka\u017cdy wymiar. ROLBUDDACH to bezp\u0142atne doradztwo, precyzyjne pomiary,\u00a0 mi\u0142a obs\u0142uga oraz transport materia\u0142\u00f3w na miejsce budowy. Zapraszamy codziennie od 7:00 do 17:00, Stary S\u0105cz ul. Jana Paw\u0142a II 75D.<\/p>\n<\/div>\n<\/div>\n<div class=\"sponsor-wrap clear\">\n<div class=\"sponsor-logo\"><img loading=\"lazy\" class=\"alignnone size-full wp-image-12643\" src=\"https:\/\/lfsportevents.pl\/openfutsal2024\/wp-content\/uploads\/2024\/11\/Bank-Spoldzielczy-w-Podegrodziu.jpg\" alt=\"\" width=\"200\" height=\"103\" srcset=\"https:\/\/lfsportevents.pl\/openfutsal2024\/wp-content\/uploads\/2024\/11\/Bank-Spoldzielczy-w-Podegrodziu.jpg 200w, https:\/\/lfsportevents.pl\/openfutsal2024\/wp-content\/uploads\/2024\/11\/Bank-Spoldzielczy-w-Podegrodziu-128x66.jpg 128w, https:\/\/lfsportevents.pl\/openfutsal2024\/wp-content\/uploads\/2024\/11\/Bank-Spoldzielczy-w-Podegrodziu-32x16.jpg 32w\" sizes=\"(max-width: 200px) 100vw, 200px\" \/><\/div>\n<div class=\"sponsor-content\">\n<h2>BANK SP\u00d3\u0141DZIELCZY W PODEGRODZIU<\/h2>\n<p class=\"adres\"><i class=\"fa fa-futbol-o\"><\/i><a href=\"https:\/\/bspodegrodzie.pl\/\" target=\"_blank\" rel=\"noopener\">https:\/\/bspodegrodzie.pl<\/a><\/p>\n<p style=\"text-align: justify;\">Bank Sp\u00f3\u0142dzielczy w Podegrodziu \u015bwiadczy us\u0142ugi bankowe od 116 lat. Dla swoich Klient\u00f3w Bank systematycznie wdra\u017ca nowe produkty i poprawia jako\u015b\u0107 us\u0142ug. Profesjonalni i \u017cyczliwi pracownicy gwarantuj\u0105 satysfakcj\u0119 w korzystaniu z us\u0142ug Banku. Zapraszamy do odwiedzenia strony bspodegrodzie.pl i plac\u00f3wek Banku.<\/p>\n<\/div>\n<\/div>\n<div class=\"sponsor-wrap clear\">\n<div class=\"sponsor-logo\"><img loading=\"lazy\" class=\"alignnone wp-image-10689 \" src=\"https:\/\/lfsportevents.pl\/openfutsal2024\/wp-content\/uploads\/2022\/11\/PH_logo-300x300.jpg\" alt=\"\" width=\"254\" height=\"254\" srcset=\"https:\/\/lfsportevents.pl\/openfutsal2024\/wp-content\/uploads\/2022\/11\/PH_logo-300x300.jpg 300w, https:\/\/lfsportevents.pl\/openfutsal2024\/wp-content\/uploads\/2022\/11\/PH_logo-1024x1024.jpg 1024w, https:\/\/lfsportevents.pl\/openfutsal2024\/wp-content\/uploads\/2022\/11\/PH_logo-150x150.jpg 150w, https:\/\/lfsportevents.pl\/openfutsal2024\/wp-content\/uploads\/2022\/11\/PH_logo-768x768.jpg 768w, https:\/\/lfsportevents.pl\/openfutsal2024\/wp-content\/uploads\/2022\/11\/PH_logo-128x128.jpg 128w, https:\/\/lfsportevents.pl\/openfutsal2024\/wp-content\/uploads\/2022\/11\/PH_logo-32x32.jpg 32w, https:\/\/lfsportevents.pl\/openfutsal2024\/wp-content\/uploads\/2022\/11\/PH_logo-48x48.jpg 48w, https:\/\/lfsportevents.pl\/openfutsal2024\/wp-content\/uploads\/2022\/11\/PH_logo-250x250.jpg 250w, https:\/\/lfsportevents.pl\/openfutsal2024\/wp-content\/uploads\/2022\/11\/PH_logo-550x550.jpg 550w, https:\/\/lfsportevents.pl\/openfutsal2024\/wp-content\/uploads\/2022\/11\/PH_logo-800x800.jpg 800w, https:\/\/lfsportevents.pl\/openfutsal2024\/wp-content\/uploads\/2022\/11\/PH_logo-180x180.jpg 180w, https:\/\/lfsportevents.pl\/openfutsal2024\/wp-content\/uploads\/2022\/11\/PH_logo-500x500.jpg 500w, https:\/\/lfsportevents.pl\/openfutsal2024\/wp-content\/uploads\/2022\/11\/PH_logo.jpg 1134w\" sizes=\"(max-width: 254px) 100vw, 254px\" \/><\/div>\n<div class=\"sponsor-content\">\n<h2>PIZZA HUT<\/h2>\n<p class=\"adres\"><i class=\"fa fa-futbol-o\"><\/i><a href=\"https:\/\/pizzahut.pl\" target=\"_blank\" rel=\"noopener\">https:\/\/pizzahut.pl<\/a><\/p>\n<p style=\"text-align: justify;\">Opis<\/p>\n<\/div>\n<\/div>\n<div class=\"sponsor-wrap clear\">\n<div class=\"sponsor-logo\"><img loading=\"lazy\" class=\"alignnone wp-image-12641 size-medium\" src=\"https:\/\/lfsportevents.pl\/openfutsal2024\/wp-content\/uploads\/2024\/11\/logotyp_RTX-fabryka-okien-1-300x126.png\" alt=\"\" width=\"300\" height=\"126\" srcset=\"https:\/\/lfsportevents.pl\/openfutsal2024\/wp-content\/uploads\/2024\/11\/logotyp_RTX-fabryka-okien-1-300x126.png 300w, https:\/\/lfsportevents.pl\/openfutsal2024\/wp-content\/uploads\/2024\/11\/logotyp_RTX-fabryka-okien-1-768x322.png 768w, https:\/\/lfsportevents.pl\/openfutsal2024\/wp-content\/uploads\/2024\/11\/logotyp_RTX-fabryka-okien-1-128x54.png 128w, https:\/\/lfsportevents.pl\/openfutsal2024\/wp-content\/uploads\/2024\/11\/logotyp_RTX-fabryka-okien-1-32x13.png 32w, https:\/\/lfsportevents.pl\/openfutsal2024\/wp-content\/uploads\/2024\/11\/logotyp_RTX-fabryka-okien-1-250x105.png 250w, https:\/\/lfsportevents.pl\/openfutsal2024\/wp-content\/uploads\/2024\/11\/logotyp_RTX-fabryka-okien-1-550x230.png 550w, https:\/\/lfsportevents.pl\/openfutsal2024\/wp-content\/uploads\/2024\/11\/logotyp_RTX-fabryka-okien-1-800x335.png 800w, https:\/\/lfsportevents.pl\/openfutsal2024\/wp-content\/uploads\/2024\/11\/logotyp_RTX-fabryka-okien-1-430x180.png 430w, https:\/\/lfsportevents.pl\/openfutsal2024\/wp-content\/uploads\/2024\/11\/logotyp_RTX-fabryka-okien-1-716x300.png 716w, https:\/\/lfsportevents.pl\/openfutsal2024\/wp-content\/uploads\/2024\/11\/logotyp_RTX-fabryka-okien-1.png 852w\" sizes=\"(max-width: 300px) 100vw, 300px\" \/><\/div>\n<div class=\"sponsor-content\">\n<h2>RTX FABRYKA OKIEN<\/h2>\n<p class=\"adres\"><i class=\"fa fa-futbol-o\"><\/i><a href=\"http:\/\/rtxokna.pl\/\" target=\"_blank\" rel=\"noopener\">http:\/\/rtxokna.pl<\/a><\/p>\n<p style=\"text-align: justify;\">Jeste\u015bmy producentem wysokiej jako\u015bci okien. Chocia\u017c jeste\u015bmy m\u0142od\u0105 firm\u0105, to nasz zesp\u00f3\u0142 posiada bogate do\u015bwiadczenie w bran\u017cy, co pozwala nam na szybkie dostosowanie si\u0119 do wymaga\u0144 klient\u00f3w. Jeste\u015bmy zmotywowani i pe\u0142ni energii, aby zaoferowa\u0107 Pa\u0144stwu najwy\u017cszej jako\u015bci produkty, kt\u00f3re spe\u0142ni\u0105 Pa\u0144stwa oczekiwania i wymagania. Naszym celem jest sta\u0107 si\u0119 liderem w produkcji okien w regionie i zyska\u0107 uznanie w\u015br\u00f3d klient\u00f3w dzi\u0119ki jako\u015bci, estetyce i nowoczesnym rozwi\u0105zaniom. Przyk\u0142adamy ogromn\u0105 wag\u0119 do jako\u015bci naszych produkt\u00f3w oraz jako\u015bci obs\u0142ugi. Nasz team zawsze jest gotowy odpowiedzie\u0107 na ka\u017cde Pa\u0144stwa pytanie oraz udzieli\u0107 fachowej porady w wyborze odpowiedniego modelu okna. Zale\u017cy nam na tym, aby ka\u017cdy klient by\u0142 zadowolony z naszych produkt\u00f3w i us\u0142ug.<\/p>\n<\/div>\n<\/div>\n<div class=\"sponsor-wrap clear\">\n<div class=\"sponsor-logo\"><img loading=\"lazy\" class=\"alignnone size-full wp-image-12645\" src=\"https:\/\/lfsportevents.pl\/openfutsal2024\/wp-content\/uploads\/2024\/11\/DronaVista.jpg\" alt=\"\" width=\"296\" height=\"123\" srcset=\"https:\/\/lfsportevents.pl\/openfutsal2024\/wp-content\/uploads\/2024\/11\/DronaVista.jpg 296w, https:\/\/lfsportevents.pl\/openfutsal2024\/wp-content\/uploads\/2024\/11\/DronaVista-128x53.jpg 128w, https:\/\/lfsportevents.pl\/openfutsal2024\/wp-content\/uploads\/2024\/11\/DronaVista-32x13.jpg 32w, https:\/\/lfsportevents.pl\/openfutsal2024\/wp-content\/uploads\/2024\/11\/DronaVista-250x104.jpg 250w\" sizes=\"(max-width: 296px) 100vw, 296px\" \/><\/div>\n<div class=\"sponsor-content\">\n<h2>DRONA VISTA<\/h2>\n<p class=\"adres\"><i class=\"fa fa-futbol-o\"><\/i><a href=\"https:\/\/dronavista.pl\/pl\/\" target=\"_blank\" rel=\"noopener\">https:\/\/dronavista.pl<\/a><\/p>\n<p style=\"text-align: justify;\">Posiadamy sklep internetowy, oraz sklep stacjonarny sprzedaj\u0105cy <em>drony w Nowym S\u0105czu<\/em>. Posiadamy r\u00f3wnie\u017c\u00a0<em>serwis gwarancyjny DJI<\/em>\u00a0oraz innych producent\u00f3w dron\u00f3w,\u00a0<em>serwis sprz\u0119tu FPV i RC<\/em>. Wielk\u0105 zalet\u0105 jest w\u0142asne\u00a0<em>zaplecze projektowe oraz produkcyjne<\/em>. Wychodz\u0105c naprzeciw wymaganiom prawa lotniczego wobec os\u00f3b pilotuj\u0105cych wielowirnikowce oferujemy\u00a0<em>kompleksowe szkolenia teoretyczne<\/em>, oraz\u00a0<em>praktyczne UAV VLOS\/ BVLOS<\/em>, organizujemy\u00a0<em>egzamin pa\u0144stwowy UAV<\/em>\u00a0na miejscu w Nowym S\u0105czu. Relacjonujemy\u00a0<em>na \u017cywo imprezy masowe<\/em>. Serdecznie zapraszamy do wsp\u00f3\u0142pracy.<\/p>\n<\/div>\n<\/div>\n<div class=\"sponsor-wrap clear\">\n<div class=\"sponsor-logo\"><img loading=\"lazy\" class=\"alignnone wp-image-12644 size-medium\" src=\"https:\/\/lfsportevents.pl\/openfutsal2024\/wp-content\/uploads\/2024\/11\/Galat-300x116.jpg\" alt=\"\" width=\"300\" height=\"116\" srcset=\"https:\/\/lfsportevents.pl\/openfutsal2024\/wp-content\/uploads\/2024\/11\/Galat-300x116.jpg 300w, https:\/\/lfsportevents.pl\/openfutsal2024\/wp-content\/uploads\/2024\/11\/Galat-1024x396.jpg 1024w, https:\/\/lfsportevents.pl\/openfutsal2024\/wp-content\/uploads\/2024\/11\/Galat-768x297.jpg 768w, https:\/\/lfsportevents.pl\/openfutsal2024\/wp-content\/uploads\/2024\/11\/Galat-1536x595.jpg 1536w, https:\/\/lfsportevents.pl\/openfutsal2024\/wp-content\/uploads\/2024\/11\/Galat-2048x793.jpg 2048w, https:\/\/lfsportevents.pl\/openfutsal2024\/wp-content\/uploads\/2024\/11\/Galat-128x50.jpg 128w, https:\/\/lfsportevents.pl\/openfutsal2024\/wp-content\/uploads\/2024\/11\/Galat-32x12.jpg 32w, https:\/\/lfsportevents.pl\/openfutsal2024\/wp-content\/uploads\/2024\/11\/Galat-250x97.jpg 250w, https:\/\/lfsportevents.pl\/openfutsal2024\/wp-content\/uploads\/2024\/11\/Galat-550x213.jpg 550w, https:\/\/lfsportevents.pl\/openfutsal2024\/wp-content\/uploads\/2024\/11\/Galat-800x310.jpg 800w, https:\/\/lfsportevents.pl\/openfutsal2024\/wp-content\/uploads\/2024\/11\/Galat-465x180.jpg 465w, https:\/\/lfsportevents.pl\/openfutsal2024\/wp-content\/uploads\/2024\/11\/Galat-775x300.jpg 775w, https:\/\/lfsportevents.pl\/openfutsal2024\/wp-content\/uploads\/2024\/11\/Galat-1292x500.jpg 1292w\" sizes=\"(max-width: 300px) 100vw, 300px\" \/><\/div>\n<div class=\"sponsor-content\">\n<h2>GA\u0141AT<\/h2>\n<p class=\"adres\"><i class=\"fa fa-futbol-o\"><\/i><a href=\"http:\/\/www.galat.pl\/\" target=\"_blank\" rel=\"noopener\">http:\/\/www.galat.pl<\/a><\/p>\n<p style=\"text-align: justify;\">Od pocz\u0105tku naszej dzia\u0142alno\u015bci zajmujemy si\u0119 produkcj\u0105 oraz monta\u017cem stolarki aluminiowo-szklanej, bazuj\u0105c na rozwi\u0105zaniach jednego z najwi\u0119kszych dostawc\u00f3w system\u00f3w profili aluminiowych w Polsce \u2013 Firmy PONZIO. Dzi\u0119ki rozwojowi naszego przedsi\u0119biorstwa oraz profesjonalnej kadrze pracownik\u00f3w szybko uzyskali\u015bmy uznanie ze strony klient\u00f3w oraz bran\u017cy. Nasze produkty uzyska\u0142y liczne certyfikaty, gwarantuj\u0105ce ich sta\u0142\u0105 i wysok\u0105 jako\u015b\u0107. Du\u017ce zainteresowanie naszymi produktami sprawi\u0142o, \u017ce w listopadzie 2010 roku rozszerzyli\u015bmy swoja dzia\u0142alno\u015bci, buduj\u0105c now\u0105 hal\u0119 produkcyjn\u0105 w Nowym S\u0105czu. Powierzchnia produkcyjna zwi\u0119kszy\u0142a si\u0119 do ok 900m2. Obecnie podejmujemy dzia\u0142ania maj\u0105ce na celu zdobycie przez nasz\u0105 firm\u0119 certyfikatu ISO, zwi\u0119kszenie mo\u017cliwo\u015bci produkcyjnych oraz podwy\u017cszenie konkurencyjno\u015bci naszych produkt\u00f3w. Poza stolark\u0105 aluminiow\u0105 (okna i drzwi aluminiowe, automatyczne drzwi przesuwne itd.), znajduje si\u0119 r\u00f3wnie\u017c stolarka PCV, parapety, bramy gara\u017cowe, rolety, \u017caluzje, balustrady oraz szereg innych produkt\u00f3w.<\/p>\n<\/div>\n<\/div>\n<div class=\"sponsor-wrap clear\"><\/div>\n<div class=\"sponsor-wrap clear\">\n<div class=\"sponsor-content\">\n<p style=\"text-align: justify;\">\n<\/div>\n<\/div>\n","protected":false},"excerpt":{"rendered":"<p>Sponsor TYTULARNY www.pabud.pl PABUD Firma PABUD dzia\u0142a w bran\u017cy budowlanej od 1995 roku. Zajmujemy si\u0119 generalnym wykonawstwem inwestycji budowlanych, kompleksow\u0105 budow\u0105 dom\u00f3w jednorodzinnych oraz profesjonalnym brukarstwem. Dzia\u0142aj\u0105c na rynku od kilkunastu lat, stworzyli\u015bmy kadr\u0119 doskonale wykwalifikowanych pracownik\u00f3w. Posiadamy r\u00f3wnie\u017c doskona\u0142e zaplecze techniczne oraz niezb\u0119dne sprz\u0119ty budowlane do sprawnej i profesjonalnej realizacji zlece\u0144. Nasza firma wykonuje [&hellip;]<\/p>\n","protected":false},"author":1,"featured_media":0,"parent":0,"menu_order":0,"comment_status":"closed","ping_status":"closed","template":"","meta":[],"_links":{"self":[{"href":"https:\/\/lfsportevents.pl\/openfutsal2024\/wp-json\/wp\/v2\/pages\/286"}],"collection":[{"href":"https:\/\/lfsportevents.pl\/openfutsal2024\/wp-json\/wp\/v2\/pages"}],"about":[{"href":"https:\/\/lfsportevents.pl\/openfutsal2024\/wp-json\/wp\/v2\/types\/page"}],"author":[{"embeddable":true,"href":"https:\/\/lfsportevents.pl\/openfutsal2024\/wp-json\/wp\/v2\/users\/1"}],"replies":[{"embeddable":true,"href":"https:\/\/lfsportevents.pl\/openfutsal2024\/wp-json\/wp\/v2\/comments?post=286"}],"version-history":[{"count":2,"href":"https:\/\/lfsportevents.pl\/openfutsal2024\/wp-json\/wp\/v2\/pages\/286\/revisions"}],"predecessor-version":[{"id":12646,"href":"https:\/\/lfsportevents.pl\/openfutsal2024\/wp-json\/wp\/v2\/pages\/286\/revisions\/12646"}],"wp:attachment":[{"href":"https:\/\/lfsportevents.pl\/openfutsal2024\/wp-json\/wp\/v2\/media?parent=286"}],"curies":[{"name":"wp","href":"https:\/\/api.w.org\/{rel}","templated":true}]}}