{"id":10586,"date":"2022-11-14T12:54:39","date_gmt":"2022-11-14T11:54:39","guid":{"rendered":"https:\/\/lfsportevents.pl\/openfutsal2024\/?page_id=10586"},"modified":"2024-12-27T17:17:54","modified_gmt":"2024-12-27T16:17:54","slug":"punkty-rankingowe","status":"publish","type":"page","link":"https:\/\/lfsportevents.pl\/openfutsal2024\/turniej-mikolajkowy\/punkty-rankingowe\/","title":{"rendered":"Punkty rankingowe"},"content":{"rendered":"<p><img loading=\"lazy\" class=\"alignnone size-full wp-image-12787\" src=\"https:\/\/lfsportevents.pl\/openfutsal2024\/wp-content\/uploads\/2024\/12\/Punkty-Ranking-Klasyfikacyjny.png\" alt=\"\" width=\"1125\" height=\"679\" srcset=\"https:\/\/lfsportevents.pl\/openfutsal2024\/wp-content\/uploads\/2024\/12\/Punkty-Ranking-Klasyfikacyjny.png 1125w, https:\/\/lfsportevents.pl\/openfutsal2024\/wp-content\/uploads\/2024\/12\/Punkty-Ranking-Klasyfikacyjny-300x181.png 300w, https:\/\/lfsportevents.pl\/openfutsal2024\/wp-content\/uploads\/2024\/12\/Punkty-Ranking-Klasyfikacyjny-1024x618.png 1024w, https:\/\/lfsportevents.pl\/openfutsal2024\/wp-content\/uploads\/2024\/12\/Punkty-Ranking-Klasyfikacyjny-768x464.png 768w, https:\/\/lfsportevents.pl\/openfutsal2024\/wp-content\/uploads\/2024\/12\/Punkty-Ranking-Klasyfikacyjny-128x77.png 128w, https:\/\/lfsportevents.pl\/openfutsal2024\/wp-content\/uploads\/2024\/12\/Punkty-Ranking-Klasyfikacyjny-32x19.png 32w, https:\/\/lfsportevents.pl\/openfutsal2024\/wp-content\/uploads\/2024\/12\/Punkty-Ranking-Klasyfikacyjny-250x151.png 250w, https:\/\/lfsportevents.pl\/openfutsal2024\/wp-content\/uploads\/2024\/12\/Punkty-Ranking-Klasyfikacyjny-550x332.png 550w, https:\/\/lfsportevents.pl\/openfutsal2024\/wp-content\/uploads\/2024\/12\/Punkty-Ranking-Klasyfikacyjny-800x483.png 800w, https:\/\/lfsportevents.pl\/openfutsal2024\/wp-content\/uploads\/2024\/12\/Punkty-Ranking-Klasyfikacyjny-298x180.png 298w, https:\/\/lfsportevents.pl\/openfutsal2024\/wp-content\/uploads\/2024\/12\/Punkty-Ranking-Klasyfikacyjny-497x300.png 497w, https:\/\/lfsportevents.pl\/openfutsal2024\/wp-content\/uploads\/2024\/12\/Punkty-Ranking-Klasyfikacyjny-828x500.png 828w\" sizes=\"(max-width: 1125px) 100vw, 1125px\" \/><\/p>\n<div class=\"x11i5rnm xat24cr x1mh8g0r x1vvkbs xtlvy1s x126k92a\">\n<div dir=\"auto\"><span class=\"html-span xexx8yu x4uap5 x18d9i69 xkhd6sd x1hl2dhg x16tdsg8 x1vvkbs x3nfvp2 x1j61x8r x1fcty0u xdj266r xat24cr xgzva0m xhhsvwb xxymvpz xlup9mm x1kky2od\"><img loading=\"lazy\" class=\"xz74otr\" src=\"https:\/\/static.xx.fbcdn.net\/images\/emoji.php\/v9\/taf\/1\/16\/26bd.png\" alt=\"&#x26bd;\" width=\"16\" height=\"16\" \/><\/span> Klasyfikacja zaj\u0119tych miejsc na Turnieju \u015awi\u0105tecznym:<\/div>\n<\/div>\n<div class=\"x11i5rnm xat24cr x1mh8g0r x1vvkbs xtlvy1s x126k92a\">\n<div dir=\"auto\"><span class=\"html-span xexx8yu x4uap5 x18d9i69 xkhd6sd x1hl2dhg x16tdsg8 x1vvkbs x3nfvp2 x1j61x8r x1fcty0u xdj266r xat24cr xgzva0m xhhsvwb xxymvpz xlup9mm x1kky2od\"><img loading=\"lazy\" class=\"xz74otr\" src=\"https:\/\/static.xx.fbcdn.net\/images\/emoji.php\/v9\/t94\/1\/16\/1f947.png\" alt=\"&#x1f947;\" width=\"16\" height=\"16\" \/><\/span> 1 miejsce &#8211; OLIMP TEAM <span style=\"color: #ff0000;\">(195 pkt)<\/span><\/div>\n<div dir=\"auto\"><span class=\"html-span xexx8yu x4uap5 x18d9i69 xkhd6sd x1hl2dhg x16tdsg8 x1vvkbs x3nfvp2 x1j61x8r x1fcty0u xdj266r xat24cr xgzva0m xhhsvwb xxymvpz xlup9mm x1kky2od\"><img loading=\"lazy\" class=\"xz74otr\" src=\"https:\/\/static.xx.fbcdn.net\/images\/emoji.php\/v9\/t15\/1\/16\/1f948.png\" alt=\"&#x1f948;\" width=\"16\" height=\"16\" \/><\/span> 2 miejsce &#8211; STALUP <span style=\"color: #ff0000;\">(175 pkt)<\/span><\/div>\n<div dir=\"auto\"><span class=\"html-span xexx8yu x4uap5 x18d9i69 xkhd6sd x1hl2dhg x16tdsg8 x1vvkbs x3nfvp2 x1j61x8r x1fcty0u xdj266r xat24cr xgzva0m xhhsvwb xxymvpz xlup9mm x1kky2od\"><img loading=\"lazy\" class=\"xz74otr\" src=\"https:\/\/static.xx.fbcdn.net\/images\/emoji.php\/v9\/t96\/1\/16\/1f949.png\" alt=\"&#x1f949;\" width=\"16\" height=\"16\" \/><\/span> 3 miejsce &#8211; MAK-BUD <span style=\"color: #ff0000;\">(155 pkt)<\/span><\/div>\n<div dir=\"auto\">4 miejsce &#8211; PABUD <span style=\"color: #ff0000;\">(145 pkt)<\/span><\/div>\n<div dir=\"auto\">5 miejsce &#8211; DRINK TEAM <span style=\"color: #ff0000;\">(140 pkt)<\/span><\/div>\n<div dir=\"auto\">6 miejsce &#8211; BLACK SHEEPS <span style=\"color: #ff0000;\">(135 pkt)<\/span><\/div>\n<div dir=\"auto\">7 miejsce &#8211; LA NEPIWO <span style=\"color: #ff0000;\">(130 pkt)<\/span><\/div>\n<div dir=\"auto\">8 miejsce &#8211; ALKOBOYE <span style=\"color: #ff0000;\">(125 pkt)<\/span><\/div>\n<div dir=\"auto\">9 miejsce &#8211; GOLD TEAM\/MEBLE LOREK <span style=\"color: #ff0000;\">(120 pkt)<\/span><\/div>\n<div dir=\"auto\">10 miejsce &#8211; ROLBUD <span style=\"color: #ff0000;\">(115 pkt)<\/span><\/div>\n<div dir=\"auto\">11 miejsce &#8211; GALACTICOS TEAM <span style=\"color: #ff0000;\">(110 pkt)<\/span><\/div>\n<div dir=\"auto\">12 miejsce &#8211; KNIZ\/RESIMDO <span style=\"color: #ff0000;\">(105 pkt)<\/span><\/div>\n<div dir=\"auto\">13 miejsce &#8211; MP WALKOWER <span style=\"color: #ff0000;\">(100 pkt)<\/span><\/div>\n<div dir=\"auto\">14 miejsce &#8211; AGROM BUD TEAM <span style=\"color: #ff0000;\">(95 pkt)<\/span><\/div>\n<div dir=\"auto\">15 miejsce &#8211; BAZ PAL <span style=\"color: #ff0000;\">(90 pkt)<\/span><\/div>\n<div dir=\"auto\">16 miejsce &#8211; CZARNI NA FALI <span style=\"color: #ff0000;\">(85 pkt)<\/span><\/div>\n<div dir=\"auto\">17 miejsce &#8211; SAN ESCOBAR <span style=\"color: #ff0000;\">(80 pkt)<\/span><\/div>\n<div dir=\"auto\">18 miejsce &#8211; KKS STAVA <span style=\"color: #ff0000;\">(75 pkt)<\/span><\/div>\n<div dir=\"auto\">19 miejsce &#8211; ALEX ZAKLICZYN <span style=\"color: #ff0000;\">(70 pkt)<\/span><\/div>\n<div dir=\"auto\">20 miejsce &#8211; DOMEX STARA WIE\u015a<span style=\"color: #ff0000;\"> (65 pkt)<\/span><\/div>\n<div dir=\"auto\">21 miejsce &#8211; FIZJO FORMA <span style=\"color: #ff0000;\">(60 pkt)<\/span><\/div>\n<div dir=\"auto\">22 miejsce &#8211; BAMBO <span style=\"color: #ff0000;\">(55 pkt)<\/span><\/div>\n<div dir=\"auto\">23 miejsce &#8211; BYSEK TEAM <span style=\"color: #ff0000;\">(50 pkt)<\/span><\/div>\n<div dir=\"auto\">24 miejsce &#8211; CHLEJPIONS LEAGUE<span style=\"color: #ff0000;\"> (45 pkt)<\/span><\/div>\n<div dir=\"auto\">25 miejsce &#8211; JAKO TAKO TEAM <span style=\"color: #ff0000;\">(40 pkt)<\/span><\/div>\n<div dir=\"auto\">26 miejsce &#8211; BURKINA FASO<span style=\"color: #ff0000;\"> (35 pkt)<\/span><\/div>\n<div dir=\"auto\">27 miejsce &#8211; AJAK UNITED MIELEC <span style=\"color: #ff0000;\">(30 pkt)<\/span><\/div>\n<div dir=\"auto\">28 miejsce &#8211; ALU4U <span style=\"color: #ff0000;\">(25 pkt)<\/span><\/div>\n<div dir=\"auto\">29 miejsce &#8211; KADECI TEAM <span style=\"color: #ff0000;\">(20 pkt)<\/span><\/div>\n<div dir=\"auto\">30 miejsce &#8211; FAMILY TEAM <span style=\"color: #ff0000;\">(15 pkt)<\/span><\/div>\n<div dir=\"auto\">31 miejsce &#8211; FC KING <span style=\"color: #ff0000;\">(10 pkt)<\/span><\/div>\n<div dir=\"auto\">32 miejsce &#8211; KS NIEPODLEG\u0141O\u015aCI BOCHNIA <span style=\"color: #ff0000;\">(5 pkt)<\/span><\/div>\n<\/div>\n","protected":false},"excerpt":{"rendered":"<p>Klasyfikacja zaj\u0119tych miejsc na Turnieju \u015awi\u0105tecznym: 1 miejsce &#8211; OLIMP TEAM (195 pkt) 2 miejsce &#8211; STALUP (175 pkt) 3 miejsce &#8211; MAK-BUD (155 pkt) 4 miejsce &#8211; PABUD (145 pkt) 5 miejsce &#8211; DRINK TEAM (140 pkt) 6 miejsce &#8211; BLACK SHEEPS (135 pkt) 7 miejsce &#8211; LA NEPIWO (130 pkt) 8 miejsce &#8211; [&hellip;]<\/p>\n","protected":false},"author":1,"featured_media":0,"parent":10576,"menu_order":0,"comment_status":"closed","ping_status":"closed","template":"","meta":[],"_links":{"self":[{"href":"https:\/\/lfsportevents.pl\/openfutsal2024\/wp-json\/wp\/v2\/pages\/10586"}],"collection":[{"href":"https:\/\/lfsportevents.pl\/openfutsal2024\/wp-json\/wp\/v2\/pages"}],"about":[{"href":"https:\/\/lfsportevents.pl\/openfutsal2024\/wp-json\/wp\/v2\/types\/page"}],"author":[{"embeddable":true,"href":"https:\/\/lfsportevents.pl\/openfutsal2024\/wp-json\/wp\/v2\/users\/1"}],"replies":[{"embeddable":true,"href":"https:\/\/lfsportevents.pl\/openfutsal2024\/wp-json\/wp\/v2\/comments?post=10586"}],"version-history":[{"count":3,"href":"https:\/\/lfsportevents.pl\/openfutsal2024\/wp-json\/wp\/v2\/pages\/10586\/revisions"}],"predecessor-version":[{"id":12796,"href":"https:\/\/lfsportevents.pl\/openfutsal2024\/wp-json\/wp\/v2\/pages\/10586\/revisions\/12796"}],"up":[{"embeddable":true,"href":"https:\/\/lfsportevents.pl\/openfutsal2024\/wp-json\/wp\/v2\/pages\/10576"}],"wp:attachment":[{"href":"https:\/\/lfsportevents.pl\/openfutsal2024\/wp-json\/wp\/v2\/media?parent=10586"}],"curies":[{"name":"wp","href":"https:\/\/api.w.org\/{rel}","templated":true}]}}