{"id":10638,"date":"2022-11-14T13:04:51","date_gmt":"2022-11-14T12:04:51","guid":{"rendered":"https:\/\/lfsportevents.pl\/openfutsal2022\/?page_id=10638"},"modified":"2023-10-29T19:23:49","modified_gmt":"2023-10-29T18:23:49","slug":"punkty-rankingowe","status":"publish","type":"page","link":"https:\/\/lfsportevents.pl\/openfutsal2022\/turniej-walentynkowy\/punkty-rankingowe\/","title":{"rendered":"Punkty rankingowe"},"content":{"rendered":"<p>1 miejsce &#8211; DRINKK TEAM &#8211;<strong><span style=\"color: #993300;\"> 90 pkt<\/span><\/strong><br \/>\n2 miejsce &#8211; ALEX ZAKLICZYN &#8211; <span style=\"color: #993300;\"><strong>85\u00a0pkt<\/strong><\/span><br \/>\n3 miejsce &#8211; REPRE BARDEJOV &#8211; <strong><span style=\"color: #993300;\">80 pkt<\/span><\/strong><br \/>\n4 miejsce &#8211; AGROM WOLA &#8211; <strong><span style=\"color: #993300;\">75 pkt<\/span><\/strong><br \/>\n5 miejsce &#8211; PABUD\u00a0 &#8211; <strong><span style=\"color: #993300;\">7<\/span><span style=\"color: #993300;\">0 pkt<\/span><\/strong><br \/>\n6 miejsce &#8211; PRESTIGE HOUSE &#8211; <strong><span style=\"color: #993300;\">65 pkt<\/span><\/strong><br \/>\n7 miejsce &#8211; GOLD TEAM\/MEBLE LOREK &#8211; <strong><span style=\"color: #993300;\">60 pkt<\/span><\/strong><br \/>\n8 miejsce &#8211; DUNAJEC NOWY S\u0104CZ &#8211; <span style=\"color: #993300;\"><strong>55 pkt<\/strong><\/span><br \/>\n9 miejsce &#8211; BAZ PAL &#8211; <strong><span style=\"color: #993300;\">50 pkt<\/span><\/strong><br \/>\n10 miejsce &#8211; SAN ESCOBAR &#8211; <strong><span style=\"color: #993300;\">45 pkt<\/span><\/strong><br \/>\n11 miejsce &#8211; BYSEK TEAM &#8211; <strong><span style=\"color: #993300;\">40 pkt<\/span><\/strong><br \/>\n12 miejsce &#8211; RYTRO &#8211; <strong><span style=\"color: #993300;\">35 pkt<\/span><\/strong><br \/>\n13 miejsce &#8211; URAN &#8211; <strong><span style=\"color: #993300;\">30 pkt<\/span><\/strong><br \/>\n14 miejsce &#8211; STRZYGANIEC &#8211; <strong><span style=\"color: #993300;\">25 pkt<\/span><\/strong><br \/>\n15 miejsce &#8211; GALACTICOS TEAM &#8211; <strong><span style=\"color: #993300;\">20 pkt<\/span><\/strong><br \/>\n15 miejsce &#8211; MAK-BUD &#8211; <span style=\"color: #993300;\"><strong>15 pkt<\/strong><\/span><br \/>\n17 miejsce &#8211; DREZ-BUD D\u0141UGO\u0141\u0118KA &#8211; <span style=\"color: #993300;\"><strong>10 pkt<\/strong><\/span><br \/>\n18 miejsce &#8211; JAWORZOKI &#8211;<span style=\"color: #993300;\"><strong> 5 pkt<\/strong><\/span><\/p>\n","protected":false},"excerpt":{"rendered":"<p>1 miejsce &#8211; DRINKK TEAM &#8211; 90 pkt 2 miejsce &#8211; ALEX ZAKLICZYN &#8211; 85\u00a0pkt 3 miejsce &#8211; REPRE BARDEJOV &#8211; 80 pkt 4 miejsce &#8211; AGROM WOLA &#8211; 75 pkt 5 miejsce &#8211; PABUD\u00a0 &#8211; 70 pkt 6 miejsce &#8211; PRESTIGE HOUSE &#8211; 65 pkt 7 miejsce &#8211; GOLD TEAM\/MEBLE LOREK &#8211; 60 pkt [&hellip;]<\/p>\n","protected":false},"author":1,"featured_media":0,"parent":10628,"menu_order":0,"comment_status":"closed","ping_status":"closed","template":"","meta":[],"_links":{"self":[{"href":"https:\/\/lfsportevents.pl\/openfutsal2022\/wp-json\/wp\/v2\/pages\/10638"}],"collection":[{"href":"https:\/\/lfsportevents.pl\/openfutsal2022\/wp-json\/wp\/v2\/pages"}],"about":[{"href":"https:\/\/lfsportevents.pl\/openfutsal2022\/wp-json\/wp\/v2\/types\/page"}],"author":[{"embeddable":true,"href":"https:\/\/lfsportevents.pl\/openfutsal2022\/wp-json\/wp\/v2\/users\/1"}],"replies":[{"embeddable":true,"href":"https:\/\/lfsportevents.pl\/openfutsal2022\/wp-json\/wp\/v2\/comments?post=10638"}],"version-history":[{"count":2,"href":"https:\/\/lfsportevents.pl\/openfutsal2022\/wp-json\/wp\/v2\/pages\/10638\/revisions"}],"predecessor-version":[{"id":11750,"href":"https:\/\/lfsportevents.pl\/openfutsal2022\/wp-json\/wp\/v2\/pages\/10638\/revisions\/11750"}],"up":[{"embeddable":true,"href":"https:\/\/lfsportevents.pl\/openfutsal2022\/wp-json\/wp\/v2\/pages\/10628"}],"wp:attachment":[{"href":"https:\/\/lfsportevents.pl\/openfutsal2022\/wp-json\/wp\/v2\/media?parent=10638"}],"curies":[{"name":"wp","href":"https:\/\/api.w.org\/{rel}","templated":true}]}}