{"id":152,"date":"2015-12-20T17:09:42","date_gmt":"2015-12-20T16:09:42","guid":{"rendered":"https:\/\/lfsportevents.pl\/openfutsal\/?page_id=152"},"modified":"2016-03-18T07:35:16","modified_gmt":"2016-03-18T06:35:16","slug":"kontakt","status":"publish","type":"page","link":"https:\/\/lfsportevents.pl\/openfutsal\/kontakt\/","title":{"rendered":"Napisz do nas"},"content":{"rendered":"<div id=\"kontakt\">\n<div>\n<p>Pola oznaczone (*) s\u0105 wymagane.<\/p>\n<div role=\"form\" class=\"wpcf7\" id=\"wpcf7-f156-o1\" lang=\"pl-PL\" dir=\"ltr\">\n<div class=\"screen-reader-response\"><p role=\"status\" aria-live=\"polite\" aria-atomic=\"true\"><\/p> <ul><\/ul><\/div>\n<form action=\"\/openfutsal\/wp-json\/wp\/v2\/pages\/152#wpcf7-f156-o1\" method=\"post\" class=\"wpcf7-form init\" novalidate=\"novalidate\" data-status=\"init\">\n<div style=\"display: none;\">\n<input type=\"hidden\" name=\"_wpcf7\" value=\"156\" \/>\n<input type=\"hidden\" name=\"_wpcf7_version\" value=\"5.5.6\" \/>\n<input type=\"hidden\" name=\"_wpcf7_locale\" value=\"pl_PL\" \/>\n<input type=\"hidden\" name=\"_wpcf7_unit_tag\" value=\"wpcf7-f156-o1\" \/>\n<input type=\"hidden\" name=\"_wpcf7_container_post\" value=\"0\" \/>\n<input type=\"hidden\" name=\"_wpcf7_posted_data_hash\" value=\"\" \/>\n<\/div>\n<p>Imi\u0119 i nazwisko (*)<br \/>\n    <span class=\"wpcf7-form-control-wrap your-name\"><input type=\"text\" name=\"your-name\" value=\"\" size=\"40\" class=\"wpcf7-form-control wpcf7-text wpcf7-validates-as-required\" aria-required=\"true\" aria-invalid=\"false\" \/><\/span> <\/p>\n<p>Adres email (*)<br \/>\n    <span class=\"wpcf7-form-control-wrap your-email\"><input type=\"email\" name=\"your-email\" value=\"\" size=\"40\" class=\"wpcf7-form-control wpcf7-text wpcf7-email wpcf7-validates-as-required wpcf7-validates-as-email\" aria-required=\"true\" aria-invalid=\"false\" \/><\/span> <\/p>\n<p>Telefon<br \/>\n    <span class=\"wpcf7-form-control-wrap your-phone\"><input type=\"text\" name=\"your-phone\" value=\"\" size=\"40\" class=\"wpcf7-form-control wpcf7-text wpcf7-validates-as-required\" aria-required=\"true\" aria-invalid=\"false\" \/><\/span> <\/p>\n<p>Temat (*)<br \/>\n    <span class=\"wpcf7-form-control-wrap your-subject\"><input type=\"text\" name=\"your-subject\" value=\"\" size=\"40\" class=\"wpcf7-form-control wpcf7-text\" aria-invalid=\"false\" \/><\/span> <\/p>\n<p>Tre\u015b\u0107 wiadomo\u015bci (*)<br \/>\n    <span class=\"wpcf7-form-control-wrap your-message\"><textarea name=\"your-message\" cols=\"35\" rows=\"10\" class=\"wpcf7-form-control wpcf7-textarea\" aria-invalid=\"false\"><\/textarea><\/span> <\/p>\n<p><input type=\"submit\" value=\"Wy\u015blij\" class=\"wpcf7-form-control has-spinner wpcf7-submit\" \/><\/p>\n<div class=\"wpcf7-response-output\" aria-hidden=\"true\"><\/div><\/form><\/div>\n<\/div>\n<div>\n<div class=\"border\">\u0141ukasz Fr\u0105czek \u2013 organizator i koordynator rozgrywek<br \/>\nTel. 500-758-968<br \/>\ne-mail: biuro@lfsportevents.pl<\/div>\n<h4>Dane firmy<\/h4>\n<p><strong>\u0141F SPORT EVENTS<\/strong><br \/>\n\u0141ukasz Fr\u0105czek<br \/>\nStad\u0142a 116<br \/>\n33-386 Podegrodzie,<br \/>\nNIP: 734-342-55-01,<br \/>\nREGON 363916060<br \/>\ntel. 500758968,<br \/>\ne-mail: <a href=\"mailto:biuro@lfsportevents.pl\">biuro@lfsportevents.pl<\/a><br \/>\nKonto bankowe: ING Bank \u015al\u0105ski nr: 06 1050 1722 1000 0092 2340 9153<\/p>\n<p>&nbsp;<\/p>\n<\/div>\n<\/div>\n","protected":false},"excerpt":{"rendered":"<p>Pola oznaczone (*) s\u0105 wymagane. \u0141ukasz Fr\u0105czek \u2013 organizator i koordynator rozgrywek Tel. 500-758-968 e-mail: biuro@lfsportevents.pl Dane firmy \u0141F SPORT EVENTS \u0141ukasz Fr\u0105czek Stad\u0142a 116 33-386 Podegrodzie, NIP: 734-342-55-01, REGON 363916060 tel. 500758968, e-mail: biuro@lfsportevents.pl Konto bankowe: ING Bank \u015al\u0105ski nr: 06 1050 1722 1000 0092 2340 9153 &nbsp;<\/p>\n","protected":false},"author":1,"featured_media":0,"parent":0,"menu_order":0,"comment_status":"closed","ping_status":"closed","template":"","meta":[],"_links":{"self":[{"href":"https:\/\/lfsportevents.pl\/openfutsal\/wp-json\/wp\/v2\/pages\/152"}],"collection":[{"href":"https:\/\/lfsportevents.pl\/openfutsal\/wp-json\/wp\/v2\/pages"}],"about":[{"href":"https:\/\/lfsportevents.pl\/openfutsal\/wp-json\/wp\/v2\/types\/page"}],"author":[{"embeddable":true,"href":"https:\/\/lfsportevents.pl\/openfutsal\/wp-json\/wp\/v2\/users\/1"}],"replies":[{"embeddable":true,"href":"https:\/\/lfsportevents.pl\/openfutsal\/wp-json\/wp\/v2\/comments?post=152"}],"version-history":[{"count":2,"href":"https:\/\/lfsportevents.pl\/openfutsal\/wp-json\/wp\/v2\/pages\/152\/revisions"}],"predecessor-version":[{"id":661,"href":"https:\/\/lfsportevents.pl\/openfutsal\/wp-json\/wp\/v2\/pages\/152\/revisions\/661"}],"wp:attachment":[{"href":"https:\/\/lfsportevents.pl\/openfutsal\/wp-json\/wp\/v2\/media?parent=152"}],"curies":[{"name":"wp","href":"https:\/\/api.w.org\/{rel}","templated":true}]}}