{"id":11778,"date":"2023-10-29T22:33:27","date_gmt":"2023-10-29T21:33:27","guid":{"rendered":"https:\/\/lfsportevents.pl\/openfutsal\/?page_id=11778"},"modified":"2026-02-03T12:04:40","modified_gmt":"2026-02-03T11:04:40","slug":"wygrane-turnieje","status":"publish","type":"page","link":"https:\/\/lfsportevents.pl\/openfutsal\/wygrane-turnieje\/","title":{"rendered":"Wygrane turnieje"},"content":{"rendered":"<table width=\"438\">\n<tbody>\n<tr>\n<td width=\"59\"><span style=\"color: #993300;\"><strong>Lp<\/strong><\/span><\/td>\n<td width=\"170\"><span style=\"color: #993300;\"><strong>Nazwa dru\u017cyny<\/strong><\/span><\/td>\n<td width=\"209\"><span style=\"color: #993300;\"><strong>ilo\u015b\u0107 wygranych turniej\u00f3w<\/strong><\/span><\/td>\n<\/tr>\n<tr>\n<td width=\"59\"><span style=\"color: #993300;\"><strong>1<\/strong><\/span><\/td>\n<td style=\"text-align: left;\" width=\"170\"><span style=\"color: #993300;\">Rabatem.pl<\/span><\/td>\n<td width=\"209\">7 turniej\u00f3w<\/td>\n<\/tr>\n<tr>\n<td width=\"59\"><span style=\"color: #993300;\"><strong>2<\/strong><\/span><\/td>\n<td style=\"text-align: left;\" width=\"170\"><span style=\"color: #993300;\">Dom Weselny Sylwia<\/span><\/td>\n<td width=\"209\">6 turniej\u00f3w<\/td>\n<\/tr>\n<tr>\n<td width=\"59\"><span style=\"color: #993300;\"><strong>3<\/strong><\/span><\/td>\n<td style=\"text-align: left;\" width=\"170\"><span style=\"color: #993300;\">Olimp Team<\/span><\/td>\n<td width=\"209\">4 turnieje<\/td>\n<\/tr>\n<tr>\n<td width=\"59\"><span style=\"color: #993300;\"><strong>4<\/strong><\/span><\/td>\n<td style=\"text-align: left;\" width=\"170\"><span style=\"color: #993300;\">Alex Zakliczyn<\/span><\/td>\n<td width=\"209\">3 turnieje<\/td>\n<\/tr>\n<tr>\n<td width=\"59\"><span style=\"color: #993300;\"><strong>5<\/strong><\/span><\/td>\n<td style=\"text-align: left;\" width=\"170\"><span style=\"color: #993300;\">Mak-Bud<\/span><\/td>\n<td width=\"209\">3 turnieje<\/td>\n<\/tr>\n<tr>\n<td width=\"59\"><span style=\"color: #993300;\"><strong>6<\/strong><\/span><\/td>\n<td style=\"text-align: left;\" width=\"170\"><span style=\"color: #993300;\">Gold Team\/Meble Lorek<\/span><\/td>\n<td width=\"209\">2 turnieje<\/td>\n<\/tr>\n<tr>\n<td width=\"59\"><span style=\"color: #993300;\"><strong>7<\/strong><\/span><\/td>\n<td style=\"text-align: left;\" width=\"170\"><span style=\"color: #993300;\">Drink Team<\/span><\/td>\n<td width=\"209\">2 turnieje<\/td>\n<\/tr>\n<tr>\n<td width=\"59\"><span style=\"color: #993300;\"><strong>8<\/strong><\/span><\/td>\n<td style=\"text-align: left;\" width=\"170\"><span style=\"color: #993300;\">Konspol Holding<\/span><\/td>\n<td width=\"209\">1 turniej<\/td>\n<\/tr>\n<tr>\n<td width=\"59\"><span style=\"color: #993300;\"><strong>9<\/strong><\/span><\/td>\n<td style=\"text-align: left;\" width=\"170\"><span style=\"color: #993300;\">Meble Ogrodowe Kocemba<\/span><\/td>\n<td width=\"209\">1 turniej<\/td>\n<\/tr>\n<tr>\n<td width=\"59\"><span style=\"color: #993300;\"><strong>10<\/strong><\/span><\/td>\n<td style=\"text-align: left;\" width=\"170\"><span style=\"color: #993300;\">Family Team<\/span><\/td>\n<td width=\"209\">1 turniej<\/td>\n<\/tr>\n<tr>\n<td width=\"59\"><span style=\"color: #993300;\"><strong>11<\/strong><\/span><\/td>\n<td style=\"text-align: left;\" width=\"170\"><span style=\"color: #993300;\">StalUp<\/span><\/td>\n<td width=\"209\">1 turniej<\/td>\n<\/tr>\n<tr>\n<td width=\"59\"><span style=\"color: #993300;\"><strong>12<\/strong><\/span><\/td>\n<td style=\"text-align: left;\" width=\"170\"><span style=\"color: #993300;\">Galacticos\/Bogda\u0144ski<\/span><\/td>\n<td width=\"209\">1 turniej<\/td>\n<\/tr>\n<tr>\n<td width=\"59\"><span style=\"color: #993300;\"><strong>13<\/strong><\/span><\/td>\n<td style=\"text-align: left;\" width=\"170\"><span style=\"color: #993300;\">La Nepiwo<\/span><\/td>\n<td width=\"209\">1 turniej<\/td>\n<\/tr>\n<tr>\n<td width=\"59\"><span style=\"color: #993300;\"><strong>13<\/strong><\/span><\/td>\n<td style=\"text-align: left;\" width=\"170\"><span style=\"color: #993300;\">DG Futsal Mszana Dolna<\/span><\/td>\n<td width=\"209\">1 turniej<\/td>\n<\/tr>\n<\/tbody>\n<\/table>\n","protected":false},"excerpt":{"rendered":"<p>Lp Nazwa dru\u017cyny ilo\u015b\u0107 wygranych turniej\u00f3w 1 Rabatem.pl 7 turniej\u00f3w 2 Dom Weselny Sylwia 6 turniej\u00f3w 3 Olimp Team 4 turnieje 4 Alex Zakliczyn 3 turnieje 5 Mak-Bud 3 turnieje 6 Gold Team\/Meble Lorek 2 turnieje 7 Drink Team 2 turnieje 8 Konspol Holding 1 turniej 9 Meble Ogrodowe Kocemba 1 turniej 10 Family Team [&hellip;]<\/p>\n","protected":false},"author":1,"featured_media":0,"parent":0,"menu_order":0,"comment_status":"closed","ping_status":"closed","template":"","meta":[],"_links":{"self":[{"href":"https:\/\/lfsportevents.pl\/openfutsal\/wp-json\/wp\/v2\/pages\/11778"}],"collection":[{"href":"https:\/\/lfsportevents.pl\/openfutsal\/wp-json\/wp\/v2\/pages"}],"about":[{"href":"https:\/\/lfsportevents.pl\/openfutsal\/wp-json\/wp\/v2\/types\/page"}],"author":[{"embeddable":true,"href":"https:\/\/lfsportevents.pl\/openfutsal\/wp-json\/wp\/v2\/users\/1"}],"replies":[{"embeddable":true,"href":"https:\/\/lfsportevents.pl\/openfutsal\/wp-json\/wp\/v2\/comments?post=11778"}],"version-history":[{"count":3,"href":"https:\/\/lfsportevents.pl\/openfutsal\/wp-json\/wp\/v2\/pages\/11778\/revisions"}],"predecessor-version":[{"id":13307,"href":"https:\/\/lfsportevents.pl\/openfutsal\/wp-json\/wp\/v2\/pages\/11778\/revisions\/13307"}],"wp:attachment":[{"href":"https:\/\/lfsportevents.pl\/openfutsal\/wp-json\/wp\/v2\/media?parent=11778"}],"curies":[{"name":"wp","href":"https:\/\/api.w.org\/{rel}","templated":true}]}}