{"id":10610,"date":"2022-11-14T12:59:53","date_gmt":"2022-11-14T11:59:53","guid":{"rendered":"https:\/\/lfsportevents.pl\/openfutsal\/?page_id=10610"},"modified":"2026-01-13T13:54:02","modified_gmt":"2026-01-13T12:54:02","slug":"terminarz-wyniki","status":"publish","type":"page","link":"https:\/\/lfsportevents.pl\/openfutsal\/turniej-noworoczny\/terminarz-wyniki\/","title":{"rendered":"Terminarz \/ Wyniki"},"content":{"rendered":"<p>\u26bd <strong><span style=\"color: #993300;\">GRUPA A:<\/span><\/strong><br \/>\n1. Alex Zakliczyn (10 pkt) AWANS<br \/>\n2. MKS White Nugets (5 pkt) AWANS<br \/>\n3. WKG Korty (1 pkt)<\/p>\n<p>\u26bd <strong><span style=\"color: #993300;\">GRUPA B:<\/span><\/strong><br \/>\n1. Czarni Na Fali (8 pkt) AWANS<br \/>\n2. Galacticos\/Bogda\u0144ski (6 pkt) AWANS<br \/>\n3. Badziewiakowie (1 pkt)<\/p>\n<p><strong><span style=\"color: #993300;\">GRUPA A \u2013 GRUPA B<\/span><\/strong><br \/>\nWKG KORTY : ALEX ZAKLICZYN 0:2<br \/>\nBADZIEWIAKOWIE : CZARNI NA FALI 0:1<br \/>\nALEX ZAKLICZYN : MKS WHITE NUGETS 0:0<br \/>\nCZARNI NA FALI : GALACTICOS\/BOGDA\u0143SKI 1:1<br \/>\nMKS WHITE NUGETS : WKG KORTY 1:1<br \/>\nGALACTICOS\/BOGDA\u0143SKI : BADZIEWIAKOWIE 4:1<br \/>\nALEX ZAKLICZYN : WKG KORTY 4:0<br \/>\nCZARNI NA FALI : BADZIEWIAKOWIE 3:1<br \/>\nMKS WHITE NUGETS : ALEX ZAKLICZYN 1:4<br \/>\nGALACTICOS\/BOGDA\u0143SKI : CZARNI NA FALI 3:3<br \/>\nWKG KORTY : MKS WHITE NUGETS 0:2<br \/>\nBADZIEWIAKOWIE : GALACTICOS BOGDA\u0143SKI 1:1<\/p>\n<p>\u26bd<strong><span style=\"color: #993300;\"> GRUPA C:<\/span><\/strong><br \/>\n1. Agrom-Bud Team (8 pkt) AWANS<br \/>\n2. Instalservice (4 pkt) AWANS<br \/>\n3. Family Team (4 pkt)<\/p>\n<p>\u26bd<strong><span style=\"color: #993300;\"> GRUPA D:<\/span><\/strong><br \/>\n1. Pabud (9 pkt) AWANS<br \/>\n2. Whiskey Lovers (4 pkt) AWANS<br \/>\n3. GKS Zawisza (2 pkt)<br \/>\n4. Iron Team (1 pkt)<\/p>\n<p><strong><span style=\"color: #993300;\"> GRUPA C \u2013 GRUPA D<\/span><\/strong><br \/>\nAGROM-BUD TEAM : FAMILY TEAM 2:0<br \/>\nIRON TEAM : PABUD 1:4<br \/>\nWHISKEY LOVERS : GKS ZAWISZA 2:2<br \/>\nINSTALSERVICE : FAMILY TEAM 0:2<br \/>\nIRON TEAM : GKS ZAWISZA 2:2<br \/>\nFAMILY TEAM : AGROM-BUD TEAM 0:0<br \/>\nWHISKEY LOVERS : PABUD 1:2<br \/>\nAGROM-BUD TEAM : INSTALSERVICE 2:1<br \/>\nPABUD : GKS ZAWISZA 2:1<br \/>\nFAMILY TEAM : INSTALSERVICE 0:2<br \/>\nWHISKEY LOVERS : IRON TEAM 5:0<br \/>\nAGROM-BUD TEAM : INSTALSERVICE 0:0<\/p>\n<p>\u26bd <strong><span style=\"color: #993300;\">GRUPA E:<\/span><\/strong><br \/>\n1. DG Futsal Mszana Dolna (7 pkt) AWANS<br \/>\n2. Rolbud (5 pkt) AWANS<br \/>\n3. Tarnowiacy (3 pkt)<br \/>\n4. San Escobar (1 pkt)<\/p>\n<p>\u26bd <strong><span style=\"color: #993300;\">GRUPA F:<\/span><\/strong><br \/>\n1. Drink Team (8 pkt) AWANS<br \/>\n2. Prestige House (4 pkt) AWANS<br \/>\n3. Black Sheep (4 pkt)<\/p>\n<p><span style=\"color: #993300;\"><strong>GRUPA E \u2013 GRUPA F<\/strong><\/span><br \/>\nSAN ESCOBAR : ROLBUD 0:0<br \/>\nDG FUTSAL MSZANA DOLNA : TARNOWIACY 3:0<br \/>\nBLACK SHEEP : DRINK TEAM 1:1<br \/>\nSAN ESCOBAR : TARNOWIACY 0:5<br \/>\nPRESTIGE HOUSE : BLACK SHEEP 2:4<br \/>\nDG FUTSAL MSZANA DOLNA : ROLBUD 1:1<br \/>\nPRESTIGE HOUSE : DRINK TEAM 0:1<br \/>\nDG FUTSAL MSZANA DOLNA : SAN ESCOBAR 2:0<br \/>\nDRINK TEAM : BLACK SHEEP 1:1<br \/>\nROLBUD : TARNOWIACY 5:1<br \/>\nBLACK SHEEP : PRESTIGE HOUSE 0:2<br \/>\nPRESTIGE HOUSE : DRINK TEAM 1:1<\/p>\n<p>\u26bd <strong><span style=\"color: #993300;\">GRUPA G:<\/span><\/strong><br \/>\n1. Mak-Bud (9 pkt) AWANS<br \/>\n2. Oranjegroep Team (4 pkt) AWANS<br \/>\n3. Jumibay East (3 pkt)<br \/>\n4. Jaw-Trans\/Mo-Ri (1 pkt)<\/p>\n<div dir=\"auto\"><span class=\"html-span xexx8yu xyri2b x18d9i69 x1c1uobl x1hl2dhg x16tdsg8 x1vvkbs x3nfvp2 x1j61x8r x1fcty0u xdj266r xat24cr xm2jcoa x1mpyi22 xxymvpz xlup9mm x1kky2od\"><img loading=\"lazy\" class=\"xz74otr x15mokao x1ga7v0g x16uus16 xbiv7yw\" src=\"https:\/\/static.xx.fbcdn.net\/images\/emoji.php\/v9\/taf\/1\/16\/26bd.png\" alt=\"\u26bd\" width=\"16\" height=\"16\" \/><\/span><strong><span style=\"color: #993300;\"> GRUPA H:<\/span><\/strong><\/div>\n<div dir=\"auto\">1. Hal-Mont Bochnia (9 pkt) AWANS<\/div>\n<div dir=\"auto\">2. La Nepiwo (6 pkt) AWANS<\/div>\n<div dir=\"auto\">3. Stal-Bud (3 pkt)<\/div>\n<div dir=\"auto\">4. KKS Stava (0 pkt)<\/div>\n<p><strong><span style=\"color: #993300;\">GRUPA G \u2013 GRUPA H<\/span><\/strong><br \/>\nORANJEGROEP TEAM : JAW-TRANS\/MO-RI 1:1<br \/>\nJUMIBAU EAST : MAK-BUD 0:4<br \/>\nHAL-MONT BOCHNIA : KKS STAVA 5:0<br \/>\nLA NEPIWO : STAL-BUD 3:1<br \/>\nORANJEGROEP TEAM : MAK-BUD 0:4<br \/>\nJUMIBAU EAST : JAW-TRANS\/MO-RI 3:0<br \/>\nHAL-MONT BOCHNIA : STAL-BUD 4:3<br \/>\nLA NEPIWO : KKS STAVA 5:0<br \/>\nJUMIBAU EAST : ORANJEGROEP TEAM 1:2<br \/>\nJAW-TRANS\/MO-RI : MAK-BUD 0:3<br \/>\nKKS STAVA : STAL-BUD 0:5<br \/>\nLA NEPIWO : HAL-MONT BOCHNIA 2:3<\/p>\n<p><span style=\"color: #993300;\"><strong> PLAY OFF 1\/8<\/strong><\/span><br \/>\nALEX ZAKLICZYN \u2013 LA NEPIWO 0:2<br \/>\nCZARNI NA FALI \u2013 ORANJEGROEP TEAM 1:2<br \/>\nAGROM-BUD TEAM \u2013 PRESTIGE HOUSE 0:2<br \/>\nPABUD \u2013 ROLBUD 1:3<br \/>\nDG FUTSAL MSZANA DOLNA \u2013 WHISKEY LOVERS 4:1<br \/>\nDRINK TEAM \u2013 INSTALSERVICE 2:0<br \/>\nMAK-BUD \u2013 GALACTICOS\/BOGDA\u0143SKI 3:0<br \/>\nHAL-MONT BOCHNIA \u2013 MKS WHITE NUGETS 3:0<\/p>\n<p><span style=\"color: #993300;\"><strong> \u0106WIER\u0106FINA\u0141Y<\/strong><\/span><br \/>\nLA NEPIWO : ORANJEGROEP TEAM 2:2 (k. 1:2)<br \/>\nPRESTIGE HOUSE : ROLBUD 0:0 (k. 5:4)<br \/>\nDG FUTSAL MSZANA DOLNA : DRINK TEAM 2:1<br \/>\nMAK-BUD : HAL-MONT BOCHNIA 1:0<\/p>\n<p><strong><span style=\"color: #993300;\"> P\u00d3\u0141FINA\u0141Y<\/span><\/strong><br \/>\nORANJEGROEP TEAM : PRESTIGE HOUSE 1:2<br \/>\nDG FUTSAL MSZANA DOLNA : MAK-BUD 0:1<\/p>\n<p><strong><span style=\"color: #993300;\">MECZ O 3 MIEJSCE<\/span><\/strong><br \/>\nORANJEGROEP TEAM : DG FUTSAL MSZANA DOLNA 2:2 (k. 1:2)<\/p>\n<p><strong><span style=\"color: #993300;\"> FINA\u0141<\/span><\/strong><br \/>\nPRESTIGE HOUSE : MAK-BUD 2:3<\/p>\n","protected":false},"excerpt":{"rendered":"<p>\u26bd GRUPA A: 1. Alex Zakliczyn (10 pkt) AWANS 2. MKS White Nugets (5 pkt) AWANS 3. WKG Korty (1 pkt) \u26bd GRUPA B: 1. Czarni Na Fali (8 pkt) AWANS 2. Galacticos\/Bogda\u0144ski (6 pkt) AWANS 3. Badziewiakowie (1 pkt) GRUPA A \u2013 GRUPA B WKG KORTY : ALEX ZAKLICZYN 0:2 BADZIEWIAKOWIE : CZARNI NA [&hellip;]<\/p>\n","protected":false},"author":1,"featured_media":0,"parent":10602,"menu_order":0,"comment_status":"closed","ping_status":"closed","template":"","meta":[],"_links":{"self":[{"href":"https:\/\/lfsportevents.pl\/openfutsal\/wp-json\/wp\/v2\/pages\/10610"}],"collection":[{"href":"https:\/\/lfsportevents.pl\/openfutsal\/wp-json\/wp\/v2\/pages"}],"about":[{"href":"https:\/\/lfsportevents.pl\/openfutsal\/wp-json\/wp\/v2\/types\/page"}],"author":[{"embeddable":true,"href":"https:\/\/lfsportevents.pl\/openfutsal\/wp-json\/wp\/v2\/users\/1"}],"replies":[{"embeddable":true,"href":"https:\/\/lfsportevents.pl\/openfutsal\/wp-json\/wp\/v2\/comments?post=10610"}],"version-history":[{"count":3,"href":"https:\/\/lfsportevents.pl\/openfutsal\/wp-json\/wp\/v2\/pages\/10610\/revisions"}],"predecessor-version":[{"id":13236,"href":"https:\/\/lfsportevents.pl\/openfutsal\/wp-json\/wp\/v2\/pages\/10610\/revisions\/13236"}],"up":[{"embeddable":true,"href":"https:\/\/lfsportevents.pl\/openfutsal\/wp-json\/wp\/v2\/pages\/10602"}],"wp:attachment":[{"href":"https:\/\/lfsportevents.pl\/openfutsal\/wp-json\/wp\/v2\/media?parent=10610"}],"curies":[{"name":"wp","href":"https:\/\/api.w.org\/{rel}","templated":true}]}}