{"id":17925,"date":"2018-10-31T21:52:01","date_gmt":"2018-10-31T20:52:01","guid":{"rendered":"https:\/\/lfsportevents.pl\/ligaorlika2025\/?page_id=17925"},"modified":"2026-03-25T21:21:04","modified_gmt":"2026-03-25T20:21:04","slug":"gala","status":"publish","type":"page","link":"https:\/\/lfsportevents.pl\/ligaorlika2025\/gala\/","title":{"rendered":"Gala"},"content":{"rendered":"<h3 style=\"text-align: center;\"><strong><span style=\"color: #ff0000;\">GALA ZAKO\u0143CZENIA SUFIGS LIGI ORLIKA 2024<\/span><\/strong><\/h3>\n<h1 style=\"text-align: center;\"><strong><span style=\"color: #ff0000;\">\u00a020 WRZESIE\u0143 2025<\/span><\/strong><\/h1>\n<h3 style=\"text-align: center;\"><span style=\"color: #339966;\"><strong>HOTEL IBIS STYLES NOWY S\u0104CZ<\/strong><\/span><\/h3>\n<h3><a href=\"https:\/\/www.facebook.com\/media\/set\/?set=a.1447399229703227&amp;type=3\" target=\"_blank\" rel=\"noopener\"><span style=\"color: #993300;\">Gala Zako\u0144czenia Sufigs Ligi Orlika 2025. Cz.1 &#8211; Wr\u0119czenie nagr\u00f3d<\/span><\/a><\/h3>\n<h3><a href=\"https:\/\/www.facebook.com\/media\/set\/?set=a.1447621386347678&amp;type=3\" target=\"_blank\" rel=\"noopener\"><span style=\"color: #993300;\">Gala Zako\u0144czenia Sufigs Ligi Orlika 2025. Cz.2 &#8211; Zabawa<\/span><\/a><\/h3>\n<p>&nbsp;<\/p>\n<p>&nbsp;<\/p>\n","protected":false},"excerpt":{"rendered":"<p>GALA ZAKO\u0143CZENIA SUFIGS LIGI ORLIKA 2024 \u00a020 WRZESIE\u0143 2025 HOTEL IBIS STYLES NOWY S\u0104CZ Gala Zako\u0144czenia Sufigs Ligi Orlika 2025. Cz.1 &#8211; Wr\u0119czenie nagr\u00f3d Gala Zako\u0144czenia Sufigs Ligi Orlika 2025. Cz.2 &#8211; Zabawa &nbsp; &nbsp;<\/p>\n","protected":false},"author":1,"featured_media":0,"parent":0,"menu_order":0,"comment_status":"closed","ping_status":"closed","template":"","meta":[],"_links":{"self":[{"href":"https:\/\/lfsportevents.pl\/ligaorlika2025\/wp-json\/wp\/v2\/pages\/17925"}],"collection":[{"href":"https:\/\/lfsportevents.pl\/ligaorlika2025\/wp-json\/wp\/v2\/pages"}],"about":[{"href":"https:\/\/lfsportevents.pl\/ligaorlika2025\/wp-json\/wp\/v2\/types\/page"}],"author":[{"embeddable":true,"href":"https:\/\/lfsportevents.pl\/ligaorlika2025\/wp-json\/wp\/v2\/users\/1"}],"replies":[{"embeddable":true,"href":"https:\/\/lfsportevents.pl\/ligaorlika2025\/wp-json\/wp\/v2\/comments?post=17925"}],"version-history":[{"count":2,"href":"https:\/\/lfsportevents.pl\/ligaorlika2025\/wp-json\/wp\/v2\/pages\/17925\/revisions"}],"predecessor-version":[{"id":36715,"href":"https:\/\/lfsportevents.pl\/ligaorlika2025\/wp-json\/wp\/v2\/pages\/17925\/revisions\/36715"}],"wp:attachment":[{"href":"https:\/\/lfsportevents.pl\/ligaorlika2025\/wp-json\/wp\/v2\/media?parent=17925"}],"curies":[{"name":"wp","href":"https:\/\/api.w.org\/{rel}","templated":true}]}}