{"id":161,"date":"2015-12-20T17:42:50","date_gmt":"2015-12-20T16:42:50","guid":{"rendered":"https:\/\/lfsportevents.pl\/ligaorlika2025\/?page_id=161"},"modified":"2025-03-20T14:23:15","modified_gmt":"2025-03-20T13:23:15","slug":"o-lidze","status":"publish","type":"page","link":"https:\/\/lfsportevents.pl\/ligaorlika2025\/o-lidze\/","title":{"rendered":"O LIDZE"},"content":{"rendered":"<h5 style=\"text-align: center;\"><img loading=\"lazy\" class=\"size-full wp-image-5256 aligncenter\" src=\"https:\/\/lfsportevents.pl\/ligaorlika2025\/wp-content\/uploads\/2017\/03\/sufigs.png\" alt=\"\" width=\"749\" height=\"45\" srcset=\"https:\/\/lfsportevents.pl\/ligaorlika2025\/wp-content\/uploads\/2017\/03\/sufigs.png 749w, https:\/\/lfsportevents.pl\/ligaorlika2025\/wp-content\/uploads\/2017\/03\/sufigs-300x18.png 300w, https:\/\/lfsportevents.pl\/ligaorlika2025\/wp-content\/uploads\/2017\/03\/sufigs-128x8.png 128w, https:\/\/lfsportevents.pl\/ligaorlika2025\/wp-content\/uploads\/2017\/03\/sufigs-32x2.png 32w, https:\/\/lfsportevents.pl\/ligaorlika2025\/wp-content\/uploads\/2017\/03\/sufigs-250x15.png 250w, https:\/\/lfsportevents.pl\/ligaorlika2025\/wp-content\/uploads\/2017\/03\/sufigs-550x33.png 550w\" sizes=\"(max-width: 749px) 100vw, 749px\" \/><strong><span style=\"color: #800000;\">o Mistrzostwo Powiatu Nowos\u0105deckiego\u00a0<\/span><\/strong><\/h5>\n<p style=\"text-align: justify;\">\u00a0\u00a0\u00a0\u00a0\u00a0\u00a0\u00a0\u00a0\u00a0 Jak sama nazwa wskazuje rozgrywki s\u0142u\u017c\u0105 wy\u0142onieniu najlepszej amatorskiej dru\u017cyny w Nowos\u0105decczy\u017anie. W tym roku rozegramy ju\u017c dziesi\u0105t\u0105, jubileuszow\u0105 edycj\u0119 tych presti\u017cowych rozgrywek. Pierwszy sezon mia\u0142 miejsce w 2016 roku. Sponsorem tytularnym tych rozgrywek jest firma Sufigs, kt\u00f3ra wspiera nas od samego pocz\u0105tku ligi.<\/p>\n<p style=\"text-align: justify;\">\u00a0\u00a0\u00a0\u00a0\u00a0\u00a0\u00a0\u00a0\u00a0 W Sufigs Lidze Orlika mog\u0105 rywalizowa\u0107 dru\u017cyny 6 \u2013 osobowe (5 zawodnik\u00f3w w polu + 1 bramkarz). Rozgrywki s\u0105 w pe\u0142ni profesjonalnie zorganizowane, stworzone dla grup znajomych, firm, instytucji, szk\u00f3\u0142, student\u00f3w a przede wszystkim dla pasjonat\u00f3w pi\u0142ki no\u017cnej. W jednym s\u0142owie Liga skierowana jest do wszystkich, kt\u00f3rzy ceni\u0105 sobie ducha sportowej rywalizacji i chc\u0105 przy tym dba\u0107 o zdrowy tryb \u017cycia. Od 2016 roku w lidze wyst\u0105pi\u0142o \u0142\u0105cznie a\u017c 107 dru\u017cyny, a w tym roku dojd\u0105 kolejne nowe zespo\u0142y.<\/p>\n<p>\u00a0\u00a0\u00a0\u00a0\u00a0\u00a0\u00a0\u00a0\u00a0\u00a0 Historia i organizacja w Sufigs Ligi Orlika w poszczeg\u00f3lnych latach:<\/p>\n<ul>\n<li style=\"text-align: justify;\"><span style=\"color: #993300;\"><strong>2016<\/strong><\/span> &#8211; Pierwsza edycja <strong><span style=\"color: #993300;\">Sufigs Ligi Orlika<\/span><\/strong>, pod patronatem Starosty Marka P\u0142awiaka. Wyst\u0105pi\u0142 w niej 16 zespo\u0142\u00f3w. Zawody rozgrywano w Podegrodziu i Brzeznej (Pierwsza edycja by\u0142a bez podzia\u0142u na klasy rozgrywkowej. Odbywa\u0142a si\u0119 tylko Ekstraklasa)<\/li>\n<li style=\"text-align: justify;\"><span style=\"color: #993300;\"><strong>2017<\/strong> <\/span>\u2013 Druga edycja <strong><span style=\"color: #993300;\">Sufigs Ligi Orlika<\/span><\/strong>, pod patronatem Starosty Marka P\u0142awiaka. Wyst\u0105pi\u0142o w niej 20 zespo\u0142\u00f3w z podzia\u0142em na dwie klasy rozgrywkowe: Ekstraklas\u0119 oraz 1 Lig\u0119. Zawody rozgrywano w Podegrodziu, Brzeznej oraz Jazowsku<\/li>\n<li style=\"text-align: justify;\"><span style=\"color: #993300;\"><strong>2018<\/strong><\/span> \u2013 Trzecia edycja <strong><span style=\"color: #993300;\">Sufigs Ligi Orlik<\/span><span style=\"color: #993300;\">a<\/span><\/strong>, pod patronatem Starosty Marka P\u0142awiaka. Wyst\u0105pi\u0142o w niej 28 zespo\u0142\u00f3w z podzia\u0142em na trzy klasy rozgrywkowe: Ekstraklas\u0119, 1 Lig\u0119 oraz 2 Lig\u0119. Zawody rozgrywano w Podegrodziu, Brzeznej oraz Jazowsku.<\/li>\n<li style=\"text-align: justify;\"><span style=\"color: #993300;\"><strong>2019<\/strong><\/span> \u2013 Czwarta edycja <strong><span style=\"color: #993300;\">Sufigs Ligi Orlika<\/span><\/strong>, pod patronatem Starosty Marka Kwiatkowskiego. Wyst\u0105pi\u0142o w niej 30 zespo\u0142\u00f3w z podzia\u0142em na trzy klasy rozgrywkowe: Ekstraklas\u0119, 1 Lig\u0119 oraz 2 Lig\u0119. Zawody rozgrywano w Podegrodziu, Brzeznej oraz Jazowsku.<\/li>\n<li style=\"text-align: justify;\"><span style=\"color: #993300;\"><strong>2020<\/strong><\/span> \u2013 Piata edycja <strong><span style=\"color: #993300;\">Sufigs Ligi Orlika<\/span><\/strong>, pod patronatem Starosty Marka Kwiatkowskiego. Wyst\u0105pi\u0142o w niej 40 zespo\u0142\u00f3w z podzia\u0142em na cztery klasy rozgrywkowe: Ekstraklas\u0119, 1 Lig\u0119, 2 Lig\u0119 oraz 3 Lig\u0119. Zawody rozgrywano w Podegrodziu, Brzeznej oraz Jazowsku.<\/li>\n<li style=\"text-align: justify;\"><span style=\"color: #993300;\"><strong>2021<\/strong><\/span> \u2013 Sz\u00f3sta edycja <strong><span style=\"color: #993300;\">Sufigs Ligi Orlika<\/span><\/strong>, pod patronatem Starosty Marka Kwiatkowskiego. Wyst\u0105pi\u0142o w niej 40 zespo\u0142\u00f3w z podzia\u0142em na cztery klasy rozgrywkowe: Ekstraklas\u0119, 1 Lig\u0119, 2 Lig\u0119 oraz 3 Lig\u0119. Zawody rozgrywano w Podegrodziu, Brzeznej oraz Jazowsku.<\/li>\n<li><span style=\"color: #993300;\"><strong>2022<\/strong><\/span> \u2013 Si\u00f3dma edycja <strong><span style=\"color: #993300;\">Sufigs Ligi Orlika<\/span><\/strong>, pod patronatem Starosty Marka Kwiatkowskiego. Wyst\u0105pi\u0142o w niej 45 zespo\u0142\u00f3w z podzia\u0142em na pi\u0119\u0107 klas rozgrywkowych: Ekstraklas\u0119, 1 Lig\u0119, 2 Lig\u0119, 3 Lig\u0119 oraz Lig\u0119 Oldboy. Zawody rozgrywano w Podegrodziu, Brzeznej oraz Jazowsku.<\/li>\n<li><span style=\"color: #993300;\"><strong>2023<\/strong><\/span> \u2013 \u00d3sma edycja <strong><span style=\"color: #993300;\">Sufigs Ligi Orlika<\/span><\/strong>, pod patronatem Starosty Marka Kwiatkowskiego. Wyst\u0105pi\u0142o w niej 48 zespo\u0142\u00f3w z podzia\u0142em na pi\u0119\u0107 klas rozgrywkowych: Ekstraklas\u0119, 1 Lig\u0119, 2 Lig\u0119, 3 Lig\u0119 oraz Lig\u0119 Oldboy. Zawody rozgrywano w Podegrodziu, Brzeznej oraz Jazowsku.<\/li>\n<li><span style=\"color: #993300;\"><strong>2024<\/strong><\/span> \u2013 Dziewi\u0105ta edycja <strong><span style=\"color: #993300;\">Sufigs Ligi Orlika<\/span><\/strong>, pod patronatem Starosty Tadeusza Zaremby. Wyst\u0105pi\u0142o w niej 47 zespo\u0142\u00f3w z podzia\u0142em na pi\u0119\u0107 klas rozgrywkowych: Ekstraklas\u0119, 1 Lig\u0119, 2 Lig\u0119, 3 Lig\u0119 oraz Lig\u0119 Oldboy. Zawody rozgrywano w Podegrodziu, Brzeznej oraz Jazowsku.<\/li>\n<li><span style=\"color: #993300;\"><strong>2025<\/strong><\/span> \u2013 Dzesi\u0105ta edycja <strong><span style=\"color: #993300;\">Sufigs Ligi Orlika<\/span><\/strong>, ???<\/li>\n<\/ul>\n","protected":false},"excerpt":{"rendered":"<p>o Mistrzostwo Powiatu Nowos\u0105deckiego\u00a0 \u00a0\u00a0\u00a0\u00a0\u00a0\u00a0\u00a0\u00a0\u00a0 Jak sama nazwa wskazuje rozgrywki s\u0142u\u017c\u0105 wy\u0142onieniu najlepszej amatorskiej dru\u017cyny w Nowos\u0105decczy\u017anie. W tym roku rozegramy ju\u017c dziesi\u0105t\u0105, jubileuszow\u0105 edycj\u0119 tych presti\u017cowych rozgrywek. Pierwszy sezon mia\u0142 miejsce w 2016 roku. Sponsorem tytularnym tych rozgrywek jest firma Sufigs, kt\u00f3ra wspiera nas od samego pocz\u0105tku ligi. \u00a0\u00a0\u00a0\u00a0\u00a0\u00a0\u00a0\u00a0\u00a0 W Sufigs Lidze Orlika mog\u0105 [&hellip;]<\/p>\n","protected":false},"author":1,"featured_media":0,"parent":0,"menu_order":0,"comment_status":"closed","ping_status":"closed","template":"","meta":[],"_links":{"self":[{"href":"https:\/\/lfsportevents.pl\/ligaorlika2025\/wp-json\/wp\/v2\/pages\/161"}],"collection":[{"href":"https:\/\/lfsportevents.pl\/ligaorlika2025\/wp-json\/wp\/v2\/pages"}],"about":[{"href":"https:\/\/lfsportevents.pl\/ligaorlika2025\/wp-json\/wp\/v2\/types\/page"}],"author":[{"embeddable":true,"href":"https:\/\/lfsportevents.pl\/ligaorlika2025\/wp-json\/wp\/v2\/users\/1"}],"replies":[{"embeddable":true,"href":"https:\/\/lfsportevents.pl\/ligaorlika2025\/wp-json\/wp\/v2\/comments?post=161"}],"version-history":[{"count":2,"href":"https:\/\/lfsportevents.pl\/ligaorlika2025\/wp-json\/wp\/v2\/pages\/161\/revisions"}],"predecessor-version":[{"id":34192,"href":"https:\/\/lfsportevents.pl\/ligaorlika2025\/wp-json\/wp\/v2\/pages\/161\/revisions\/34192"}],"wp:attachment":[{"href":"https:\/\/lfsportevents.pl\/ligaorlika2025\/wp-json\/wp\/v2\/media?parent=161"}],"curies":[{"name":"wp","href":"https:\/\/api.w.org\/{rel}","templated":true}]}}