{"id":5034,"date":"2017-03-01T13:32:29","date_gmt":"2017-03-01T12:32:29","guid":{"rendered":"https:\/\/lfsportevents.pl\/ligaorlika2024\/?page_id=5034"},"modified":"2024-09-16T22:27:24","modified_gmt":"2024-09-16T20:27:24","slug":"kary","status":"publish","type":"page","link":"https:\/\/lfsportevents.pl\/ligaorlika2024\/sufigs-ekstraklasa\/kary\/","title":{"rendered":"Kary"},"content":{"rendered":"<h1 style=\"text-align: center;\"><strong><span style=\"color: #993300;\">KARY ZAWIESZENIA ZA \u017b\u00d3\u0141TE I CZERWONE KARTki<\/span><\/strong><\/h1>\n<h1 style=\"text-align: center;\"><strong><span style=\"color: #993300;\">\u00a0KARY DRU\u017bYNOWE<\/span><\/strong><\/h1>\n<h1 style=\"text-align: center;\"><strong><span style=\"color: #993300;\">KARY DYSCYPLINARNE<\/span><\/strong><\/h1>\n<ol>\n<li><strong><span style=\"color: #ff0000;\">Bartosz Serafin<\/span><\/strong> (DripShop &amp; Pakersi) &#8211; Zawieszenie na dwa lata od wszystkich rozgrywek \u0141F Sport Events z powodu nieodpowiedniego zachowania. Mo\u017cliwo\u015b\u0107 powrotu do gry 01.10.2026 r.<\/li>\n<\/ol>\n<p style=\"text-align: justify;\"><strong><span style=\"color: #993300;\">Komisja dyscyplinarna<\/span> \u2013<\/strong> \u00a0to organ kt\u00f3ry posiada w swoim sk\u0142adzie osoby decyduj\u0105ce o wysoko\u015bci kary dla dru\u017cyny, zawodnika oraz kibic\u00f3w. Komisja mo\u017ce zadecydowa\u0107 o karze indywidualnej, ale tak\u017ce zbiorowej czy te\u017c usuni\u0119ciem z rozgrywek. Cz\u0142onkowie reprezentuj\u0105cy komisj\u0119 zostali wybrani poprzez g\u0142osowanie kapitan\u00f3w. W przypadku naruszenia regulaminu b\u0105d\u017a sytuacji wyj\u0105tkowo trudnej do oceny, komisja zwo\u0142uje spotkanie by ustali\u0107 przyczyny zaistnia\u0142ej sytuacji oraz wymierzy\u0107 kar\u0119 stosown\u0105 do winy. Na og\u00f3\u0142 decyzje podejmuje organizator, lecz ewentualnie mo\u017ce wesprze\u0107 si\u0119 pomoc\u0105 komisji dyscyplinarn\u0105<\/p>\n<p><span style=\"color: #993300;\"><strong>Komisja sta\u0142a:<\/strong><\/span><\/p>\n<ol>\n<li>Organizator \u2013 <strong><span style=\"color: #993300;\">\u0141ukasz Fr\u0105czek<\/span><\/strong><\/li>\n<li>Komisarz Ligi \u2013 <strong><span style=\"color: #993300;\">Marek Og\u00f3rek<\/span><\/strong><\/li>\n<li>Przedstawiciel Ekstraklasy \u2013<\/li>\n<\/ol>\n<p><span style=\"color: #993300;\"><strong>Komisja powo\u0142ana jako \u015bwiadek (w razie potrzeby)<\/strong><\/span><\/p>\n<ol>\n<li>S\u0119dzia b\u0105d\u017a s\u0119dziowie danego spotkania<\/li>\n<li>Gospodarz obiektu Orlik w Podgrodziu<\/li>\n<\/ol>\n<p>&nbsp;<\/p>\n<h1 style=\"text-align: center;\"><\/h1>\n<p>&nbsp;<\/p>\n","protected":false},"excerpt":{"rendered":"<p>KARY ZAWIESZENIA ZA \u017b\u00d3\u0141TE I CZERWONE KARTki \u00a0KARY DRU\u017bYNOWE KARY DYSCYPLINARNE Bartosz Serafin (DripShop &amp; Pakersi) &#8211; Zawieszenie na dwa lata od wszystkich rozgrywek \u0141F Sport Events z powodu nieodpowiedniego zachowania. Mo\u017cliwo\u015b\u0107 powrotu do gry 01.10.2026 r. Komisja dyscyplinarna \u2013 \u00a0to organ kt\u00f3ry posiada w swoim sk\u0142adzie osoby decyduj\u0105ce o wysoko\u015bci kary dla dru\u017cyny, zawodnika [&hellip;]<\/p>\n","protected":false},"author":1,"featured_media":0,"parent":4982,"menu_order":0,"comment_status":"closed","ping_status":"closed","template":"","meta":[],"_links":{"self":[{"href":"https:\/\/lfsportevents.pl\/ligaorlika2024\/wp-json\/wp\/v2\/pages\/5034"}],"collection":[{"href":"https:\/\/lfsportevents.pl\/ligaorlika2024\/wp-json\/wp\/v2\/pages"}],"about":[{"href":"https:\/\/lfsportevents.pl\/ligaorlika2024\/wp-json\/wp\/v2\/types\/page"}],"author":[{"embeddable":true,"href":"https:\/\/lfsportevents.pl\/ligaorlika2024\/wp-json\/wp\/v2\/users\/1"}],"replies":[{"embeddable":true,"href":"https:\/\/lfsportevents.pl\/ligaorlika2024\/wp-json\/wp\/v2\/comments?post=5034"}],"version-history":[{"count":2,"href":"https:\/\/lfsportevents.pl\/ligaorlika2024\/wp-json\/wp\/v2\/pages\/5034\/revisions"}],"predecessor-version":[{"id":34061,"href":"https:\/\/lfsportevents.pl\/ligaorlika2024\/wp-json\/wp\/v2\/pages\/5034\/revisions\/34061"}],"up":[{"embeddable":true,"href":"https:\/\/lfsportevents.pl\/ligaorlika2024\/wp-json\/wp\/v2\/pages\/4982"}],"wp:attachment":[{"href":"https:\/\/lfsportevents.pl\/ligaorlika2024\/wp-json\/wp\/v2\/media?parent=5034"}],"curies":[{"name":"wp","href":"https:\/\/api.w.org\/{rel}","templated":true}]}}