{"id":26088,"date":"2022-03-11T09:49:19","date_gmt":"2022-03-11T08:49:19","guid":{"rendered":"https:\/\/lfsportevents.pl\/ligaorlika2023\/iii-liga-2\/video-copy\/"},"modified":"2023-09-16T13:50:22","modified_gmt":"2023-09-16T11:50:22","slug":"video","status":"publish","type":"page","link":"https:\/\/lfsportevents.pl\/ligaorlika2023\/liga-oldboy\/video\/","title":{"rendered":"Video"},"content":{"rendered":"<p><iframe loading=\"lazy\" title=\"Rejs Nowy S\u0105cz wygrywa Sufigs Lig\u0119 Oldboy 2023\" width=\"620\" height=\"349\" src=\"https:\/\/www.youtube.com\/embed\/BTstdOPIm2k?feature=oembed\" frameborder=\"0\" allow=\"accelerometer; autoplay; clipboard-write; encrypted-media; gyroscope; picture-in-picture; web-share\" allowfullscreen><\/iframe><\/p>\n<p><iframe loading=\"lazy\" title=\"Andrzej Plata (Planet Car)\" width=\"620\" height=\"349\" src=\"https:\/\/www.youtube.com\/embed\/27savd7P4nU?start=13&#038;feature=oembed\" frameborder=\"0\" allow=\"accelerometer; autoplay; clipboard-write; encrypted-media; gyroscope; picture-in-picture; web-share\" allowfullscreen><\/iframe><\/p>\n<p><iframe loading=\"lazy\" title=\"Janusz Pierzcha\u0142a (Olimp Team)\" width=\"620\" height=\"349\" src=\"https:\/\/www.youtube.com\/embed\/RVsgnfZJZD4?start=12&#038;feature=oembed\" frameborder=\"0\" allow=\"accelerometer; autoplay; clipboard-write; encrypted-media; gyroscope; picture-in-picture; web-share\" allowfullscreen><\/iframe><\/p>\n<p><iframe loading=\"lazy\" title=\"Witold Janisz (Mar-Hom)\" width=\"620\" height=\"349\" src=\"https:\/\/www.youtube.com\/embed\/c0u5MS2RCSg?start=10&#038;feature=oembed\" frameborder=\"0\" allow=\"accelerometer; autoplay; clipboard-write; encrypted-media; gyroscope; picture-in-picture; web-share\" allowfullscreen><\/iframe><\/p>\n<p><iframe loading=\"lazy\" title=\"Dariusz Jarek (Oldboje \u0141\u0105cko)\" width=\"620\" height=\"349\" src=\"https:\/\/www.youtube.com\/embed\/rlFngNJ6FMg?start=10&#038;feature=oembed\" frameborder=\"0\" allow=\"accelerometer; autoplay; clipboard-write; encrypted-media; gyroscope; picture-in-picture; web-share\" allowfullscreen><\/iframe><\/p>\n<p><iframe loading=\"lazy\" title=\"Pawe\u0142 Glapi\u0144ski (Gorc Ochotnica)\" width=\"620\" height=\"349\" src=\"https:\/\/www.youtube.com\/embed\/ekGZ5EkXyME?start=7&#038;feature=oembed\" frameborder=\"0\" allow=\"accelerometer; autoplay; clipboard-write; encrypted-media; gyroscope; picture-in-picture; web-share\" allowfullscreen><\/iframe><\/p>\n<p><iframe loading=\"lazy\" title=\"Arkadiusz Twardy (Bruno)\" width=\"620\" height=\"349\" src=\"https:\/\/www.youtube.com\/embed\/FvLgM3yN3H8?feature=oembed\" frameborder=\"0\" allow=\"accelerometer; autoplay; clipboard-write; encrypted-media; gyroscope; picture-in-picture; web-share\" allowfullscreen><\/iframe><\/p>\n<p><iframe loading=\"lazy\" title=\"Jan Mr\u00f3wka (Oldboje \u0141\u0105cko)\" width=\"620\" height=\"349\" src=\"https:\/\/www.youtube.com\/embed\/vRSBiaRgN9g?start=68&#038;feature=oembed\" frameborder=\"0\" allow=\"accelerometer; autoplay; clipboard-write; encrypted-media; gyroscope; picture-in-picture; web-share\" allowfullscreen><\/iframe><\/p>\n<p><iframe loading=\"lazy\" title=\"Andrzej Plata (Planet Car)\" width=\"620\" height=\"349\" src=\"https:\/\/www.youtube.com\/embed\/Gn0v6Bq5k9I?feature=oembed\" frameborder=\"0\" allow=\"accelerometer; autoplay; clipboard-write; encrypted-media; gyroscope; picture-in-picture; web-share\" allowfullscreen><\/iframe><\/p>\n<p><iframe loading=\"lazy\" title=\"Krzysztof Mirek (Olimp Team Oldboys)\" width=\"620\" height=\"349\" src=\"https:\/\/www.youtube.com\/embed\/9PJU8YJ3Xv0?feature=oembed\" frameborder=\"0\" allow=\"accelerometer; autoplay; clipboard-write; encrypted-media; gyroscope; picture-in-picture; web-share\" allowfullscreen><\/iframe><\/p>\n<p><iframe loading=\"lazy\" title=\"\u0141ukasz Krzak (Bruno)\" width=\"620\" height=\"349\" src=\"https:\/\/www.youtube.com\/embed\/h1C9HWe0Mcc?start=6&#038;feature=oembed\" frameborder=\"0\" allow=\"accelerometer; autoplay; clipboard-write; encrypted-media; gyroscope; picture-in-picture; web-share\" allowfullscreen><\/iframe><\/p>\n<p><iframe loading=\"lazy\" title=\"Mateusz Polak (Gorc Ochotnica)\" width=\"620\" height=\"349\" src=\"https:\/\/www.youtube.com\/embed\/r0zVepmUrtY?feature=oembed\" frameborder=\"0\" allow=\"accelerometer; autoplay; clipboard-write; encrypted-media; gyroscope; picture-in-picture; web-share\" allowfullscreen><\/iframe><\/p>\n<p><iframe loading=\"lazy\" title=\"Adam Wysowski (Rejs Nowy S\u0105cz)\" width=\"620\" height=\"349\" src=\"https:\/\/www.youtube.com\/embed\/ylx0NzPm71M?feature=oembed\" frameborder=\"0\" allow=\"accelerometer; autoplay; clipboard-write; encrypted-media; gyroscope; picture-in-picture; web-share\" allowfullscreen><\/iframe><\/p>\n<p><iframe loading=\"lazy\" title=\"Grzegorz Dziadu\u0142a (Mar-Hom)\" width=\"620\" height=\"349\" src=\"https:\/\/www.youtube.com\/embed\/4F8wy8wWxsM?feature=oembed\" frameborder=\"0\" allow=\"accelerometer; autoplay; clipboard-write; encrypted-media; gyroscope; picture-in-picture; web-share\" allowfullscreen><\/iframe><\/p>\n<p><iframe loading=\"lazy\" title=\"Aleksander Mrzyg\u0142\u00f3d (Planet Car)\" width=\"620\" height=\"349\" src=\"https:\/\/www.youtube.com\/embed\/H7eTanGwmU0?feature=oembed\" frameborder=\"0\" allow=\"accelerometer; autoplay; clipboard-write; encrypted-media; gyroscope; picture-in-picture; web-share\" allowfullscreen><\/iframe><\/p>\n<p><iframe loading=\"lazy\" title=\"Dawid Ko\u0142odziej (Mar-Hom)\" width=\"620\" height=\"349\" src=\"https:\/\/www.youtube.com\/embed\/5LfYYkqXERk?feature=oembed\" frameborder=\"0\" allow=\"accelerometer; autoplay; clipboard-write; encrypted-media; gyroscope; picture-in-picture; web-share\" allowfullscreen><\/iframe><\/p>\n<p><iframe loading=\"lazy\" title=\"Wojciech Le\u015bniak (Oldboje \u0141\u0105cko)\" width=\"620\" height=\"349\" src=\"https:\/\/www.youtube.com\/embed\/D58vTJTFewA?feature=oembed\" frameborder=\"0\" allow=\"accelerometer; autoplay; clipboard-write; encrypted-media; gyroscope; picture-in-picture; web-share\" allowfullscreen><\/iframe><\/p>\n<p><iframe loading=\"lazy\" title=\"Tadeusz Olchawa (Olimp Team Oldboys)\" width=\"620\" height=\"349\" src=\"https:\/\/www.youtube.com\/embed\/4CiS2D2bkzE?feature=oembed\" frameborder=\"0\" allow=\"accelerometer; autoplay; clipboard-write; encrypted-media; gyroscope; picture-in-picture; web-share\" allowfullscreen><\/iframe><\/p>\n<p><iframe loading=\"lazy\" title=\"Rafa\u0142 Smole\u0144 (Rejs Nowy S\u0105cz)\" width=\"620\" height=\"349\" src=\"https:\/\/www.youtube.com\/embed\/IkVcAo67Q8k?feature=oembed\" frameborder=\"0\" allow=\"accelerometer; autoplay; clipboard-write; encrypted-media; gyroscope; picture-in-picture; web-share\" allowfullscreen><\/iframe><\/p>\n<p><iframe loading=\"lazy\" title=\"Andrzej Kumor (Techbis The Reds)\" width=\"620\" height=\"349\" src=\"https:\/\/www.youtube.com\/embed\/55QWzkYvy48?feature=oembed\" frameborder=\"0\" allow=\"accelerometer; autoplay; clipboard-write; encrypted-media; gyroscope; picture-in-picture; web-share\" allowfullscreen><\/iframe><\/p>\n<p><iframe loading=\"lazy\" title=\"Janusz Pierzcha\u0142a (Olimp Team Oldboys)\" width=\"620\" height=\"349\" src=\"https:\/\/www.youtube.com\/embed\/xCIJfuw4fGY?feature=oembed\" frameborder=\"0\" allow=\"accelerometer; autoplay; clipboard-write; encrypted-media; gyroscope; picture-in-picture; web-share\" allowfullscreen><\/iframe><\/p>\n<p><iframe loading=\"lazy\" title=\"Andrzej Dro\u017cd\u017c (Mar-Hom)\" width=\"620\" height=\"349\" src=\"https:\/\/www.youtube.com\/embed\/wqg2WGVpqQI?feature=oembed\" frameborder=\"0\" allow=\"accelerometer; autoplay; clipboard-write; encrypted-media; gyroscope; picture-in-picture; web-share\" allowfullscreen><\/iframe><\/p>\n<p><iframe loading=\"lazy\" title=\"Robert Talar (Rejs Nowy S\u0105cz)\" width=\"620\" height=\"349\" src=\"https:\/\/www.youtube.com\/embed\/fpNnNjfwEOs?feature=oembed\" frameborder=\"0\" allow=\"accelerometer; autoplay; clipboard-write; encrypted-media; gyroscope; picture-in-picture; web-share\" allowfullscreen><\/iframe><\/p>\n<p><iframe loading=\"lazy\" title=\"S\u0142awomir Dada\u0142 (Bruno)\" width=\"620\" height=\"349\" src=\"https:\/\/www.youtube.com\/embed\/NMvyMDnCjCA?feature=oembed\" frameborder=\"0\" allow=\"accelerometer; autoplay; clipboard-write; encrypted-media; gyroscope; picture-in-picture; web-share\" allowfullscreen><\/iframe><\/p>\n<p><iframe loading=\"lazy\" title=\"Witold Majerski (Oldboje \u0141\u0105cko)\" width=\"620\" height=\"349\" src=\"https:\/\/www.youtube.com\/embed\/nyd9N08w0Cg?feature=oembed\" frameborder=\"0\" allow=\"accelerometer; autoplay; clipboard-write; encrypted-media; gyroscope; picture-in-picture; web-share\" allowfullscreen><\/iframe><\/p>\n<p><iframe loading=\"lazy\" title=\"\u0141ukasz Kij (Techbis The Reds)\" width=\"620\" height=\"349\" src=\"https:\/\/www.youtube.com\/embed\/U4-0s93VGlg?feature=oembed\" frameborder=\"0\" allow=\"accelerometer; autoplay; clipboard-write; encrypted-media; gyroscope; picture-in-picture; web-share\" allowfullscreen><\/iframe><\/p>\n<p><iframe loading=\"lazy\" title=\"Mateusz Polak (Gorc Ochotnica)\" width=\"620\" height=\"349\" src=\"https:\/\/www.youtube.com\/embed\/Wm2iJyU_9Mo?feature=oembed\" frameborder=\"0\" allow=\"accelerometer; autoplay; clipboard-write; encrypted-media; gyroscope; picture-in-picture; web-share\" allowfullscreen><\/iframe><\/p>\n<p><iframe loading=\"lazy\" title=\"Wojciech Le\u015bniak (Oldboje \u0141\u0105cko)\" width=\"620\" height=\"349\" src=\"https:\/\/www.youtube.com\/embed\/mzXfEQfAikg?feature=oembed\" frameborder=\"0\" allow=\"accelerometer; autoplay; clipboard-write; encrypted-media; gyroscope; picture-in-picture; web-share\" allowfullscreen><\/iframe><\/p>\n<p><iframe loading=\"lazy\" title=\"Mariusz Dziedzina (Rejs Nowy S\u0105cz)\" width=\"620\" height=\"349\" src=\"https:\/\/www.youtube.com\/embed\/c1D3he5JNyw?feature=oembed\" frameborder=\"0\" allow=\"accelerometer; autoplay; clipboard-write; encrypted-media; gyroscope; picture-in-picture; web-share\" allowfullscreen><\/iframe><\/p>\n<p><iframe loading=\"lazy\" title=\"Andrzej Plata (Planet Car)\" width=\"620\" height=\"349\" src=\"https:\/\/www.youtube.com\/embed\/V9NqXhd7qdA?feature=oembed\" frameborder=\"0\" allow=\"accelerometer; autoplay; clipboard-write; encrypted-media; gyroscope; picture-in-picture; web-share\" allowfullscreen><\/iframe><\/p>\n<p><iframe loading=\"lazy\" title=\"Marek Starski (Techbis The Reds)\" width=\"620\" height=\"349\" src=\"https:\/\/www.youtube.com\/embed\/wBPQlGV5l9w?feature=oembed\" frameborder=\"0\" allow=\"accelerometer; autoplay; clipboard-write; encrypted-media; gyroscope; picture-in-picture; web-share\" allowfullscreen><\/iframe><\/p>\n<p><iframe loading=\"lazy\" title=\"\u0141ukasz Kutwa (Olimp Team Oldboys)\" width=\"620\" height=\"349\" src=\"https:\/\/www.youtube.com\/embed\/6zn1aVF0hs4?feature=oembed\" frameborder=\"0\" allow=\"accelerometer; autoplay; clipboard-write; encrypted-media; gyroscope; picture-in-picture; web-share\" allowfullscreen><\/iframe><\/p>\n<p><iframe loading=\"lazy\" title=\"Aleksander Mrzyg\u0142\u00f3d (Planet Car)\" width=\"620\" height=\"349\" src=\"https:\/\/www.youtube.com\/embed\/fbatm2dbowg?feature=oembed\" frameborder=\"0\" allow=\"accelerometer; autoplay; clipboard-write; encrypted-media; gyroscope; picture-in-picture; web-share\" allowfullscreen><\/iframe><\/p>\n<p><iframe loading=\"lazy\" title=\"Witold Janisz (Mar-Hom)\" width=\"620\" height=\"349\" src=\"https:\/\/www.youtube.com\/embed\/brFjf2Fcmbk?feature=oembed\" frameborder=\"0\" allow=\"accelerometer; autoplay; clipboard-write; encrypted-media; gyroscope; picture-in-picture; web-share\" allowfullscreen><\/iframe><\/p>\n<p><iframe loading=\"lazy\" title=\"Tadeusz Zasadni (Olimp Team Oldboys)\" width=\"620\" height=\"349\" src=\"https:\/\/www.youtube.com\/embed\/_zCsXr3DXvM?feature=oembed\" frameborder=\"0\" allow=\"accelerometer; autoplay; clipboard-write; encrypted-media; gyroscope; picture-in-picture; web-share\" allowfullscreen><\/iframe><\/p>\n<p><iframe loading=\"lazy\" title=\"Piotr Bielak (Bruno)\" width=\"620\" height=\"349\" src=\"https:\/\/www.youtube.com\/embed\/vdwXuwxFA2Y?feature=oembed\" frameborder=\"0\" allow=\"accelerometer; autoplay; clipboard-write; encrypted-media; gyroscope; picture-in-picture; web-share\" allowfullscreen><\/iframe><\/p>\n<p><iframe loading=\"lazy\" title=\"Piotr Dynia (Gorc Ochotnica)\" width=\"620\" height=\"349\" src=\"https:\/\/www.youtube.com\/embed\/M8QGzk7Xr98?feature=oembed\" frameborder=\"0\" allow=\"accelerometer; autoplay; clipboard-write; encrypted-media; gyroscope; picture-in-picture; web-share\" allowfullscreen><\/iframe><\/p>\n<p><iframe loading=\"lazy\" title=\"Dariusz Jarek (Oldboje \u0141\u0105cko)\" width=\"620\" height=\"349\" src=\"https:\/\/www.youtube.com\/embed\/G54-fZaAAgE?feature=oembed\" frameborder=\"0\" allow=\"accelerometer; autoplay; clipboard-write; encrypted-media; gyroscope; picture-in-picture; web-share\" allowfullscreen><\/iframe><\/p>\n<p><iframe loading=\"lazy\" title=\"\u0141ukasz Trojan (Techbis The Reds)\" width=\"620\" height=\"349\" src=\"https:\/\/www.youtube.com\/embed\/auXhFji4ZGg?feature=oembed\" frameborder=\"0\" allow=\"accelerometer; autoplay; clipboard-write; encrypted-media; gyroscope; picture-in-picture; web-share\" allowfullscreen><\/iframe><\/p>\n<p><iframe loading=\"lazy\" title=\"Mariusz Dziedzina (Rejs Nowy S\u0105cz)\" width=\"620\" height=\"349\" src=\"https:\/\/www.youtube.com\/embed\/oDCmfQOSTwg?feature=oembed\" frameborder=\"0\" allow=\"accelerometer; autoplay; clipboard-write; encrypted-media; gyroscope; picture-in-picture; web-share\" allowfullscreen><\/iframe><\/p>\n<p>&nbsp;<\/p>\n","protected":false},"excerpt":{"rendered":"<p>&nbsp;<\/p>\n","protected":false},"author":1,"featured_media":0,"parent":26060,"menu_order":0,"comment_status":"closed","ping_status":"closed","template":"","meta":[],"_links":{"self":[{"href":"https:\/\/lfsportevents.pl\/ligaorlika2023\/wp-json\/wp\/v2\/pages\/26088"}],"collection":[{"href":"https:\/\/lfsportevents.pl\/ligaorlika2023\/wp-json\/wp\/v2\/pages"}],"about":[{"href":"https:\/\/lfsportevents.pl\/ligaorlika2023\/wp-json\/wp\/v2\/types\/page"}],"author":[{"embeddable":true,"href":"https:\/\/lfsportevents.pl\/ligaorlika2023\/wp-json\/wp\/v2\/users\/1"}],"replies":[{"embeddable":true,"href":"https:\/\/lfsportevents.pl\/ligaorlika2023\/wp-json\/wp\/v2\/comments?post=26088"}],"version-history":[{"count":2,"href":"https:\/\/lfsportevents.pl\/ligaorlika2023\/wp-json\/wp\/v2\/pages\/26088\/revisions"}],"predecessor-version":[{"id":31516,"href":"https:\/\/lfsportevents.pl\/ligaorlika2023\/wp-json\/wp\/v2\/pages\/26088\/revisions\/31516"}],"up":[{"embeddable":true,"href":"https:\/\/lfsportevents.pl\/ligaorlika2023\/wp-json\/wp\/v2\/pages\/26060"}],"wp:attachment":[{"href":"https:\/\/lfsportevents.pl\/ligaorlika2023\/wp-json\/wp\/v2\/media?parent=26088"}],"curies":[{"name":"wp","href":"https:\/\/api.w.org\/{rel}","templated":true}]}}