{"id":18889,"date":"2019-04-30T13:51:42","date_gmt":"2019-04-30T11:51:42","guid":{"rendered":"https:\/\/lfsportevents.pl\/ligaorlika2023\/?page_id=18889"},"modified":"2023-03-22T22:12:37","modified_gmt":"2023-03-22T21:12:37","slug":"zlota-karta","status":"publish","type":"page","link":"https:\/\/lfsportevents.pl\/ligaorlika2023\/zlota-karta\/","title":{"rendered":"Z\u0142ota Karta"},"content":{"rendered":"<div>\n<p style=\"text-align: justify;\">Dzi\u0119ki wsp\u00f3\u0142pracy firmy \u0141F Sport Events z firm\u0105 Sufigs, ka\u017cdy uczestnik Sufigs Ligi Orlika w sezonie 2023, mo\u017ce dosta\u0107 <strong><span style=\"color: #993300;\">Z\u0141OT\u0104 KART\u0118<\/span><\/strong> rabatow\u0105 na zakupy w markecie <strong><span style=\"color: #ff0000;\">MR\u00d3WKA w Podrzeczu, Tarnowie i Zakliczynie<\/span><\/strong>. Z\u0142ota karta obliguje do zni\u017cki 5% na zakupy w wybranych sklepach.<\/p>\n<p style=\"text-align: justify;\">Jak zdoby\u0107 kart\u0119? Wystarczy \u017ce jeste\u015b uczestnikiem Sufigs Ligi Orlika 2023 i wype\u0142nisz poni\u017cszy formularz. Napisz imi\u0119 i nazwisko, adres mail, telefon, w temacie prosimy napisa\u0107 z\u0142ota karta, natomiast w tre\u015bci dat\u0119 urodzenia. <span style=\"color: #993300;\"><strong>TYLE:)\u00a0<\/strong><\/span><\/p>\n<p style=\"text-align: justify;\">Je\u015bli tylko dostaniemy zg\u0142oszenie ch\u0119ci odebrania z\u0142otej karty, organizator sprawdzi czy taki zawodnik uczestniczy w tym sezonie Sufigs Ligi Orlika, a nast\u0119pnie przydzieli z\u0142ot\u0105 kart\u0119 zainteresowanej osobie.<\/p>\n<p>Pola oznaczone (*) s\u0105 wymagane.<\/p>\n<div role=\"form\" class=\"wpcf7\" id=\"wpcf7-f156-o1\" lang=\"pl-PL\" dir=\"ltr\">\n<div class=\"screen-reader-response\"><p role=\"status\" aria-live=\"polite\" aria-atomic=\"true\"><\/p> <ul><\/ul><\/div>\n<form action=\"\/ligaorlika2023\/wp-json\/wp\/v2\/pages\/18889#wpcf7-f156-o1\" method=\"post\" class=\"wpcf7-form init\" novalidate=\"novalidate\" data-status=\"init\">\n<div style=\"display: none;\">\n<input type=\"hidden\" name=\"_wpcf7\" value=\"156\" \/>\n<input type=\"hidden\" name=\"_wpcf7_version\" value=\"5.5.6\" \/>\n<input type=\"hidden\" name=\"_wpcf7_locale\" value=\"pl_PL\" \/>\n<input type=\"hidden\" name=\"_wpcf7_unit_tag\" value=\"wpcf7-f156-o1\" \/>\n<input type=\"hidden\" name=\"_wpcf7_container_post\" value=\"0\" \/>\n<input type=\"hidden\" name=\"_wpcf7_posted_data_hash\" value=\"\" \/>\n<\/div>\n<p>Imi\u0119 i nazwisko (*)<br \/>\n    <span class=\"wpcf7-form-control-wrap your-name\"><input type=\"text\" name=\"your-name\" value=\"\" size=\"40\" class=\"wpcf7-form-control wpcf7-text wpcf7-validates-as-required\" aria-required=\"true\" aria-invalid=\"false\" \/><\/span> <\/p>\n<p>Adres email (*)<br \/>\n    <span class=\"wpcf7-form-control-wrap your-email\"><input type=\"email\" name=\"your-email\" value=\"\" size=\"40\" class=\"wpcf7-form-control wpcf7-text wpcf7-email wpcf7-validates-as-required wpcf7-validates-as-email\" aria-required=\"true\" aria-invalid=\"false\" \/><\/span> <\/p>\n<p>Telefon<br \/>\n    <span class=\"wpcf7-form-control-wrap your-phone\"><input type=\"text\" name=\"your-phone\" value=\"\" size=\"40\" class=\"wpcf7-form-control wpcf7-text wpcf7-validates-as-required\" aria-required=\"true\" aria-invalid=\"false\" \/><\/span> <\/p>\n<p>Temat (*)<br \/>\n    <span class=\"wpcf7-form-control-wrap your-subject\"><input type=\"text\" name=\"your-subject\" value=\"\" size=\"40\" class=\"wpcf7-form-control wpcf7-text\" aria-invalid=\"false\" \/><\/span> <\/p>\n<p>Tre\u015b\u0107 wiadomo\u015bci (*)<br \/>\n    <span class=\"wpcf7-form-control-wrap your-message\"><textarea name=\"your-message\" cols=\"35\" rows=\"10\" class=\"wpcf7-form-control wpcf7-textarea\" aria-invalid=\"false\"><\/textarea><\/span> <\/p>\n<p><input type=\"submit\" value=\"Wy\u015blij\" class=\"wpcf7-form-control has-spinner wpcf7-submit\" \/><\/p>\n<div class=\"wpcf7-response-output\" aria-hidden=\"true\"><\/div><\/form><\/div>\n<\/div>\n<div>\n<div class=\"border\">\u0141ukasz Fr\u0105czek \u2013 organizator i koordynator rozgrywek<br \/>\nTel. 500-758-968<br \/>\ne-mail: biuro@lfsportevents.pl<\/div>\n<div><\/div>\n<\/div>\n","protected":false},"excerpt":{"rendered":"<p>Dzi\u0119ki wsp\u00f3\u0142pracy firmy \u0141F Sport Events z firm\u0105 Sufigs, ka\u017cdy uczestnik Sufigs Ligi Orlika w sezonie 2023, mo\u017ce dosta\u0107 Z\u0141OT\u0104 KART\u0118 rabatow\u0105 na zakupy w markecie MR\u00d3WKA w Podrzeczu, Tarnowie i Zakliczynie. Z\u0142ota karta obliguje do zni\u017cki 5% na zakupy w wybranych sklepach. Jak zdoby\u0107 kart\u0119? Wystarczy \u017ce jeste\u015b uczestnikiem Sufigs Ligi Orlika 2023 i [&hellip;]<\/p>\n","protected":false},"author":1,"featured_media":0,"parent":0,"menu_order":0,"comment_status":"closed","ping_status":"closed","template":"","meta":[],"_links":{"self":[{"href":"https:\/\/lfsportevents.pl\/ligaorlika2023\/wp-json\/wp\/v2\/pages\/18889"}],"collection":[{"href":"https:\/\/lfsportevents.pl\/ligaorlika2023\/wp-json\/wp\/v2\/pages"}],"about":[{"href":"https:\/\/lfsportevents.pl\/ligaorlika2023\/wp-json\/wp\/v2\/types\/page"}],"author":[{"embeddable":true,"href":"https:\/\/lfsportevents.pl\/ligaorlika2023\/wp-json\/wp\/v2\/users\/1"}],"replies":[{"embeddable":true,"href":"https:\/\/lfsportevents.pl\/ligaorlika2023\/wp-json\/wp\/v2\/comments?post=18889"}],"version-history":[{"count":3,"href":"https:\/\/lfsportevents.pl\/ligaorlika2023\/wp-json\/wp\/v2\/pages\/18889\/revisions"}],"predecessor-version":[{"id":28970,"href":"https:\/\/lfsportevents.pl\/ligaorlika2023\/wp-json\/wp\/v2\/pages\/18889\/revisions\/28970"}],"wp:attachment":[{"href":"https:\/\/lfsportevents.pl\/ligaorlika2023\/wp-json\/wp\/v2\/media?parent=18889"}],"curies":[{"name":"wp","href":"https:\/\/api.w.org\/{rel}","templated":true}]}}