{"id":20654,"date":"2021-09-28T13:09:12","date_gmt":"2021-09-28T11:09:12","guid":{"rendered":"https:\/\/lfsportevents.pl\/ligafutsalu2024\/?page_id=20654"},"modified":"2025-01-21T13:29:54","modified_gmt":"2025-01-21T12:29:54","slug":"rekordy-pucharu-ligi","status":"publish","type":"page","link":"https:\/\/lfsportevents.pl\/ligafutsalu2024\/rekordy-pucharu-ligi\/","title":{"rendered":"Rekordy Pucharu Ligi"},"content":{"rendered":"<header class=\"entry-header\">\n<h4 class=\"sp-table-caption\">NAJWY\u017bSZE zwyci\u0119stwa:<\/h4>\n<\/header>\n<div class=\"entry-content\">\n<div class=\"sportspress\">\n<div class=\"sp-template sp-template-event-list\">\n<div class=\"sp-table-wrapper\">\n<div class=\"dataTables_wrapper no-footer\">\n<div class=\"sp-scrollable-table-wrapper\">\n<div class=\"sp-scrollable-table-wrapper\">\n<table width=\"665\">\n<tbody>\n<tr>\n<td width=\"49\"><strong><span style=\"color: #993300;\">Lp.<\/span><\/strong><\/td>\n<td width=\"155\"><strong><span style=\"color: #993300;\">Data<\/span><\/strong><\/td>\n<td width=\"317\"><strong><span style=\"color: #993300;\">Mecz<\/span><\/strong><\/td>\n<td width=\"144\"><strong><span style=\"color: #993300;\">Wynik<\/span><\/strong><\/td>\n<\/tr>\n<tr>\n<td width=\"49\"><strong><span style=\"color: #993300;\">1.<\/span><\/strong><\/td>\n<td width=\"155\">2 listopad 2023<\/td>\n<td width=\"317\">Trade &#8211; Protel<\/td>\n<td width=\"144\">14:0 (4:0) + 14 goli<\/td>\n<\/tr>\n<tr>\n<td width=\"49\"><strong><span style=\"color: #993300;\">2.<\/span><\/strong><\/td>\n<td width=\"155\">24 stycze\u0144 2019<\/td>\n<td width=\"317\">Gold Team\/Meble Lorek &#8211; Batimowcy<\/td>\n<td width=\"144\">12:0 (6:0) +12 goli<\/td>\n<\/tr>\n<tr>\n<td width=\"49\"><strong><span style=\"color: #993300;\">3.<\/span><\/strong><\/td>\n<td width=\"155\">24 stycze\u0144 2019<\/td>\n<td width=\"317\">Notus Finanse &#8211; Tradycja Fabryka Okien<\/td>\n<td width=\"144\">12:1 (5:1) + 11 goli<\/td>\n<\/tr>\n<tr>\n<td width=\"49\"><strong><span style=\"color: #993300;\">4.<\/span><\/strong><\/td>\n<td width=\"155\">30 pa\u017adziernik 2024<\/td>\n<td width=\"317\">Gold Team\/Meble Lorek : Mariposa Med-Spa<\/td>\n<td width=\"144\">11:0 (3:0) + 11 goli<\/td>\n<\/tr>\n<tr>\n<td width=\"49\"><strong><span style=\"color: #993300;\">5.<\/span><\/strong><\/td>\n<td width=\"155\">30 pa\u017adziernik 2024<\/td>\n<td width=\"317\">Auto Spa Greenpowerns : Nano House<\/td>\n<td width=\"144\">13:2 (6:1) + 11 goli<\/td>\n<\/tr>\n<tr>\n<td width=\"49\"><strong><span style=\"color: #993300;\">6.<\/span><\/strong><\/td>\n<td width=\"155\">7 listopad 2024<\/td>\n<td width=\"317\">Baz Pal : Pabud<\/td>\n<td width=\"144\">12:1 (5:1) + 11 goli<\/td>\n<\/tr>\n<tr>\n<td width=\"49\"><strong><span style=\"color: #993300;\">7.<\/span><\/strong><\/td>\n<td width=\"155\">7 listopad 2024<\/td>\n<td width=\"317\">Tylicz.Ski : Batimowcy<\/td>\n<td width=\"144\">12:3 (6:2) + 11 goli<\/td>\n<\/tr>\n<tr>\n<td width=\"49\"><strong><span style=\"color: #993300;\">8.<\/span><\/strong><\/td>\n<td width=\"155\">25 stycze\u0144 2018<\/td>\n<td width=\"317\">Gad\u017cet Team &#8211; Notus Finanse<\/td>\n<td width=\"144\">2:12 (2:5) + 10 goli<\/td>\n<\/tr>\n<tr>\n<td width=\"49\"><strong><span style=\"color: #993300;\">9.<\/span><\/strong><\/td>\n<td width=\"155\">24 stycze\u0144 2019<\/td>\n<td width=\"317\">Wi\u015bniowski &#8211; Brzezna<\/td>\n<td width=\"144\">12:2 (3:1) + 10 goli<\/td>\n<\/tr>\n<tr>\n<td width=\"49\"><strong><span style=\"color: #993300;\">10.<\/span><\/strong><\/td>\n<td width=\"155\">10 luty 2019<\/td>\n<td width=\"317\">Wi\u015bniowski &#8211; Tylicz.Ski<\/td>\n<td width=\"144\">1:11 (0:6) + 10 goli<\/td>\n<\/tr>\n<tr>\n<td width=\"49\"><strong><span style=\"color: #993300;\">11.<\/span><\/strong><\/td>\n<td width=\"155\">30 pa\u017adziernik 2019<\/td>\n<td width=\"317\">Sebbet Kostka Brukowa &#8211; Piemonte Calcio<\/td>\n<td width=\"144\">10:0 (1:0) + 10 goli<\/td>\n<\/tr>\n<tr>\n<td width=\"49\"><strong><span style=\"color: #993300;\">12.<\/span><\/strong><\/td>\n<td width=\"155\">31 pa\u017adziernik 2019<\/td>\n<td width=\"317\">Gold Team\/Meble Lorek &#8211; Batimowcy<\/td>\n<td width=\"144\">11:1 (1:1) + 10 goli<\/td>\n<\/tr>\n<tr>\n<td width=\"49\"><strong><span style=\"color: #993300;\">13.<\/span><\/strong><\/td>\n<td width=\"155\">23 grudzie\u0144 2021<\/td>\n<td width=\"317\">Dom Weselny Sylwia &#8211; Mariposa Med-Spa<\/td>\n<td width=\"144\">13:2 (6:3) + 10 goli<\/td>\n<\/tr>\n<tr>\n<td width=\"49\"><strong><span style=\"color: #993300;\">14.<\/span><\/strong><\/td>\n<td width=\"155\">27 grudzie\u0144 2023<\/td>\n<td width=\"317\">Mak-Bud &#8211; Bruk Ogr\u00f3d Nowak<\/td>\n<td width=\"144\">15:5 (6:3) + 10 goli<\/td>\n<\/tr>\n<tr>\n<td width=\"49\"><strong><span style=\"color: #993300;\">15.<\/span><\/strong><\/td>\n<td width=\"155\">27 grudzie\u0144 2017<\/td>\n<td width=\"317\">Wi\u015bniowski &#8211; Dukat Antykwariat<\/td>\n<td width=\"144\">12:3 (4:2) + 9 goli<\/td>\n<\/tr>\n<\/tbody>\n<\/table>\n<\/div>\n<\/div>\n<\/div>\n<\/div>\n<\/div>\n<div class=\"sportspress\">\n<div class=\"sp-template sp-template-event-list\">\n<h4 class=\"sp-table-caption\">NAJWY\u017bSZE REMISY:<\/h4>\n<div class=\"sp-table-wrapper\">\n<div class=\"dataTables_wrapper no-footer\">\n<div class=\"sp-scrollable-table-wrapper\">\n<div class=\"sp-scrollable-table-wrapper\">\n<table width=\"665\">\n<tbody>\n<tr>\n<td width=\"49\"><strong><span style=\"color: #993300;\">Lp.<\/span><\/strong><\/td>\n<td width=\"155\"><strong><span style=\"color: #993300;\">Data<\/span><\/strong><\/td>\n<td width=\"317\"><strong><span style=\"color: #993300;\">Mecz<\/span><\/strong><\/td>\n<td width=\"144\"><strong><span style=\"color: #993300;\">Wynik<\/span><\/strong><\/td>\n<\/tr>\n<tr>\n<td width=\"49\"><strong><span style=\"color: #993300;\">1.<\/span><\/strong><\/td>\n<td width=\"155\">21 sierpie\u0144 2018<\/td>\n<td width=\"317\">Wi\u015bniowski &#8211; Brzezna<\/td>\n<td width=\"144\">7:7 (3:0)<\/td>\n<\/tr>\n<tr>\n<td width=\"49\"><strong><span style=\"color: #993300;\">2.<\/span><\/strong><\/td>\n<td width=\"155\">6 grudzie\u0144 2017<\/td>\n<td width=\"317\">Gold Team\/Meble Lorek &#8211; Trendy Team<\/td>\n<td width=\"144\">6:6 (1:4)<\/td>\n<\/tr>\n<tr>\n<td width=\"49\"><strong><span style=\"color: #993300;\">3.<\/span><\/strong><\/td>\n<td width=\"155\">3 stycze\u0144 2020<\/td>\n<td width=\"317\">Piemonet Calcio &#8211; Batimowcy<\/td>\n<td width=\"144\">6:6 (1:3)<\/td>\n<\/tr>\n<tr>\n<td width=\"49\"><strong><span style=\"color: #993300;\">4.<\/span><\/strong><\/td>\n<td width=\"155\">31 pa\u017adziernik 2023<\/td>\n<td width=\"317\">\u00a0Mak-Bud &#8211; S\u0105czersi<\/td>\n<td width=\"144\">6:6 (2:3)<\/td>\n<\/tr>\n<tr>\n<td width=\"49\"><strong><span style=\"color: #993300;\">5.<\/span><\/strong><\/td>\n<td width=\"155\">9 listopad 2022<\/td>\n<td width=\"317\">Tylicz.Ski &#8211; Mak Bud<\/td>\n<td width=\"144\">5:5 (2:1)<\/td>\n<\/tr>\n<tr>\n<td width=\"49\"><strong><span style=\"color: #993300;\">6.<\/span><\/strong><\/td>\n<td width=\"155\">20 stycze\u0144 2025<\/td>\n<td width=\"317\">Prestige House : Auto Spa Greenpowerns<\/td>\n<td width=\"144\">5:5 (3:0)<\/td>\n<\/tr>\n<tr>\n<td width=\"49\"><strong><span style=\"color: #993300;\">7.<\/span><\/strong><\/td>\n<td width=\"155\">30 pa\u017adziernik 2019<\/td>\n<td width=\"317\">Gad\u017cet Team &#8211; Celan Serwis<\/td>\n<td width=\"144\">4:4 (2:2)<\/td>\n<\/tr>\n<tr>\n<td width=\"49\"><strong><span style=\"color: #993300;\">8.<\/span><\/strong><\/td>\n<td width=\"155\">3 stycze\u0144 2020<\/td>\n<td width=\"317\">MKM Izolacje The Reds &#8211; Firma Budowlana Wo\u017aniak<\/td>\n<td width=\"144\">4:4 (3:3)<\/td>\n<\/tr>\n<tr>\n<td width=\"49\"><strong><span style=\"color: #993300;\">9.<\/span><\/strong><\/td>\n<td width=\"155\">23 grudzie\u0144 2021<\/td>\n<td width=\"317\">Wi\u015bniowski &#8211; Pabud<\/td>\n<td width=\"144\">4:4 (2:1)<\/td>\n<\/tr>\n<tr>\n<td width=\"49\"><strong><span style=\"color: #993300;\">10.<\/span><\/strong><\/td>\n<td width=\"155\">5 stycze\u0144 2022<\/td>\n<td width=\"317\">Bastek Garnitury &#8211; Bruk-Ogr\u00f3d-Nowak<\/td>\n<td width=\"144\">4:4 (3:0)<\/td>\n<\/tr>\n<tr>\n<td width=\"49\"><strong><span style=\"color: #993300;\">11.<\/span><\/strong><\/td>\n<td width=\"155\">27 pa\u017adziernik 2022<\/td>\n<td width=\"317\">Stal-Bud Nawojowa &#8211; Batimowcy<\/td>\n<td width=\"144\">4:4 (2:0)<\/td>\n<\/tr>\n<tr>\n<td width=\"49\"><strong><span style=\"color: #993300;\">12.<\/span><\/strong><\/td>\n<td width=\"155\">28 pa\u017adziernik 2022<\/td>\n<td width=\"317\">Baz Pal &#8211; Trade<\/td>\n<td width=\"144\">4:4 (2:2)<\/td>\n<\/tr>\n<tr>\n<td width=\"49\"><strong><span style=\"color: #993300;\">13.<\/span><\/strong><\/td>\n<td width=\"155\">6 listopad 2023<\/td>\n<td width=\"317\">Dom Weselna Sylwia &#8211; Baz Pal<\/td>\n<td width=\"144\">4:4 (1:2)<\/td>\n<\/tr>\n<tr>\n<td width=\"49\"><strong><span style=\"color: #993300;\">14.<\/span><\/strong><\/td>\n<td width=\"155\">6 listopad 2023<\/td>\n<td width=\"317\">DripShop &amp; Pakersi &#8211; Ibis Styles N.S.<\/td>\n<td width=\"144\">4:4 (1:2)<\/td>\n<\/tr>\n<tr>\n<td width=\"49\"><strong><span style=\"color: #993300;\">15.<\/span><\/strong><\/td>\n<td width=\"155\">7 listopad 2024<\/td>\n<td width=\"317\">Trade : DripShop &amp; Pakersi<\/td>\n<td width=\"144\">4:4 (3:3)<\/td>\n<\/tr>\n<\/tbody>\n<\/table>\n<\/div>\n<\/div>\n<\/div>\n<\/div>\n<\/div>\n<\/div>\n<div class=\"sportspress\">\n<div class=\"sp-template sp-template-event-list\">\n<h4 class=\"sp-table-caption\">NAJWI\u0118CEJ ZDOBYTYCH GOLI\u00a0 W JEDNYM MECZU:<\/h4>\n<div class=\"sp-table-wrapper\">\n<div class=\"dataTables_wrapper no-footer\">\n<div class=\"sp-scrollable-table-wrapper\">\n<div class=\"sp-scrollable-table-wrapper\">\n<table width=\"665\">\n<tbody>\n<tr>\n<td width=\"49\"><strong><span style=\"color: #993300;\">Lp.<\/span><\/strong><\/td>\n<td width=\"155\"><strong><span style=\"color: #993300;\">Data<\/span><\/strong><\/td>\n<td width=\"317\"><strong><span style=\"color: #993300;\">Mecz<\/span><\/strong><\/td>\n<td width=\"144\"><strong><span style=\"color: #993300;\">Wynik<\/span><\/strong><\/td>\n<\/tr>\n<tr>\n<td width=\"49\"><strong><span style=\"color: #993300;\">1.<\/span><\/strong><\/td>\n<td width=\"155\">27 grudzie\u0144 2023<\/td>\n<td width=\"317\">Mak-Bud &#8211; Bruk Ogr\u00f3d Nowak<\/td>\n<td width=\"144\">20 goli<\/td>\n<\/tr>\n<tr>\n<td width=\"49\"><strong><span style=\"color: #993300;\">2.<\/span><\/strong><\/td>\n<td width=\"155\">7 grudzie\u0144 2017<\/td>\n<td width=\"317\">Wi\u015bniowski &#8211; Q-Graf\/Metalex<\/td>\n<td width=\"144\">16 goli<\/td>\n<\/tr>\n<tr>\n<td width=\"49\"><strong><span style=\"color: #993300;\">3.<\/span><\/strong><\/td>\n<td width=\"155\">21 grudzie\u0144 2021<\/td>\n<td width=\"317\">Wi\u015bniowski &#8211; Mariposa Med-Spa<\/td>\n<td width=\"144\">16 goli<\/td>\n<\/tr>\n<tr>\n<td width=\"49\"><strong><span style=\"color: #993300;\">4.<\/span><\/strong><\/td>\n<td width=\"155\">23 grudzie\u0144 2021<\/td>\n<td width=\"317\">Dom Weselny Sylwia &#8211; Mariposa Med-Spa<\/td>\n<td width=\"144\">16 goli<\/td>\n<\/tr>\n<tr>\n<td width=\"49\"><strong><span style=\"color: #993300;\">5.<\/span><\/strong><\/td>\n<td width=\"155\">27 grudzie\u0144 2017<\/td>\n<td width=\"317\">Wi\u015bniowski &#8211; Dukat Antykwariat<\/td>\n<td width=\"144\">15 goli<\/td>\n<\/tr>\n<tr>\n<td width=\"49\"><strong><span style=\"color: #993300;\">6.<\/span><\/strong><\/td>\n<td width=\"155\">25 stycze\u0144 2018<\/td>\n<td width=\"317\">Q-Graf\/Metalex &#8211; Dukat Antykwariat<\/td>\n<td width=\"144\">15 goli<\/td>\n<\/tr>\n<tr>\n<td width=\"49\"><strong><span style=\"color: #993300;\">7.<\/span><\/strong><\/td>\n<td width=\"155\">29 listopad 2018<\/td>\n<td width=\"317\">Baz Pal &#8211; ZBD<\/td>\n<td width=\"144\">15 goli<\/td>\n<\/tr>\n<tr>\n<td width=\"49\"><strong><span style=\"color: #993300;\">8.<\/span><\/strong><\/td>\n<td width=\"155\">30 pa\u017adziernik 2024<\/td>\n<td width=\"317\">Auto Spa Greenpowerns<\/td>\n<td width=\"144\">15 goli<\/td>\n<\/tr>\n<tr>\n<td width=\"49\"><strong><span style=\"color: #993300;\">9.<\/span><\/strong><\/td>\n<td width=\"155\">6 listopad 2024<\/td>\n<td width=\"317\">Bruk Ogr\u00f3d Nowak : Nano House<\/td>\n<td width=\"144\">15 goli<\/td>\n<\/tr>\n<tr>\n<td width=\"49\"><strong><span style=\"color: #993300;\">10.<\/span><\/strong><\/td>\n<td width=\"155\">7 listopad 2024<\/td>\n<td width=\"317\">Tylicz.Ski : Batimowcy<\/td>\n<td width=\"144\">15 goli<\/td>\n<\/tr>\n<tr>\n<td width=\"49\"><strong><span style=\"color: #993300;\">11.<\/span><\/strong><\/td>\n<td width=\"155\">24 stycze\u0144 2018<\/td>\n<td width=\"317\">Gad\u017cet Team &#8211; Notus Finanse<\/td>\n<td width=\"144\">14 goli<\/td>\n<\/tr>\n<tr>\n<td width=\"49\"><strong><span style=\"color: #993300;\">12.<\/span><\/strong><\/td>\n<td width=\"155\">23 stycze\u0144 2019<\/td>\n<td width=\"317\">Sony Centre &#8211; Walczyk Optyk<\/td>\n<td width=\"144\">14 goli<\/td>\n<\/tr>\n<tr>\n<td width=\"49\"><strong><span style=\"color: #993300;\">13.<\/span><\/strong><\/td>\n<td width=\"155\">24 stycze\u0144 2019<\/td>\n<td width=\"317\">Wi\u015bniowski &#8211; Brzezna<\/td>\n<td width=\"144\">14 goli<\/td>\n<\/tr>\n<tr>\n<td width=\"49\"><strong><span style=\"color: #993300;\">14.<\/span><\/strong><\/td>\n<td width=\"155\">2 listopad 2023<\/td>\n<td width=\"317\">S\u0105czersi &#8211; Bruk Ogr\u00f3d Nowak<\/td>\n<td width=\"144\">14 goli<\/td>\n<\/tr>\n<tr>\n<td width=\"49\"><strong><span style=\"color: #993300;\">15.<\/span><\/strong><\/td>\n<td width=\"155\">2 listopad 2023<\/td>\n<td width=\"317\">Trade &#8211; Protel<\/td>\n<td width=\"144\">14 goli<\/td>\n<\/tr>\n<\/tbody>\n<\/table>\n<\/div>\n<\/div>\n<\/div>\n<\/div>\n<\/div>\n<\/div>\n<div class=\"sportspress\">\n<div class=\"sp-template sp-template-event-list\">\n<h4 class=\"sp-table-caption\">NAJWI\u0118CEJ ZDOBYTYCH GOLI JEDNEGO ZAWODNIKA W JEDNYM MECZU:<\/h4>\n<div class=\"sp-table-wrapper\">\n<div class=\"dataTables_wrapper no-footer\">\n<div class=\"sp-scrollable-table-wrapper\">\n<div class=\"sp-scrollable-table-wrapper\">\n<table width=\"665\">\n<tbody>\n<tr>\n<td width=\"49\"><strong><span style=\"color: #993300;\">Lp.<\/span><\/strong><\/td>\n<td width=\"155\"><strong><span style=\"color: #993300;\">Data<\/span><\/strong><\/td>\n<td width=\"317\"><strong><span style=\"color: #993300;\">Zawodnik<\/span><\/strong><\/td>\n<td width=\"144\"><strong><span style=\"color: #993300;\">Wynik<\/span><\/strong><\/td>\n<\/tr>\n<tr>\n<td width=\"49\"><strong><span style=\"color: #993300;\">1.<\/span><\/strong><\/td>\n<td width=\"155\">24 stycze\u0144 2018<\/td>\n<td width=\"317\">\u0141ukasz Hedwig (Notus Finanse)<\/td>\n<td width=\"144\">6 goli<\/td>\n<\/tr>\n<tr>\n<td width=\"49\"><strong><span style=\"color: #993300;\">2.<\/span><\/strong><\/td>\n<td width=\"155\">5 grudzie\u0144 2020<\/td>\n<td width=\"317\">Dariusz Bodziony (ZBD)<\/td>\n<td width=\"144\">6 goli<\/td>\n<\/tr>\n<tr>\n<td width=\"49\"><strong><span style=\"color: #993300;\">3.<\/span><\/strong><\/td>\n<td width=\"155\">31 pa\u017adziernik 2023<\/td>\n<td width=\"317\">Przemys\u0142aw Kumor (Gold Team\/Meble Lorek)<\/td>\n<td width=\"144\">6 goli<\/td>\n<\/tr>\n<tr>\n<td width=\"49\"><strong><span style=\"color: #993300;\">4.<\/span><\/strong><\/td>\n<td width=\"155\">28 pa\u017adziernik 2024<\/td>\n<td width=\"317\">Przemys\u0142aw Kumor (Gold Team\/Meble Lorek)<\/td>\n<td width=\"144\">6 goli<\/td>\n<\/tr>\n<tr>\n<td width=\"49\"><strong><span style=\"color: #993300;\">5.<\/span><\/strong><\/td>\n<td width=\"155\">30 pa\u017adziernik 2024<\/td>\n<td width=\"317\">Mateusz Kr\u00f3l (Auto Spa Greenpowerns)<\/td>\n<td width=\"144\">6 goli<\/td>\n<\/tr>\n<tr>\n<td width=\"49\"><strong><span style=\"color: #993300;\">6.<\/span><\/strong><\/td>\n<td width=\"155\">6 grudzie\u0144 2017<\/td>\n<td width=\"317\">Kamil Lupa (Notus Finanse)<\/td>\n<td width=\"144\">5 goli<\/td>\n<\/tr>\n<tr>\n<td width=\"49\"><strong><span style=\"color: #993300;\">7.<\/span><\/strong><\/td>\n<td width=\"155\">7 grudzie\u0144 2017<\/td>\n<td width=\"317\">Pawe\u0142 Kocio\u0142ek (Wi\u015bniowski)<\/td>\n<td width=\"144\">5 goli<\/td>\n<\/tr>\n<tr>\n<td width=\"49\"><strong><span style=\"color: #993300;\">8.<\/span><\/strong><\/td>\n<td width=\"155\">3 stycze\u0144 2019<\/td>\n<td width=\"317\">Maciej Sroka (Tylicz.Ski)<\/td>\n<td width=\"144\">5 goli<\/td>\n<\/tr>\n<tr>\n<td width=\"49\"><strong><span style=\"color: #993300;\">9.<\/span><\/strong><\/td>\n<td width=\"155\">10 luty 2019<\/td>\n<td width=\"317\">\u0141ukasz Hedwig (Notus Finanse)<\/td>\n<td width=\"144\">5 goli<\/td>\n<\/tr>\n<tr>\n<td width=\"49\"><strong><span style=\"color: #993300;\">10.<\/span><\/strong><\/td>\n<td width=\"155\">14 marzec 2019<\/td>\n<td width=\"317\">Grzegorz Maciaszek (Tylicz.Ski)<\/td>\n<td width=\"144\">5 goli<\/td>\n<\/tr>\n<tr>\n<td width=\"49\"><strong><span style=\"color: #993300;\">11.<\/span><\/strong><\/td>\n<td width=\"155\">30 pa\u017adziernik 2019<\/td>\n<td width=\"317\">Piotr Laciuga (Sebbet Kostka Brukowa)<\/td>\n<td width=\"144\">5 goli<\/td>\n<\/tr>\n<tr>\n<td width=\"49\"><strong><span style=\"color: #993300;\">12.<\/span><\/strong><\/td>\n<td width=\"155\">27 pa\u017adziernik 2022<\/td>\n<td width=\"317\">Szczepan Rosiek (Wi\u015bniowski)<\/td>\n<td width=\"144\">5 goli<\/td>\n<\/tr>\n<tr>\n<td width=\"49\"><strong><span style=\"color: #993300;\">13.<\/span><\/strong><\/td>\n<td width=\"155\">2 listopad 2023<\/td>\n<td width=\"317\">Andrzej Grabczyk (Maxfol)<\/td>\n<td width=\"144\">5 goli<\/td>\n<\/tr>\n<tr>\n<td width=\"49\"><strong><span style=\"color: #993300;\">14.<\/span><\/strong><\/td>\n<td width=\"155\">30 pa\u017adziernik 2024<\/td>\n<td width=\"317\">Bart\u0142omiej Garwol (Gold Team\/Meble Lorek)<\/td>\n<td width=\"144\">5 goli<\/td>\n<\/tr>\n<tr>\n<td width=\"49\"><strong><span style=\"color: #993300;\">15.<\/span><\/strong><\/td>\n<td width=\"155\">7 listopad 2024<\/td>\n<td width=\"317\">Daniel Kr\u00f3l (Baz Pal)<\/td>\n<td width=\"144\">5 goli<\/td>\n<\/tr>\n<\/tbody>\n<\/table>\n<\/div>\n<\/div>\n<\/div>\n<\/div>\n<\/div>\n<\/div>\n<div class=\"sportspress\">\n<div class=\"sp-template sp-template-event-list\">\n<h4 class=\"sp-table-caption\">NAJWI\u0118CEJ ZDOBYTYCH ASYST JEDNEGO ZAWODNIKA W JEDNYM MECZU:<\/h4>\n<div class=\"sp-table-wrapper\">\n<div class=\"dataTables_wrapper no-footer\">\n<div class=\"sp-scrollable-table-wrapper\">\n<div class=\"sp-scrollable-table-wrapper\">\n<table width=\"665\">\n<tbody>\n<tr>\n<td width=\"49\"><strong><span style=\"color: #993300;\">Lp.<\/span><\/strong><\/td>\n<td width=\"155\"><strong><span style=\"color: #993300;\">Data<\/span><\/strong><\/td>\n<td width=\"317\"><span style=\"color: #993300;\"><b>Zawodnik<\/b><\/span><\/td>\n<td width=\"144\"><strong><span style=\"color: #993300;\">Wynik<\/span><\/strong><\/td>\n<\/tr>\n<tr>\n<td width=\"49\"><strong><span style=\"color: #993300;\">1.<\/span><\/strong><\/td>\n<td width=\"155\">27 grudzie\u0144 2023<\/td>\n<td width=\"317\">Kacper Ormia\u0144ski (Mak-Bud)<\/td>\n<td width=\"144\">7 asyst<\/td>\n<\/tr>\n<tr>\n<td width=\"49\"><strong><span style=\"color: #993300;\">2.<\/span><\/strong><\/td>\n<td width=\"155\">5 grudzie\u0144 2020<\/td>\n<td width=\"317\">Andrzej Grabczyk (Walczyk Optyk)<\/td>\n<td width=\"144\">5 asyst<\/td>\n<\/tr>\n<tr>\n<td width=\"49\"><strong><span style=\"color: #993300;\">3.<\/span><\/strong><\/td>\n<td width=\"155\">30 pa\u017adziernik 2023<\/td>\n<td width=\"317\">Jakub Biel (Baz Pal)<\/td>\n<td width=\"144\">5 asyst<\/td>\n<\/tr>\n<tr>\n<td width=\"49\"><strong><span style=\"color: #993300;\">4.<\/span><\/strong><\/td>\n<td width=\"155\">2 listopad 2023<\/td>\n<td width=\"317\">Mariusz Sromek (Bruk Ogr\u00f3d Nowak)<\/td>\n<td width=\"144\">5 asyst<\/td>\n<\/tr>\n<tr>\n<td width=\"49\"><strong><span style=\"color: #993300;\">5.<\/span><\/strong><\/td>\n<td width=\"155\">2 listopad 2023<\/td>\n<td width=\"317\">Adrian \u0141astowski (Trade)<\/td>\n<td width=\"144\">5 asyst<\/td>\n<\/tr>\n<tr>\n<td width=\"49\"><strong><span style=\"color: #993300;\">6.<\/span><\/strong><\/td>\n<td width=\"155\">6 listopad 2024<\/td>\n<td width=\"317\">Mateusz Pazgan (Bruk Ogr\u00f3d Nowak)<\/td>\n<td width=\"144\">5 asyst<\/td>\n<\/tr>\n<tr>\n<td width=\"49\"><strong><span style=\"color: #993300;\">7.<\/span><\/strong><\/td>\n<td width=\"155\">7 listopad 2024<\/td>\n<td width=\"317\">Tomasz Wojs\u0142aw (Baz Pal)<\/td>\n<td width=\"144\">5 asyst<\/td>\n<\/tr>\n<tr>\n<td width=\"49\"><strong><span style=\"color: #993300;\">8.<\/span><\/strong><\/td>\n<td width=\"155\">23 stycze\u0144 2019<\/td>\n<td width=\"317\">Dariusz Bodziony (ZBD)<\/td>\n<td width=\"144\">4 asysty<\/td>\n<\/tr>\n<tr>\n<td width=\"49\"><strong><span style=\"color: #993300;\">9.<\/span><\/strong><\/td>\n<td width=\"155\">23 stycze\u0144 2019<\/td>\n<td width=\"317\">Andrzej Olbrycht (Sony Centre)<\/td>\n<td width=\"144\">4 asysty<\/td>\n<\/tr>\n<tr>\n<td width=\"49\"><strong><span style=\"color: #993300;\">10.<\/span><\/strong><\/td>\n<td width=\"155\">24 stycze\u0144 2019<\/td>\n<td width=\"317\">Szczepan Rosiek (Wi\u015bniowski)<\/td>\n<td width=\"144\">4 asysty<\/td>\n<\/tr>\n<tr>\n<td width=\"49\"><strong><span style=\"color: #993300;\">11.<\/span><\/strong><\/td>\n<td width=\"155\">24 stycze\u0144 2019<\/td>\n<td width=\"317\">\u0141ukasz Szkaradek (Baz Pal)<\/td>\n<td width=\"144\">4 asysty<\/td>\n<\/tr>\n<tr>\n<td width=\"49\"><strong><span style=\"color: #993300;\">12.<\/span><\/strong><\/td>\n<td width=\"155\">30 pa\u017adziernik 2019<\/td>\n<td width=\"317\">Krystian Laciuga (Sebbet Kostka Brukowa)<\/td>\n<td width=\"144\">4 asysty<\/td>\n<\/tr>\n<tr>\n<td width=\"49\"><strong><span style=\"color: #993300;\">13.<\/span><\/strong><\/td>\n<td width=\"155\">31 pa\u017adziernik 2019<\/td>\n<td width=\"317\">Rafa\u0142 Pie\u0144ko (Tylicz.Ski)<\/td>\n<td width=\"144\">4 asysty<\/td>\n<\/tr>\n<tr>\n<td width=\"49\"><strong><span style=\"color: #993300;\">14.<\/span><\/strong><\/td>\n<td width=\"155\">31 pa\u017adziernik 2019<\/td>\n<td width=\"317\">Mariusz Dudek (Gold Team\/Meble Lorek)<\/td>\n<td width=\"144\">4 asysty<\/td>\n<\/tr>\n<tr>\n<td width=\"49\"><strong><span style=\"color: #993300;\">15.<\/span><\/strong><\/td>\n<td width=\"155\">21 grudzie\u0144 2021<\/td>\n<td width=\"317\">Kamil Grodek (S\u0105czersi)<\/td>\n<td width=\"144\">4 asysty<\/td>\n<\/tr>\n<\/tbody>\n<\/table>\n<p>&nbsp;<\/p>\n<\/div>\n<\/div>\n<\/div>\n<\/div>\n<\/div>\n<\/div>\n<\/div>\n<\/div>\n","protected":false},"excerpt":{"rendered":"<p>NAJWY\u017bSZE zwyci\u0119stwa: Lp. Data Mecz Wynik 1. 2 listopad 2023 Trade &#8211; Protel 14:0 (4:0) + 14 goli 2. 24 stycze\u0144 2019 Gold Team\/Meble Lorek &#8211; Batimowcy 12:0 (6:0) +12 goli 3. 24 stycze\u0144 2019 Notus Finanse &#8211; Tradycja Fabryka Okien 12:1 (5:1) + 11 goli 4. 30 pa\u017adziernik 2024 Gold Team\/Meble Lorek : Mariposa [&hellip;]<\/p>\n","protected":false},"author":1,"featured_media":0,"parent":0,"menu_order":0,"comment_status":"closed","ping_status":"closed","template":"","meta":{"footnotes":""},"_links":{"self":[{"href":"https:\/\/lfsportevents.pl\/ligafutsalu2024\/wp-json\/wp\/v2\/pages\/20654"}],"collection":[{"href":"https:\/\/lfsportevents.pl\/ligafutsalu2024\/wp-json\/wp\/v2\/pages"}],"about":[{"href":"https:\/\/lfsportevents.pl\/ligafutsalu2024\/wp-json\/wp\/v2\/types\/page"}],"author":[{"embeddable":true,"href":"https:\/\/lfsportevents.pl\/ligafutsalu2024\/wp-json\/wp\/v2\/users\/1"}],"replies":[{"embeddable":true,"href":"https:\/\/lfsportevents.pl\/ligafutsalu2024\/wp-json\/wp\/v2\/comments?post=20654"}],"version-history":[{"count":2,"href":"https:\/\/lfsportevents.pl\/ligafutsalu2024\/wp-json\/wp\/v2\/pages\/20654\/revisions"}],"predecessor-version":[{"id":27651,"href":"https:\/\/lfsportevents.pl\/ligafutsalu2024\/wp-json\/wp\/v2\/pages\/20654\/revisions\/27651"}],"wp:attachment":[{"href":"https:\/\/lfsportevents.pl\/ligafutsalu2024\/wp-json\/wp\/v2\/media?parent=20654"}],"curies":[{"name":"wp","href":"https:\/\/api.w.org\/{rel}","templated":true}]}}