{"id":13710,"date":"2018-09-19T23:45:25","date_gmt":"2018-09-19T21:45:25","guid":{"rendered":"https:\/\/lfsportevents.pl\/ligafutsalu2023\/i-liga\/video-copy\/"},"modified":"2024-02-24T00:07:29","modified_gmt":"2024-02-23T23:07:29","slug":"video","status":"publish","type":"page","link":"https:\/\/lfsportevents.pl\/ligafutsalu2023\/ii-liga\/video\/","title":{"rendered":"Video"},"content":{"rendered":"<p><iframe loading=\"lazy\" title=\"Galacticos Team mistrzem El-Kag II Ligi Futsalu 2023\/24\" width=\"620\" height=\"349\" src=\"https:\/\/www.youtube.com\/embed\/b-VWE8_goQk?start=10&#038;feature=oembed\" frameborder=\"0\" allow=\"accelerometer; autoplay; clipboard-write; encrypted-media; gyroscope; picture-in-picture; web-share\" allowfullscreen><\/iframe><\/p>\n<p><iframe loading=\"lazy\" title=\"Przemys\u0142aw Ogrodzki (Instalacje Pietruszka)\" width=\"620\" height=\"349\" src=\"https:\/\/www.youtube.com\/embed\/6vTe_Kncehc?feature=oembed\" frameborder=\"0\" allow=\"accelerometer; autoplay; clipboard-write; encrypted-media; gyroscope; picture-in-picture; web-share\" allowfullscreen><\/iframe><\/p>\n<p><iframe loading=\"lazy\" title=\"Tomasz Kocio\u0142ek (Protel)\" width=\"620\" height=\"349\" src=\"https:\/\/www.youtube.com\/embed\/u7q2qLJqdpA?feature=oembed\" frameborder=\"0\" allow=\"accelerometer; autoplay; clipboard-write; encrypted-media; gyroscope; picture-in-picture; web-share\" allowfullscreen><\/iframe><\/p>\n<p><iframe loading=\"lazy\" title=\"Pawe\u0142 Seruga (Stal-Bud Nawojowa)\" width=\"620\" height=\"349\" src=\"https:\/\/www.youtube.com\/embed\/t_1Y-NyG_A4?feature=oembed\" frameborder=\"0\" allow=\"accelerometer; autoplay; clipboard-write; encrypted-media; gyroscope; picture-in-picture; web-share\" allowfullscreen><\/iframe><\/p>\n<p><iframe loading=\"lazy\" title=\"Marcin Pa\u0142ka (Mawa Wyko\u0144czenia Wn\u0119trz)\" width=\"620\" height=\"349\" src=\"https:\/\/www.youtube.com\/embed\/kOh7pn0N5yc?feature=oembed\" frameborder=\"0\" allow=\"accelerometer; autoplay; clipboard-write; encrypted-media; gyroscope; picture-in-picture; web-share\" allowfullscreen><\/iframe><\/p>\n<p><iframe loading=\"lazy\" title=\"Jakub Lach (Instal-Tech)\" width=\"620\" height=\"349\" src=\"https:\/\/www.youtube.com\/embed\/QEZe99uJipI?feature=oembed\" frameborder=\"0\" allow=\"accelerometer; autoplay; clipboard-write; encrypted-media; gyroscope; picture-in-picture; web-share\" allowfullscreen><\/iframe><\/p>\n<p><iframe loading=\"lazy\" title=\"Rados\u0142aw Szczygie\u0142 (Gad\u017cet Team\/Janczosad)\" width=\"620\" height=\"349\" src=\"https:\/\/www.youtube.com\/embed\/W0weUpPkBhk?feature=oembed\" frameborder=\"0\" allow=\"accelerometer; autoplay; clipboard-write; encrypted-media; gyroscope; picture-in-picture; web-share\" allowfullscreen><\/iframe><\/p>\n<p><iframe loading=\"lazy\" title=\"Mariusz Mirek (Galacticos Team)\" width=\"620\" height=\"349\" src=\"https:\/\/www.youtube.com\/embed\/3_OIovp_ces?feature=oembed\" frameborder=\"0\" allow=\"accelerometer; autoplay; clipboard-write; encrypted-media; gyroscope; picture-in-picture; web-share\" allowfullscreen><\/iframe><\/p>\n<p><iframe loading=\"lazy\" title=\"Dominik Klimczak (Instal-Tech)\" width=\"620\" height=\"349\" src=\"https:\/\/www.youtube.com\/embed\/13qULr6G2gE?feature=oembed\" frameborder=\"0\" allow=\"accelerometer; autoplay; clipboard-write; encrypted-media; gyroscope; picture-in-picture; web-share\" allowfullscreen><\/iframe><\/p>\n<p><iframe loading=\"lazy\" title=\"Przemys\u0142aw Ogrodzki (Instalacje Pietruszka)\" width=\"620\" height=\"349\" src=\"https:\/\/www.youtube.com\/embed\/RGSpayL7nss?feature=oembed\" frameborder=\"0\" allow=\"accelerometer; autoplay; clipboard-write; encrypted-media; gyroscope; picture-in-picture; web-share\" allowfullscreen><\/iframe><\/p>\n<p><iframe loading=\"lazy\" title=\"Marcin Zyzak (Stal-Bud Nawojowa)\" width=\"620\" height=\"349\" src=\"https:\/\/www.youtube.com\/embed\/pUbbx8AbwfM?feature=oembed\" frameborder=\"0\" allow=\"accelerometer; autoplay; clipboard-write; encrypted-media; gyroscope; picture-in-picture; web-share\" allowfullscreen><\/iframe><\/p>\n<p><iframe loading=\"lazy\" title=\"Sebastian Stach (Instal-Tech)\" width=\"620\" height=\"349\" src=\"https:\/\/www.youtube.com\/embed\/Xhra5gSiJKg?feature=oembed\" frameborder=\"0\" allow=\"accelerometer; autoplay; clipboard-write; encrypted-media; gyroscope; picture-in-picture; web-share\" allowfullscreen><\/iframe><\/p>\n<p><iframe loading=\"lazy\" title=\"Jan Szczygie\u0142 (Gad\u017cet Team\/Janczosad)\" width=\"620\" height=\"349\" src=\"https:\/\/www.youtube.com\/embed\/bfU9VbB7OVA?feature=oembed\" frameborder=\"0\" allow=\"accelerometer; autoplay; clipboard-write; encrypted-media; gyroscope; picture-in-picture; web-share\" allowfullscreen><\/iframe><\/p>\n<p><iframe loading=\"lazy\" title=\"\u0141ukasz Borek (Protel)\" width=\"620\" height=\"349\" src=\"https:\/\/www.youtube.com\/embed\/Xn7m5-uAjH4?feature=oembed\" frameborder=\"0\" allow=\"accelerometer; autoplay; clipboard-write; encrypted-media; gyroscope; picture-in-picture; web-share\" allowfullscreen><\/iframe><\/p>\n<p><iframe loading=\"lazy\" title=\"Piotr Jab\u0142o\u0144ski (The Best Szko\u0142a P\u0142ywania)\" width=\"620\" height=\"349\" src=\"https:\/\/www.youtube.com\/embed\/OGeML53zZWk?feature=oembed\" frameborder=\"0\" allow=\"accelerometer; autoplay; clipboard-write; encrypted-media; gyroscope; picture-in-picture; web-share\" allowfullscreen><\/iframe><\/p>\n<p><iframe loading=\"lazy\" title=\"Daniel Krzak (Inter-Styl)\" width=\"620\" height=\"349\" src=\"https:\/\/www.youtube.com\/embed\/RsK5J7O83bg?feature=oembed\" frameborder=\"0\" allow=\"accelerometer; autoplay; clipboard-write; encrypted-media; gyroscope; picture-in-picture; web-share\" allowfullscreen><\/iframe><\/p>\n<p><iframe loading=\"lazy\" title=\"Kamil Le\u015bniak (Stal-Bud Nawojowa)\" width=\"620\" height=\"349\" src=\"https:\/\/www.youtube.com\/embed\/e9Taafju1tc?feature=oembed\" frameborder=\"0\" allow=\"accelerometer; autoplay; clipboard-write; encrypted-media; gyroscope; picture-in-picture; web-share\" allowfullscreen><\/iframe><\/p>\n<p><iframe loading=\"lazy\" title=\"Mi\u0142osz Stec (Galacticos Team)\" width=\"620\" height=\"349\" src=\"https:\/\/www.youtube.com\/embed\/THAvfOTlgCw?feature=oembed\" frameborder=\"0\" allow=\"accelerometer; autoplay; clipboard-write; encrypted-media; gyroscope; picture-in-picture; web-share\" allowfullscreen><\/iframe><\/p>\n<p><iframe loading=\"lazy\" title=\"Konrad &quot;Copka&quot; Miko\u0142ajczyk (Instal-Tech)\" width=\"620\" height=\"349\" src=\"https:\/\/www.youtube.com\/embed\/QTH3L3bKQwo?feature=oembed\" frameborder=\"0\" allow=\"accelerometer; autoplay; clipboard-write; encrypted-media; gyroscope; picture-in-picture; web-share\" allowfullscreen><\/iframe><\/p>\n<p><iframe loading=\"lazy\" title=\"Kacper Krzak (Inter-Styl)\" width=\"620\" height=\"349\" src=\"https:\/\/www.youtube.com\/embed\/rrrEX-6ILD4?feature=oembed\" frameborder=\"0\" allow=\"accelerometer; autoplay; clipboard-write; encrypted-media; gyroscope; picture-in-picture; web-share\" allowfullscreen><\/iframe><\/p>\n<p><iframe loading=\"lazy\" title=\"Bart\u0142omiej Dusza (Mawa Wyko\u0144czenia Wn\u0119trz)\" width=\"620\" height=\"349\" src=\"https:\/\/www.youtube.com\/embed\/KwgiBOd0ZPc?feature=oembed\" frameborder=\"0\" allow=\"accelerometer; autoplay; clipboard-write; encrypted-media; gyroscope; picture-in-picture; web-share\" allowfullscreen><\/iframe><\/p>\n<p><iframe loading=\"lazy\" title=\"Grzegorz Bisaga (Gad\u017cet Team\/Janczosad)\" width=\"620\" height=\"349\" src=\"https:\/\/www.youtube.com\/embed\/GkHKw6E5D50?feature=oembed\" frameborder=\"0\" allow=\"accelerometer; autoplay; clipboard-write; encrypted-media; gyroscope; picture-in-picture; web-share\" allowfullscreen><\/iframe><\/p>\n<p><iframe loading=\"lazy\" title=\"Jakub \u017buchowicz (The Best Szko\u0142a P\u0142ywania)\" width=\"620\" height=\"349\" src=\"https:\/\/www.youtube.com\/embed\/Vjhht5NUick?feature=oembed\" frameborder=\"0\" allow=\"accelerometer; autoplay; clipboard-write; encrypted-media; gyroscope; picture-in-picture; web-share\" allowfullscreen><\/iframe><\/p>\n<p><iframe loading=\"lazy\" title=\"Maciej Gorczowski (Instalacje Pietruszka)\" width=\"620\" height=\"349\" src=\"https:\/\/www.youtube.com\/embed\/GotnrtrLTAw?feature=oembed\" frameborder=\"0\" allow=\"accelerometer; autoplay; clipboard-write; encrypted-media; gyroscope; picture-in-picture; web-share\" allowfullscreen><\/iframe><\/p>\n<p><iframe loading=\"lazy\" title=\"Miko\u0142aj Boche\u0144ski (Protel)\" width=\"620\" height=\"349\" src=\"https:\/\/www.youtube.com\/embed\/iphg72-pRCk?feature=oembed\" frameborder=\"0\" allow=\"accelerometer; autoplay; clipboard-write; encrypted-media; gyroscope; picture-in-picture; web-share\" allowfullscreen><\/iframe><\/p>\n<p><iframe loading=\"lazy\" title=\"Pawe\u0142 Poremba (Galacticos Team)\" width=\"620\" height=\"349\" src=\"https:\/\/www.youtube.com\/embed\/uJk160iu2xc?feature=oembed\" frameborder=\"0\" allow=\"accelerometer; autoplay; clipboard-write; encrypted-media; gyroscope; picture-in-picture; web-share\" allowfullscreen><\/iframe><\/p>\n<p><iframe loading=\"lazy\" title=\"Tomasz Ci\u0105g\u0142o (Instalacje Pietruszka)\" width=\"620\" height=\"349\" src=\"https:\/\/www.youtube.com\/embed\/nRDp55NUmLQ?feature=oembed\" frameborder=\"0\" allow=\"accelerometer; autoplay; clipboard-write; encrypted-media; gyroscope; picture-in-picture; web-share\" allowfullscreen><\/iframe><\/p>\n<p><iframe loading=\"lazy\" title=\"Szymon Sopata (Instal-Tech)\" width=\"620\" height=\"349\" src=\"https:\/\/www.youtube.com\/embed\/2jfc0hXOZtg?feature=oembed\" frameborder=\"0\" allow=\"accelerometer; autoplay; clipboard-write; encrypted-media; gyroscope; picture-in-picture; web-share\" allowfullscreen><\/iframe><\/p>\n<p><iframe loading=\"lazy\" title=\"Sebastian Ciapa\u0142a (Pabud)\" width=\"620\" height=\"349\" src=\"https:\/\/www.youtube.com\/embed\/M5lcIgFcX1g?feature=oembed\" frameborder=\"0\" allow=\"accelerometer; autoplay; clipboard-write; encrypted-media; gyroscope; picture-in-picture; web-share\" allowfullscreen><\/iframe><\/p>\n<p><iframe loading=\"lazy\" title=\"Grzegorz Bargie\u0142 (Inter-Styl)\" width=\"620\" height=\"349\" src=\"https:\/\/www.youtube.com\/embed\/f3CWNTlPgrA?feature=oembed\" frameborder=\"0\" allow=\"accelerometer; autoplay; clipboard-write; encrypted-media; gyroscope; picture-in-picture; web-share\" allowfullscreen><\/iframe><\/p>\n<p><iframe loading=\"lazy\" title=\"Kamil Machowski (Stal-Bud Nawojowa)\" width=\"620\" height=\"349\" src=\"https:\/\/www.youtube.com\/embed\/P3PeK1p6IPo?feature=oembed\" frameborder=\"0\" allow=\"accelerometer; autoplay; clipboard-write; encrypted-media; gyroscope; picture-in-picture; web-share\" allowfullscreen><\/iframe><\/p>\n<p><iframe loading=\"lazy\" title=\"Bart\u0142omiej Wojtas (Mawa Wyko\u0144czenia Wn\u0119trz)\" width=\"620\" height=\"349\" src=\"https:\/\/www.youtube.com\/embed\/XBwhEFEF0Zw?feature=oembed\" frameborder=\"0\" allow=\"accelerometer; autoplay; clipboard-write; encrypted-media; gyroscope; picture-in-picture; web-share\" allowfullscreen><\/iframe><\/p>\n<p><iframe loading=\"lazy\" title=\"Rados\u0142aw Szczygie\u0142 (Gad\u017cet Team\/Janczosad)\" width=\"620\" height=\"349\" src=\"https:\/\/www.youtube.com\/embed\/5qy0zq6zQyo?feature=oembed\" frameborder=\"0\" allow=\"accelerometer; autoplay; clipboard-write; encrypted-media; gyroscope; picture-in-picture; web-share\" allowfullscreen><\/iframe><\/p>\n<p><iframe loading=\"lazy\" title=\"Piotr Homa (The Best Szko\u0142a P\u0142ywania)\" width=\"620\" height=\"349\" src=\"https:\/\/www.youtube.com\/embed\/RAeElbyGpis?feature=oembed\" frameborder=\"0\" allow=\"accelerometer; autoplay; clipboard-write; encrypted-media; gyroscope; picture-in-picture; web-share\" allowfullscreen><\/iframe><\/p>\n<p><iframe loading=\"lazy\" title=\"Jakub Szczurek (Galacticos Team)\" width=\"620\" height=\"349\" src=\"https:\/\/www.youtube.com\/embed\/iUDbl43vZhU?feature=oembed\" frameborder=\"0\" allow=\"accelerometer; autoplay; clipboard-write; encrypted-media; gyroscope; picture-in-picture; web-share\" allowfullscreen><\/iframe><\/p>\n<p><iframe loading=\"lazy\" title=\"Marek Klimczak (Instal-Tech)\" width=\"620\" height=\"349\" src=\"https:\/\/www.youtube.com\/embed\/y7xLd8z9COY?feature=oembed\" frameborder=\"0\" allow=\"accelerometer; autoplay; clipboard-write; encrypted-media; gyroscope; picture-in-picture; web-share\" allowfullscreen><\/iframe><\/p>\n<p><iframe loading=\"lazy\" title=\"Dariusz Wilczy\u0144ski (Mawa Wyko\u0144czenia Wn\u0119trz)\" width=\"620\" height=\"349\" src=\"https:\/\/www.youtube.com\/embed\/0Juj7E_xj6Q?feature=oembed\" frameborder=\"0\" allow=\"accelerometer; autoplay; clipboard-write; encrypted-media; gyroscope; picture-in-picture; web-share\" allowfullscreen><\/iframe><\/p>\n<p><iframe loading=\"lazy\" title=\"Marcin \u0141atka (Instalacje Pietruszka)\" width=\"620\" height=\"349\" src=\"https:\/\/www.youtube.com\/embed\/TWPnzBntVuE?feature=oembed\" frameborder=\"0\" allow=\"accelerometer; autoplay; clipboard-write; encrypted-media; gyroscope; picture-in-picture; web-share\" allowfullscreen><\/iframe><\/p>\n<p><iframe loading=\"lazy\" title=\"Mateusz Bisaga (Gad\u017cet Teaam\/Janczosad)\" width=\"620\" height=\"349\" src=\"https:\/\/www.youtube.com\/embed\/UhMnHLbpz-U?feature=oembed\" frameborder=\"0\" allow=\"accelerometer; autoplay; clipboard-write; encrypted-media; gyroscope; picture-in-picture; web-share\" allowfullscreen><\/iframe><\/p>\n<p><iframe loading=\"lazy\" title=\"Marcin \u017buchowicz (The Best Szko\u0142a P\u0142ywania)\" width=\"620\" height=\"349\" src=\"https:\/\/www.youtube.com\/embed\/0YLRW3hoI1o?feature=oembed\" frameborder=\"0\" allow=\"accelerometer; autoplay; clipboard-write; encrypted-media; gyroscope; picture-in-picture; web-share\" allowfullscreen><\/iframe><\/p>\n<p><iframe loading=\"lazy\" title=\"Janusz Krzak (Inter-Styl)\" width=\"620\" height=\"349\" src=\"https:\/\/www.youtube.com\/embed\/DBMg6bXnuQE?feature=oembed\" frameborder=\"0\" allow=\"accelerometer; autoplay; clipboard-write; encrypted-media; gyroscope; picture-in-picture; web-share\" allowfullscreen><\/iframe><\/p>\n<p><iframe loading=\"lazy\" title=\"\u0141ukasz Borek (Protel)\" width=\"620\" height=\"349\" src=\"https:\/\/www.youtube.com\/embed\/6XySOKXncGg?feature=oembed\" frameborder=\"0\" allow=\"accelerometer; autoplay; clipboard-write; encrypted-media; gyroscope; picture-in-picture; web-share\" allowfullscreen><\/iframe><\/p>\n<p><iframe loading=\"lazy\" title=\"Patryk G\u00f3rka (Galacticos Team)\" width=\"620\" height=\"349\" src=\"https:\/\/www.youtube.com\/embed\/Oyh_qDrTRL4?feature=oembed\" frameborder=\"0\" allow=\"accelerometer; autoplay; clipboard-write; encrypted-media; gyroscope; picture-in-picture; web-share\" allowfullscreen><\/iframe><\/p>\n<p><iframe loading=\"lazy\" title=\"Daniel Bochenek (Pabud)\" width=\"620\" height=\"349\" src=\"https:\/\/www.youtube.com\/embed\/THzRzBhPTWc?feature=oembed\" frameborder=\"0\" allow=\"accelerometer; autoplay; clipboard-write; encrypted-media; gyroscope; picture-in-picture; web-share\" allowfullscreen><\/iframe><\/p>\n<p><iframe loading=\"lazy\" title=\"Mariusz Mirek (Galacticos Team)\" width=\"620\" height=\"349\" src=\"https:\/\/www.youtube.com\/embed\/u09kWB0MTf0?feature=oembed\" frameborder=\"0\" allow=\"accelerometer; autoplay; clipboard-write; encrypted-media; gyroscope; picture-in-picture; web-share\" allowfullscreen><\/iframe><\/p>\n<p><iframe loading=\"lazy\" title=\"Patryk Lorek (Inter-Styl)\" width=\"620\" height=\"349\" src=\"https:\/\/www.youtube.com\/embed\/cLK1irVLd2M?feature=oembed\" frameborder=\"0\" allow=\"accelerometer; autoplay; clipboard-write; encrypted-media; gyroscope; picture-in-picture; web-share\" allowfullscreen><\/iframe><\/p>\n<p><iframe loading=\"lazy\" title=\"Dominik Michalik (Stal-Bud Nawojowa)\" width=\"620\" height=\"349\" src=\"https:\/\/www.youtube.com\/embed\/hcGFqRmBGAs?feature=oembed\" frameborder=\"0\" allow=\"accelerometer; autoplay; clipboard-write; encrypted-media; gyroscope; picture-in-picture; web-share\" allowfullscreen><\/iframe><\/p>\n<p><iframe loading=\"lazy\" title=\"Jakub Farun (Mawa Wyko\u0144czenia Wn\u0119trz)\" width=\"620\" height=\"349\" src=\"https:\/\/www.youtube.com\/embed\/-Qp8Q0bqHjs?feature=oembed\" frameborder=\"0\" allow=\"accelerometer; autoplay; clipboard-write; encrypted-media; gyroscope; picture-in-picture; web-share\" allowfullscreen><\/iframe><\/p>\n<p><iframe loading=\"lazy\" title=\"Adam Por\u0119ba (Protel)\" width=\"620\" height=\"349\" src=\"https:\/\/www.youtube.com\/embed\/gVFzFKOsD4w?feature=oembed\" frameborder=\"0\" allow=\"accelerometer; autoplay; clipboard-write; encrypted-media; gyroscope; picture-in-picture; web-share\" allowfullscreen><\/iframe><\/p>\n<p><iframe loading=\"lazy\" title=\"Piotr Jab\u0142o\u0144ski (The Best Szko\u0142a P\u0142ywania)\" width=\"620\" height=\"349\" src=\"https:\/\/www.youtube.com\/embed\/SLbowRHp_ws?feature=oembed\" frameborder=\"0\" allow=\"accelerometer; autoplay; clipboard-write; encrypted-media; gyroscope; picture-in-picture; web-share\" allowfullscreen><\/iframe><\/p>\n<p><iframe loading=\"lazy\" title=\"Adrian Salamon (Instalacje Pietruszka)\" width=\"620\" height=\"349\" src=\"https:\/\/www.youtube.com\/embed\/em7BI7DJhbU?feature=oembed\" frameborder=\"0\" allow=\"accelerometer; autoplay; clipboard-write; encrypted-media; gyroscope; picture-in-picture; web-share\" allowfullscreen><\/iframe><\/p>\n<p><iframe loading=\"lazy\" title=\"Kacper Pasiut (Pabud)\" width=\"620\" height=\"349\" src=\"https:\/\/www.youtube.com\/embed\/g0uyjRXmF5c?feature=oembed\" frameborder=\"0\" allow=\"accelerometer; autoplay; clipboard-write; encrypted-media; gyroscope; picture-in-picture; web-share\" allowfullscreen><\/iframe><\/p>\n<p><iframe loading=\"lazy\" title=\"Mariusz Trzajna (Instal-Tech)\" width=\"620\" height=\"349\" src=\"https:\/\/www.youtube.com\/embed\/knLW0m9gag4?feature=oembed\" frameborder=\"0\" allow=\"accelerometer; autoplay; clipboard-write; encrypted-media; gyroscope; picture-in-picture; web-share\" allowfullscreen><\/iframe><\/p>\n<p><iframe loading=\"lazy\" title=\"Przemys\u0142aw Ogrodzki (Instalacje Pietruszka)\" width=\"620\" height=\"349\" src=\"https:\/\/www.youtube.com\/embed\/_qFfwsUyCZQ?feature=oembed\" frameborder=\"0\" allow=\"accelerometer; autoplay; clipboard-write; encrypted-media; gyroscope; picture-in-picture; web-share\" allowfullscreen><\/iframe><\/p>\n<p><iframe loading=\"lazy\" title=\"\u0141ukasz Michalik (Gad\u017cet Team\/Janczosad)\" width=\"620\" height=\"349\" src=\"https:\/\/www.youtube.com\/embed\/p1DZ7r7axwA?feature=oembed\" frameborder=\"0\" allow=\"accelerometer; autoplay; clipboard-write; encrypted-media; gyroscope; picture-in-picture; web-share\" allowfullscreen><\/iframe><\/p>\n<p><iframe loading=\"lazy\" title=\"Dominik Klimczak (Instal-Tech)\" width=\"620\" height=\"349\" src=\"https:\/\/www.youtube.com\/embed\/XjvlKPPEUoU?feature=oembed\" frameborder=\"0\" allow=\"accelerometer; autoplay; clipboard-write; encrypted-media; gyroscope; picture-in-picture; web-share\" allowfullscreen><\/iframe><\/p>\n<p><iframe loading=\"lazy\" title=\"Jakub Le\u015bniak (Stal-Bud Nawojowa)\" width=\"620\" height=\"349\" src=\"https:\/\/www.youtube.com\/embed\/SRRDhp28D9g?feature=oembed\" frameborder=\"0\" allow=\"accelerometer; autoplay; clipboard-write; encrypted-media; gyroscope; picture-in-picture; web-share\" allowfullscreen><\/iframe><\/p>\n<p><iframe loading=\"lazy\" title=\"Mateusz Borz\u0119cki (The Best Szko\u0142a P\u0142ywania)\" width=\"620\" height=\"349\" src=\"https:\/\/www.youtube.com\/embed\/DKikMzn5_Cs?feature=oembed\" frameborder=\"0\" allow=\"accelerometer; autoplay; clipboard-write; encrypted-media; gyroscope; picture-in-picture; web-share\" allowfullscreen><\/iframe><\/p>\n<p><iframe loading=\"lazy\" title=\"Kacper Krzak (Inter-Styl)\" width=\"620\" height=\"349\" src=\"https:\/\/www.youtube.com\/embed\/H1e0WuYtRtQ?feature=oembed\" frameborder=\"0\" allow=\"accelerometer; autoplay; clipboard-write; encrypted-media; gyroscope; picture-in-picture; web-share\" allowfullscreen><\/iframe><\/p>\n<p><iframe loading=\"lazy\" title=\"Dariusz Jasi\u0144ski (Mawa Wyko\u0144czenia Wn\u0119trz)\" width=\"620\" height=\"349\" src=\"https:\/\/www.youtube.com\/embed\/PAldZ2vJB6A?feature=oembed\" frameborder=\"0\" allow=\"accelerometer; autoplay; clipboard-write; encrypted-media; gyroscope; picture-in-picture; web-share\" allowfullscreen><\/iframe><\/p>\n<p><iframe loading=\"lazy\" title=\"Dawid G\u00f3rka (Galacticos Team)\" width=\"620\" height=\"349\" src=\"https:\/\/www.youtube.com\/embed\/RJmOBMrL0MQ?feature=oembed\" frameborder=\"0\" allow=\"accelerometer; autoplay; clipboard-write; encrypted-media; gyroscope; picture-in-picture; web-share\" allowfullscreen><\/iframe><\/p>\n","protected":false},"excerpt":{"rendered":"","protected":false},"author":1,"featured_media":0,"parent":13689,"menu_order":0,"comment_status":"closed","ping_status":"closed","template":"","meta":{"footnotes":""},"_links":{"self":[{"href":"https:\/\/lfsportevents.pl\/ligafutsalu2023\/wp-json\/wp\/v2\/pages\/13710"}],"collection":[{"href":"https:\/\/lfsportevents.pl\/ligafutsalu2023\/wp-json\/wp\/v2\/pages"}],"about":[{"href":"https:\/\/lfsportevents.pl\/ligafutsalu2023\/wp-json\/wp\/v2\/types\/page"}],"author":[{"embeddable":true,"href":"https:\/\/lfsportevents.pl\/ligafutsalu2023\/wp-json\/wp\/v2\/users\/1"}],"replies":[{"embeddable":true,"href":"https:\/\/lfsportevents.pl\/ligafutsalu2023\/wp-json\/wp\/v2\/comments?post=13710"}],"version-history":[{"count":2,"href":"https:\/\/lfsportevents.pl\/ligafutsalu2023\/wp-json\/wp\/v2\/pages\/13710\/revisions"}],"predecessor-version":[{"id":26274,"href":"https:\/\/lfsportevents.pl\/ligafutsalu2023\/wp-json\/wp\/v2\/pages\/13710\/revisions\/26274"}],"up":[{"embeddable":true,"href":"https:\/\/lfsportevents.pl\/ligafutsalu2023\/wp-json\/wp\/v2\/pages\/13689"}],"wp:attachment":[{"href":"https:\/\/lfsportevents.pl\/ligafutsalu2023\/wp-json\/wp\/v2\/media?parent=13710"}],"curies":[{"name":"wp","href":"https:\/\/api.w.org\/{rel}","templated":true}]}}