{"id":8241,"date":"2017-09-20T10:36:25","date_gmt":"2017-09-20T08:36:25","guid":{"rendered":"https:\/\/lfsportevents.pl\/ligafutsalu2021\/?page_id=8241"},"modified":"2021-12-27T13:31:55","modified_gmt":"2021-12-27T12:31:55","slug":"regulamin","status":"publish","type":"page","link":"https:\/\/lfsportevents.pl\/ligafutsalu2021\/puchar-ligi\/regulamin\/","title":{"rendered":"Dokumenty"},"content":{"rendered":"<p>Wersja <span style=\"color: #993300;\"><strong>DOC<\/strong><\/span> jest edytowalna w formie word i mo\u017cna wype\u0142ni\u0107 komputerowo edytuj\u0105c formularz.<\/p>\n<p>Wersja<strong><span style=\"color: #993300;\"> PDF<\/span><\/strong> jest nie edytowalna i mo\u017cna wydrukowa\u0107 i wype\u0142ni\u0107 r\u0119cznie.<\/p>\n<ul>\n<li>\n<h2><span style=\"color: #993300;\"><strong>REGULAMIN EL-KAG LIGI FUTSALU \u2013 <\/strong><\/span><a href=\"https:\/\/lfsportevents.pl\/ligafutsalu2021\/wp-content\/uploads\/2021\/12\/Regulamin-El-Kag-Liga-Futsalu-2021-22-aktualizacja-4.10.2021.pdf\" target=\"_blank\" rel=\"noopener noreferrer\"><span style=\"color: #ff0000;\"><strong>POBIERZ\u00a0<\/strong><\/span><\/a><\/h2>\n<\/li>\n<li>\n<h2><strong style=\"color: #993300;\">FORMULARZ ZG\u0141OSZENIA (doc)\u00a0 \u2013 <\/strong><a href=\"https:\/\/lfsportevents.pl\/ligafutsalu2021\/wp-content\/uploads\/2020\/10\/Formularz-Elkag-Liga-Futsalu-2020-21.doc\" target=\"_blank\" rel=\"noopener noreferrer\"><span style=\"color: #993300;\"><strong><span style=\"color: #ff0000;\">POBIERZ\u00a0<\/span><\/strong><\/span><\/a><\/h2>\n<\/li>\n<li>\n<h2><strong style=\"color: #993300;\">FORMULARZ ZG\u0141OSZENIA (pdf)\u00a0 \u2013 <\/strong><span style=\"color: #ff0000;\"><strong><a style=\"color: #ff0000;\" href=\"https:\/\/lfsportevents.pl\/ligafutsalu2021\/wp-content\/uploads\/2020\/10\/Formularz-Elkag-Liga-Futsalu-2020-21.pdf\" target=\"_blank\" rel=\"noopener noreferrer\">POBIERZ<\/a>\u00a0<\/strong><\/span><\/h2>\n<\/li>\n<li>\n<h2><span style=\"color: #993300;\"><strong>O\u015aWIADCZENIA DLA NIELETNICH (doc) \u2013 <\/strong><\/span><a href=\"https:\/\/lfsportevents.pl\/ligafutsalu2021\/wp-content\/uploads\/2020\/10\/O\u015bwiadczenie-El-Kag-Liga-Futsalu-2020-21.doc\" target=\"_blank\" rel=\"noopener noreferrer\"><span style=\"color: #ff0000;\"><strong>POBIERZ\u00a0<\/strong><\/span><\/a><\/h2>\n<\/li>\n<li>\n<h2><span style=\"color: #993300;\"><strong>O\u015aWIADCZENIA DLA NIELETNICH (pdf) \u2013 <\/strong><\/span><a href=\"https:\/\/lfsportevents.pl\/ligafutsalu2021\/wp-content\/uploads\/2020\/10\/O\u015bwiadczenie-El-Kag-Liga-Futsalu-2020-21.pdf\" target=\"_blank\" rel=\"noopener noreferrer\"><span style=\"color: #ff0000;\"><strong>po<\/strong><strong>bierz<\/strong><\/span><\/a><\/h2>\n<\/li>\n<\/ul>\n","protected":false},"excerpt":{"rendered":"<p>Wersja DOC jest edytowalna w formie word i mo\u017cna wype\u0142ni\u0107 komputerowo edytuj\u0105c formularz. Wersja PDF jest nie edytowalna i mo\u017cna wydrukowa\u0107 i wype\u0142ni\u0107 r\u0119cznie. REGULAMIN EL-KAG LIGI FUTSALU \u2013 POBIERZ\u00a0 FORMULARZ ZG\u0141OSZENIA (doc)\u00a0 \u2013 POBIERZ\u00a0 FORMULARZ ZG\u0141OSZENIA (pdf)\u00a0 \u2013 POBIERZ\u00a0 O\u015aWIADCZENIA DLA NIELETNICH (doc) \u2013 POBIERZ\u00a0 O\u015aWIADCZENIA DLA NIELETNICH (pdf) \u2013 pobierz<\/p>\n","protected":false},"author":1,"featured_media":0,"parent":219,"menu_order":0,"comment_status":"closed","ping_status":"closed","template":"","meta":[],"_links":{"self":[{"href":"https:\/\/lfsportevents.pl\/ligafutsalu2021\/wp-json\/wp\/v2\/pages\/8241"}],"collection":[{"href":"https:\/\/lfsportevents.pl\/ligafutsalu2021\/wp-json\/wp\/v2\/pages"}],"about":[{"href":"https:\/\/lfsportevents.pl\/ligafutsalu2021\/wp-json\/wp\/v2\/types\/page"}],"author":[{"embeddable":true,"href":"https:\/\/lfsportevents.pl\/ligafutsalu2021\/wp-json\/wp\/v2\/users\/1"}],"replies":[{"embeddable":true,"href":"https:\/\/lfsportevents.pl\/ligafutsalu2021\/wp-json\/wp\/v2\/comments?post=8241"}],"version-history":[{"count":2,"href":"https:\/\/lfsportevents.pl\/ligafutsalu2021\/wp-json\/wp\/v2\/pages\/8241\/revisions"}],"predecessor-version":[{"id":22228,"href":"https:\/\/lfsportevents.pl\/ligafutsalu2021\/wp-json\/wp\/v2\/pages\/8241\/revisions\/22228"}],"up":[{"embeddable":true,"href":"https:\/\/lfsportevents.pl\/ligafutsalu2021\/wp-json\/wp\/v2\/pages\/219"}],"wp:attachment":[{"href":"https:\/\/lfsportevents.pl\/ligafutsalu2021\/wp-json\/wp\/v2\/media?parent=8241"}],"curies":[{"name":"wp","href":"https:\/\/api.w.org\/{rel}","templated":true}]}}