{"id":8180,"date":"2017-09-20T10:07:50","date_gmt":"2017-09-20T08:07:50","guid":{"rendered":"https:\/\/lfsportevents.pl\/ligafutsalu2021\/?page_id=8180"},"modified":"2022-01-25T12:46:29","modified_gmt":"2022-01-25T11:46:29","slug":"stat-rundy","status":"publish","type":"page","link":"https:\/\/lfsportevents.pl\/ligafutsalu2021\/puchar-ligi\/stat-rundy\/","title":{"rendered":"Stat. rundy"},"content":{"rendered":"<h1><span style=\"color: #993300;\">I RUNDA (20\/21 grudzie\u0144 2021)<\/span><\/h1>\n<p><strong>Liczba meczy:<\/strong><strong> <span style=\"color: #993300;\">10<\/span><\/strong><br \/>\n<strong>Liczba goli:<\/strong><span style=\"color: #993300;\"><strong> 90<\/strong><\/span><br \/>\n<strong>\u015arednia ilo\u015b\u0107 goli na mecz: <span style=\"color: #993300;\">9<\/span><\/strong><br \/>\n<strong>Wygrane:<\/strong><span style=\"color: #993300;\"><strong> 9<\/strong><\/span><br \/>\n<strong>Remisy: <\/strong><span style=\"color: #993300;\"><strong>1<\/strong><\/span><br \/>\n<strong>Walkowery:<\/strong><strong>\u00a0<\/strong><span style=\"color: #993300;\"><strong>0<\/strong><\/span><br \/>\n<strong>Najwi\u0119cej goli strzelonych w meczu: <span style=\"color: #993300;\">16<\/span><\/strong><strong><span style=\"color: #993300;\"> goli<\/span> (S\u0105czersi &#8211; Novo.s\u0105decka 10:6)\u00a0<\/strong><br \/>\n<strong>Najwy\u017csza wygrana:<\/strong><strong><span style=\"color: #993300;\"> 11:2<\/span> (Wi\u015bniowski &#8211; Mariposa Med-Spa)<\/strong><br \/>\n<strong>Ilo\u015b\u0107 \u017c\u00f3\u0142tych kartek:<\/strong><span style=\"color: #993300;\"><strong> 5<\/strong><\/span><br \/>\n<strong>Ilo\u015b\u0107 czerwonych kartek:<\/strong><span style=\"color: #993300;\"><strong> 0<\/strong><\/span><\/p>\n<h1><span style=\"color: #993300;\">Ii RUNDA (22\/23 grudzie\u0144 2021)<\/span><\/h1>\n<p><strong>Liczba meczy:<\/strong><span style=\"color: #993300;\"><strong> 10<\/strong><\/span><br \/>\n<strong>Liczba goli:<\/strong><span style=\"color: #993300;\"><strong> 94<\/strong><\/span><br \/>\n<strong>\u015arednia ilo\u015b\u0107 goli na mecz: <span style=\"color: #993300;\">9,4<\/span><\/strong><br \/>\n<strong>Wygrane:<\/strong><span style=\"color: #993300;\"><strong> 7<\/strong><\/span><br \/>\n<strong>Remisy: <\/strong><span style=\"color: #993300;\"><strong>3<\/strong><\/span><br \/>\n<strong>Walkowery:<\/strong><strong>\u00a0<\/strong><span style=\"color: #993300;\"><strong>0<\/strong><\/span><br \/>\n<strong>Najwi\u0119cej goli strzelonych w meczu: <span style=\"color: #993300;\">16<\/span><\/strong><strong><span style=\"color: #993300;\"> goli<\/span> (Dom Weselny Sylwia &#8211; Mariposa Med-Spa)\u00a0<\/strong><br \/>\n<strong>Najwy\u017csza wygrana:<\/strong><strong><span style=\"color: #993300;\"> 13:3<\/span> (Dom Weselny Sylwia &#8211; Mariposa Med-Spa)<\/strong><br \/>\n<strong>Ilo\u015b\u0107 \u017c\u00f3\u0142tych kartek:<\/strong><span style=\"color: #993300;\"><strong> 4<\/strong><\/span><br \/>\n<strong>Ilo\u015b\u0107 czerwonych kartek:<\/strong><span style=\"color: #993300;\"><strong> 0<\/strong><\/span><\/p>\n<h1><span style=\"color: #993300;\">IiI RUNDA (4\/5 STYCZE\u0143 2022)<\/span><\/h1>\n<p><strong>Liczba meczy:<\/strong><span style=\"color: #993300;\"><strong> 10<\/strong><\/span><br \/>\n<strong>Liczba goli:<\/strong><span style=\"color: #993300;\"><strong> 86<\/strong><\/span><br \/>\n<strong>\u015arednia ilo\u015b\u0107 goli na mecz: <span style=\"color: #993300;\">8,6<\/span><\/strong><br \/>\n<strong>Wygrane:<\/strong><span style=\"color: #993300;\"><strong> 7<\/strong><\/span><br \/>\n<strong>Remisy: <\/strong><span style=\"color: #993300;\"><strong>1<\/strong><\/span><br \/>\n<strong>Walkowery:<\/strong><strong>\u00a0<\/strong><span style=\"color: #993300;\"><strong>0<\/strong><\/span><br \/>\n<strong>Najwi\u0119cej goli strzelonych w meczu: <span style=\"color: #993300;\">12 <\/span><\/strong><strong><span style=\"color: #993300;\">goli<\/span> (Mariposa Med-Spa &#8211; Pabud)\u00a0<\/strong><br \/>\n<strong>Najwy\u017csza wygrana:<\/strong><strong><span style=\"color: #993300;\"> 9:1<\/span> (Dom Weselny Sylwia &#8211; Wi\u015bniowski),<span style=\"color: #993300;\"> 9:1<\/span> (Tylicz.Ski &#8211; Sebbet Kostka Brukowa)<\/strong><br \/>\n<strong>Ilo\u015b\u0107 \u017c\u00f3\u0142tych kartek:<\/strong><span style=\"color: #993300;\"><strong> 5<\/strong><\/span><br \/>\n<strong>Ilo\u015b\u0107 czerwonych kartek:<\/strong><span style=\"color: #993300;\"><strong> 0<\/strong><\/span><\/p>\n<h1><span style=\"color: #993300;\">Iv RUNDA (10 STYCZE\u0143 2022)<\/span><\/h1>\n<p><strong>Liczba meczy:<\/strong><span style=\"color: #993300;\"><strong> 4<\/strong><\/span><br \/>\n<strong>Liczba goli:<\/strong><span style=\"color: #993300;\"><strong> 29<\/strong><\/span><br \/>\n<strong>\u015arednia ilo\u015b\u0107 goli na mecz: <span style=\"color: #993300;\">7,25<\/span><\/strong><br \/>\n<strong>Wygrane:<\/strong><span style=\"color: #993300;\"><strong> 4<\/strong><\/span><br \/>\n<strong>Remisy: <\/strong><span style=\"color: #993300;\"><strong>0<\/strong><\/span><br \/>\n<strong>Walkowery:<\/strong><strong>\u00a0<\/strong><span style=\"color: #993300;\"><strong>0<\/strong><\/span><br \/>\n<strong>Najwi\u0119cej goli strzelonych w meczu: <span style=\"color: #993300;\">12 <\/span><\/strong><strong><span style=\"color: #993300;\">goli<\/span> (Gold Team\/Meble Lorek &#8211; Sebbet Kostka Brukowa)\u00a0<\/strong><br \/>\n<strong>Najwy\u017csza wygrana:<\/strong><strong><span style=\"color: #993300;\"> 9:3<\/span> (Gold Team\/Meble Lorek &#8211; Sebbet Kostka Brukowa)<\/strong><br \/>\n<strong>Ilo\u015b\u0107 \u017c\u00f3\u0142tych kartek:<\/strong><span style=\"color: #993300;\"><strong> 4<\/strong><\/span><br \/>\n<strong>Ilo\u015b\u0107 czerwonych kartek:<\/strong><span style=\"color: #993300;\"><strong> 0<\/strong><\/span><\/p>\n<h1><span style=\"color: #993300;\">v RUNDA (24 STYCZE\u0143 2022)<\/span><\/h1>\n<p><strong>Liczba meczy:<\/strong><span style=\"color: #993300;\"><strong> 2<\/strong><\/span><br \/>\n<strong>Liczba goli:<\/strong><span style=\"color: #993300;\"><strong> 12<\/strong><\/span><br \/>\n<strong>\u015arednia ilo\u015b\u0107 goli na mecz: <span style=\"color: #993300;\">6<\/span><\/strong><br \/>\n<strong>Wygrane:<\/strong><span style=\"color: #993300;\"><strong> 2<\/strong><\/span><br \/>\n<strong>Remisy: <\/strong><span style=\"color: #993300;\"><strong>0<\/strong><\/span><br \/>\n<strong>Walkowery:<\/strong><strong>\u00a0<\/strong><span style=\"color: #993300;\"><strong>0<\/strong><\/span><br \/>\n<strong>Najwi\u0119cej goli strzelonych w meczu: <span style=\"color: #993300;\">7 <\/span><\/strong><strong>goli (Dom Weselny Sylwia &#8211; S\u0105czersi 5:2)\u00a0<\/strong><br \/>\n<strong>Najwy\u017csza wygrana:<\/strong><strong><span style=\"color: #993300;\"> 5:2<\/span> (Dom Weselny Sylwia &#8211; S\u0105czersi), <span style=\"color: #993300;\">4:1<span style=\"color: #333333;\"> (Tylicz.Ski &#8211; Gold Team\/Meble Lorek)<\/span><\/span><\/strong><br \/>\n<strong>Ilo\u015b\u0107 \u017c\u00f3\u0142tych kartek:<\/strong><span style=\"color: #993300;\"><strong> 0<\/strong><\/span><br \/>\n<strong>Ilo\u015b\u0107 czerwonych kartek:<\/strong><span style=\"color: #993300;\"><strong> 0<\/strong><\/span><\/p>\n","protected":false},"excerpt":{"rendered":"<p>I RUNDA (20\/21 grudzie\u0144 2021) Liczba meczy: 10 Liczba goli: 90 \u015arednia ilo\u015b\u0107 goli na mecz: 9 Wygrane: 9 Remisy: 1 Walkowery:\u00a00 Najwi\u0119cej goli strzelonych w meczu: 16 goli (S\u0105czersi &#8211; Novo.s\u0105decka 10:6)\u00a0 Najwy\u017csza wygrana: 11:2 (Wi\u015bniowski &#8211; Mariposa Med-Spa) Ilo\u015b\u0107 \u017c\u00f3\u0142tych kartek: 5 Ilo\u015b\u0107 czerwonych kartek: 0 Ii RUNDA (22\/23 grudzie\u0144 2021) Liczba meczy: [&hellip;]<\/p>\n","protected":false},"author":1,"featured_media":0,"parent":219,"menu_order":0,"comment_status":"closed","ping_status":"closed","template":"","meta":[],"_links":{"self":[{"href":"https:\/\/lfsportevents.pl\/ligafutsalu2021\/wp-json\/wp\/v2\/pages\/8180"}],"collection":[{"href":"https:\/\/lfsportevents.pl\/ligafutsalu2021\/wp-json\/wp\/v2\/pages"}],"about":[{"href":"https:\/\/lfsportevents.pl\/ligafutsalu2021\/wp-json\/wp\/v2\/types\/page"}],"author":[{"embeddable":true,"href":"https:\/\/lfsportevents.pl\/ligafutsalu2021\/wp-json\/wp\/v2\/users\/1"}],"replies":[{"embeddable":true,"href":"https:\/\/lfsportevents.pl\/ligafutsalu2021\/wp-json\/wp\/v2\/comments?post=8180"}],"version-history":[{"count":2,"href":"https:\/\/lfsportevents.pl\/ligafutsalu2021\/wp-json\/wp\/v2\/pages\/8180\/revisions"}],"predecessor-version":[{"id":22535,"href":"https:\/\/lfsportevents.pl\/ligafutsalu2021\/wp-json\/wp\/v2\/pages\/8180\/revisions\/22535"}],"up":[{"embeddable":true,"href":"https:\/\/lfsportevents.pl\/ligafutsalu2021\/wp-json\/wp\/v2\/pages\/219"}],"wp:attachment":[{"href":"https:\/\/lfsportevents.pl\/ligafutsalu2021\/wp-json\/wp\/v2\/media?parent=8180"}],"curies":[{"name":"wp","href":"https:\/\/api.w.org\/{rel}","templated":true}]}}