{"id":8152,"date":"2017-09-20T10:03:47","date_gmt":"2017-09-20T08:03:47","guid":{"rendered":"https:\/\/lfsportevents.pl\/ligafutsalu2021\/?page_id=8152"},"modified":"2022-02-08T16:48:58","modified_gmt":"2022-02-08T15:48:58","slug":"stat-kolejki","status":"publish","type":"page","link":"https:\/\/lfsportevents.pl\/ligafutsalu2021\/ekstraklasa\/stat-kolejki\/","title":{"rendered":"Stat. kolejki"},"content":{"rendered":"<h1><span style=\"color: #993300;\">I KOLEJKA (21 pa\u017adziernik 2021)<\/span><\/h1>\n<p><strong>Liczba meczy:<\/strong><strong>\u00a0<span style=\"color: #993300;\">5<\/span><\/strong><br \/>\n<strong>Liczba goli:<\/strong><span style=\"color: #993300;\"><strong> 40<\/strong><\/span><br \/>\n<strong>\u015arednia ilo\u015b\u0107 goli na mecz: <span style=\"color: #993300;\">8<\/span><\/strong><br \/>\n<strong>Wygrane:<\/strong><span style=\"color: #993300;\"><strong> 5<\/strong><\/span><br \/>\n<strong>Remisy: <\/strong><span style=\"color: #993300;\"><strong>0<\/strong><\/span><br \/>\n<strong>Walkowery:<\/strong><strong>\u00a0<\/strong><span style=\"color: #993300;\"><strong>0<\/strong><\/span><br \/>\n<strong>Najwi\u0119cej goli strzelonych w meczu: <span style=\"color: #993300;\">11<\/span><\/strong><strong><span style=\"color: #993300;\"> goli<\/span> (Tylicz.Ski &#8211; Gad\u017cet Team 8:3)\u00a0<\/strong><br \/>\n<strong>Najwy\u017csza wygrana:<\/strong><strong><span style=\"color: #993300;\"> 8:3<\/span> (Tylicz.Ski &#8211; Gad\u017cet Team)<\/strong><br \/>\n<strong>Ilo\u015b\u0107 \u017c\u00f3\u0142tych kartek: <\/strong><span style=\"color: #993300;\"><strong>6<\/strong><\/span><br \/>\n<strong>Ilo\u015b\u0107 czerwonych kartek:<\/strong><span style=\"color: #993300;\"><strong> 1<br \/>\n<\/strong><\/span><\/p>\n<h1><span style=\"color: #993300;\">Ii KOLEJKA (28 pa\u017adziernik 2021)<\/span><\/h1>\n<p><strong>Liczba meczy:<\/strong><strong> <span style=\"color: #993300;\">5<\/span><\/strong><br \/>\n<strong>Liczba goli:<\/strong><span style=\"color: #993300;\"><strong> 35<\/strong><\/span><br \/>\n<strong>\u015arednia ilo\u015b\u0107 goli na mecz: <span style=\"color: #993300;\">7<\/span><\/strong><br \/>\n<strong>Wygrane:<\/strong><span style=\"color: #993300;\"><strong> 4<\/strong><\/span><br \/>\n<strong>Remisy: <\/strong><span style=\"color: #993300;\"><strong>1<\/strong><\/span><br \/>\n<strong>Walkowery:<\/strong> <span style=\"color: #993300;\"><strong>0<\/strong><\/span><br \/>\n<strong>Najwi\u0119cej goli strzelonych w meczu: <span style=\"color: #993300;\">13<\/span><\/strong><strong><span style=\"color: #993300;\"> goli<\/span> (Sebbet Kostka Brukowa &#8211; MKM Izolacje The Reds 5:8) <\/strong><br \/>\n<strong>Najwy\u017csza wygrana:<\/strong><strong><span style=\"color: #993300;\"> 7:0<\/span> (Gold Team\/Meble Lorek &#8211; S\u0105czersi)<\/strong><br \/>\n<strong>Ilo\u015b\u0107 \u017c\u00f3\u0142tych kartek: <\/strong><span style=\"color: #993300;\"><strong>5<\/strong><\/span><br \/>\n<strong>Ilo\u015b\u0107 czerwonych kartek:<\/strong><span style=\"color: #993300;\"><strong> 0<br \/>\n<\/strong><\/span><\/p>\n<h1><span style=\"color: #993300;\">Iii KOLEJKA (4 listopad 2021)<\/span><\/h1>\n<p><strong>Liczba meczy:<\/strong><strong> <span style=\"color: #993300;\">5<\/span><\/strong><br \/>\n<strong>Liczba goli:<\/strong><span style=\"color: #993300;\"><strong> 35<\/strong><\/span><br \/>\n<strong>\u015arednia ilo\u015b\u0107 goli na mecz: <span style=\"color: #993300;\">7<\/span><\/strong><br \/>\n<strong>Wygrane:<\/strong><span style=\"color: #993300;\"><strong> 5<\/strong><\/span><br \/>\n<strong>Remisy: <\/strong><span style=\"color: #993300;\"><strong>0<\/strong><\/span><br \/>\n<strong>Walkowery:<\/strong> <span style=\"color: #993300;\"><strong>0<\/strong><\/span><br \/>\n<strong>Najwi\u0119cej goli strzelonych w meczu: <span style=\"color: #993300;\">10<\/span><\/strong><strong><span style=\"color: #993300;\"> goli<\/span> (Walczyk Optyk &#8211; Tylicz.Ski 4:6) <\/strong><br \/>\n<strong>Najwy\u017csza wygrana:<\/strong><strong><span style=\"color: #993300;\"> 2:7<\/span> (S\u0105czersi &#8211; Dom Weselny Sylwia)<\/strong><br \/>\n<strong>Ilo\u015b\u0107 \u017c\u00f3\u0142tych kartek: <\/strong><span style=\"color: #993300;\"><strong>6<\/strong><\/span><br \/>\n<strong>Ilo\u015b\u0107 czerwonych kartek:<\/strong><span style=\"color: #993300;\"><strong> 1<br \/>\n<\/strong><\/span><\/p>\n<h1><span style=\"color: #993300;\">Iv KOLEJKA (15,16,17 listopad 2021)<\/span><\/h1>\n<p><strong>Liczba meczy:<\/strong><strong> <span style=\"color: #993300;\">5<\/span><\/strong><br \/>\n<strong>Liczba goli:<\/strong><span style=\"color: #993300;\"><strong> 43<\/strong><\/span><br \/>\n<strong>\u015arednia ilo\u015b\u0107 goli na mecz: <span style=\"color: #993300;\">8,6<\/span><\/strong><br \/>\n<strong>Wygrane:<\/strong><span style=\"color: #993300;\"><strong> 5<\/strong><\/span><br \/>\n<strong>Remisy: <\/strong><span style=\"color: #993300;\"><strong>0<\/strong><\/span><br \/>\n<strong>Walkowery:<\/strong> <span style=\"color: #993300;\"><strong>0<\/strong><\/span><br \/>\n<strong>Najwi\u0119cej goli strzelonych w meczu: <span style=\"color: #993300;\">10<\/span><\/strong><strong><span style=\"color: #993300;\"> goli<\/span> (Tylicz.Ski &#8211; S\u0105czersi 10:0), (Walczyk Optyk &#8211; Wi\u015bniowski 7:3)<\/strong><br \/>\n<strong>Najwy\u017csza wygrana:<\/strong><strong><span style=\"color: #993300;\"> 10:0<\/span> (Tylicz.Ski &#8211; S\u0105czersi)<\/strong><br \/>\n<strong>Ilo\u015b\u0107 \u017c\u00f3\u0142tych kartek: <\/strong><span style=\"color: #993300;\"><strong>4<\/strong><\/span><br \/>\n<strong>Ilo\u015b\u0107 czerwonych kartek:<\/strong><span style=\"color: #993300;\"><strong> 1<\/strong><\/span><\/p>\n<h1><span style=\"color: #993300;\">v KOLEJKA (18 listopad 2021)<\/span><\/h1>\n<p><strong>Liczba meczy:<\/strong><strong> <span style=\"color: #993300;\">5<\/span><\/strong><br \/>\n<strong>Liczba goli:<\/strong><span style=\"color: #993300;\"><strong> 43<\/strong><\/span><br \/>\n<strong>\u015arednia ilo\u015b\u0107 goli na mecz: <span style=\"color: #993300;\">8,6<\/span><\/strong><br \/>\n<strong>Wygrane:<\/strong><span style=\"color: #993300;\"><strong> 5<\/strong><\/span><br \/>\n<strong>Remisy: <\/strong><span style=\"color: #993300;\"><strong>0<\/strong><\/span><br \/>\n<strong>Walkowery:<\/strong> <span style=\"color: #993300;\"><strong>0<\/strong><\/span><br \/>\n<strong>Najwi\u0119cej goli strzelonych w meczu: <span style=\"color: #993300;\">14<\/span><\/strong><strong><span style=\"color: #993300;\"> goli<\/span> (Stal-Bud Nawojowa &#8211; Gold Team\/Meble Lorek 3:11)<\/strong><br \/>\n<strong>Najwy\u017csza wygrana:<\/strong><strong><span style=\"color: #993300;\"> 3:11<\/span> (Stal-Bud Nawojowa &#8211; Gold Team\/Meble Lorek)<\/strong><br \/>\n<strong>Ilo\u015b\u0107 \u017c\u00f3\u0142tych kartek: <\/strong><span style=\"color: #993300;\"><strong>4<\/strong><\/span><br \/>\n<strong>Ilo\u015b\u0107 czerwonych kartek:<\/strong><span style=\"color: #993300;\"><strong> 0<\/strong><\/span><\/p>\n<h1><span style=\"color: #993300;\">vI KOLEJKA (25 listopad 2021)<\/span><\/h1>\n<p><strong>Liczba meczy:<\/strong><span style=\"color: #993300;\"><strong> 5<\/strong><\/span><br \/>\n<strong>Liczba goli:<\/strong><span style=\"color: #993300;\"><strong> 36<\/strong><\/span><br \/>\n<strong>\u015arednia ilo\u015b\u0107 goli na mecz: <span style=\"color: #993300;\">7,2<\/span><\/strong><br \/>\n<strong>Wygrane:<\/strong><span style=\"color: #993300;\"><strong> 5<\/strong><\/span><br \/>\n<strong>Remisy: <\/strong><span style=\"color: #993300;\"><strong>0<\/strong><\/span><br \/>\n<strong>Walkowery:<\/strong> <span style=\"color: #993300;\"><strong>0<\/strong><\/span><br \/>\n<strong>Najwi\u0119cej goli strzelonych w meczu: <span style=\"color: #993300;\">12 <\/span><\/strong><strong><span style=\"color: #993300;\">goli<\/span> (Wi\u015bniowski &#8211; MKM Izolacje The Reds 3:9)<\/strong><br \/>\n<strong>Najwy\u017csza wygrana:<\/strong><strong><span style=\"color: #993300;\"> 3:9<\/span> (Wi\u015bniowski &#8211; MKM Izolacje The Reds )<\/strong><br \/>\n<strong>Ilo\u015b\u0107 \u017c\u00f3\u0142tych kartek: <\/strong><span style=\"color: #993300;\"><strong>8<\/strong><\/span><br \/>\n<strong>Ilo\u015b\u0107 czerwonych kartek:<\/strong><span style=\"color: #993300;\"><strong> 0<\/strong><\/span><\/p>\n<h1><span style=\"color: #800000;\">vIi KOLEJKA (2 grudzie\u0144 2021)<\/span><\/h1>\n<p><strong>Liczba meczy:<\/strong><span style=\"color: #800000;\"><strong> 5<\/strong><\/span><br \/>\n<strong>Liczba goli:<\/strong><span style=\"color: #800000;\"><strong> 55<\/strong><\/span><br \/>\n<strong>\u015arednia ilo\u015b\u0107 goli na mecz: <span style=\"color: #800000;\">11<\/span><\/strong><br \/>\n<strong>Wygrane:<\/strong><span style=\"color: #800000;\"><strong> 5<\/strong><\/span><br \/>\n<strong>Remisy: <\/strong><span style=\"color: #800000;\"><strong>0<\/strong><\/span><br \/>\n<strong>Walkowery:<\/strong> <span style=\"color: #800000;\"><strong>0<\/strong><\/span><br \/>\n<strong>Najwi\u0119cej goli strzelonych w meczu: <span style=\"color: #800000;\">15 <\/span><\/strong><strong><span style=\"color: #800000;\">goli<\/span> (Sebbet Kostka Brukowa &#8211; Dom weselny Sylwia 2:13)<\/strong><br \/>\n<strong>Najwy\u017csza wygrana:<\/strong><strong><span style=\"color: #800000;\"> 2:13<\/span> (Sebbet Kostka Brukowa &#8211; Dom weselny Sylwia)<\/strong><br \/>\n<strong>Ilo\u015b\u0107 \u017c\u00f3\u0142tych kartek: <\/strong><span style=\"color: #800000;\"><strong>7<\/strong><\/span><br \/>\n<strong>Ilo\u015b\u0107 czerwonych kartek:<\/strong><span style=\"color: #800000;\"><strong> 0<\/strong><\/span><\/p>\n<h1><span style=\"color: #993300;\">vIii KOLEJKA (9 grudzie\u0144 2021)<\/span><\/h1>\n<p><strong>Liczba meczy:<\/strong><span style=\"color: #993300;\"><strong> 5<\/strong><\/span><br \/>\n<strong>Liczba goli:<\/strong><span style=\"color: #993300;\"><strong> 45<\/strong><\/span><br \/>\n<strong>\u015arednia ilo\u015b\u0107 goli na mecz: <span style=\"color: #993300;\">9<\/span><\/strong><br \/>\n<strong>Wygrane:<\/strong><span style=\"color: #993300;\"><strong> 5<\/strong><\/span><br \/>\n<strong>Remisy: <\/strong><span style=\"color: #993300;\"><strong>0<\/strong><\/span><br \/>\n<strong>Walkowery:<\/strong> <span style=\"color: #993300;\"><strong>0<\/strong><\/span><br \/>\n<strong>Najwi\u0119cej goli strzelonych w meczu: <span style=\"color: #993300;\">13 <\/span><\/strong><strong><span style=\"color: #993300;\">goli<\/span> (Sebbet Kostka Brukowa &#8211; Walczyk Optyk 2:11), (Wi\u015bniowski &#8211; Dom Weselny Sylwia 2:11)<\/strong><br \/>\n<strong>Najwy\u017csza wygrana:<\/strong><strong><span style=\"color: #993300;\"> 2:11<\/span> (Sebbet Kostka Brukowa &#8211; Walczyk Optyk 2:11), (Wi\u015bniowski &#8211; Dom weselny Sylwia2:11)<\/strong><br \/>\n<strong>Ilo\u015b\u0107 \u017c\u00f3\u0142tych kartek: <\/strong><span style=\"color: #993300;\"><strong>4<\/strong><\/span><br \/>\n<strong>Ilo\u015b\u0107 czerwonych kartek:<\/strong><span style=\"color: #993300;\"><strong> 0<\/strong><\/span><\/p>\n<h1><span style=\"color: #993300;\">ix KOLEJKA (16 grudzie\u0144 2021)<\/span><\/h1>\n<p><strong>Liczba meczy:<\/strong><span style=\"color: #993300;\"><strong> 5<\/strong><\/span><br \/>\n<strong>Liczba goli:<\/strong><span style=\"color: #993300;\"><strong> 45<\/strong><\/span><br \/>\n<strong>\u015arednia ilo\u015b\u0107 goli na mecz: <span style=\"color: #993300;\">9<\/span><\/strong><br \/>\n<strong>Wygrane:<\/strong><span style=\"color: #993300;\"><strong> 4<\/strong><\/span><br \/>\n<strong>Remisy: <\/strong><span style=\"color: #993300;\"><strong>1<\/strong><\/span><br \/>\n<strong>Walkowery:<\/strong> <span style=\"color: #993300;\"><strong>0<\/strong><\/span><br \/>\n<strong>Najwi\u0119cej goli strzelonych w meczu: <span style=\"color: #993300;\">16 <\/span><\/strong><strong><span style=\"color: #993300;\">goli<\/span> (Sebbet Kostka Brukowa &#8211; S\u0105czersi 7:9)<\/strong><br \/>\n<strong>Najwy\u017csza wygrana:<\/strong><strong><span style=\"color: #993300;\"> 0:3<\/span> (Tylicz.Ski &#8211; Dom Weselny Sylwia)<\/strong><br \/>\n<strong>Ilo\u015b\u0107 \u017c\u00f3\u0142tych kartek: <\/strong><span style=\"color: #993300;\"><strong>4<\/strong><\/span><br \/>\n<strong>Ilo\u015b\u0107 czerwonych kartek:<\/strong><span style=\"color: #993300;\"><strong> 2<\/strong><\/span><\/p>\n<h1><span style=\"color: #993300;\">x KOLEJKA (30 grudzie\u0144 2021)<\/span><\/h1>\n<p><strong>Liczba meczy:<\/strong><span style=\"color: #993300;\"><strong> 4<\/strong><\/span><br \/>\n<strong>Liczba goli:<\/strong><span style=\"color: #993300;\"><strong> 34<\/strong><\/span><br \/>\n<strong>\u015arednia ilo\u015b\u0107 goli na mecz: <span style=\"color: #993300;\">8,5<\/span><\/strong><br \/>\n<strong>Wygrane:<\/strong><span style=\"color: #993300;\"><strong> 4<\/strong><\/span><br \/>\n<strong>Remisy: <\/strong><strong><span style=\"color: #993300;\">0<\/span><\/strong><br \/>\n<strong>Walkowery:<\/strong> <strong>0<\/strong><br \/>\n<strong>Najwi\u0119cej goli strzelonych w meczu: <span style=\"color: #993300;\">15 <\/span><\/strong><strong><span style=\"color: #993300;\">goli<\/span> (Gold Team\/Meble Lorek &#8211; S\u0105czersi 10:5)<\/strong><br \/>\n<strong>Najwy\u017csza wygrana:<\/strong><strong><span style=\"color: #993300;\"> 10:5<\/span> (Gold Team\/Meble Lorek &#8211; S\u0105czersi), <span style=\"color: #993300;\">6:1<\/span> (Tylicz.Ski &#8211; MKM izolacje The Reds)<\/strong><br \/>\n<strong>Ilo\u015b\u0107 \u017c\u00f3\u0142tych kartek: <\/strong><span style=\"color: #993300;\"><strong>1<\/strong><\/span><br \/>\n<strong>Ilo\u015b\u0107 czerwonych kartek:<\/strong><span style=\"color: #993300;\"><strong> 0<\/strong><\/span><\/p>\n<h1><span style=\"color: #993300;\">xi KOLEJKA (13 stycze\u0144 2022)<\/span><\/h1>\n<p><strong>Liczba meczy:<\/strong><span style=\"color: #993300;\"><strong> 4<\/strong><\/span><br \/>\n<strong>Liczba goli:<\/strong><span style=\"color: #993300;\"><strong> 38<\/strong><\/span><br \/>\n<strong>\u015arednia ilo\u015b\u0107 goli na mecz:<span style=\"color: #993300;\"> 9,5<\/span><\/strong><br \/>\n<strong>Wygrane:<\/strong><span style=\"color: #993300;\"><strong> 4<\/strong><\/span><br \/>\n<strong>Remisy: <\/strong><span style=\"color: #993300;\"><strong>0<\/strong><\/span><br \/>\n<strong>Walkowery:<\/strong> <span style=\"color: #993300;\"><strong>0<\/strong><\/span><br \/>\n<strong>Najwi\u0119cej goli strzelonych w meczu: <span style=\"color: #993300;\">13 <\/span><\/strong><strong><span style=\"color: #993300;\">goli<\/span> (Sebbet Kostka Brukowa \u2013 Wi\u015bniowski 9:4 )<\/strong><br \/>\n<strong>Najwy\u017csza wygrana:<\/strong><strong><span style=\"color: #993300;\"> 0:9<\/span> (S\u0105czersi \u2013 Tylicz.Ski)<\/strong><br \/>\n<strong>Ilo\u015b\u0107 \u017c\u00f3\u0142tych kartek: <\/strong><span style=\"color: #993300;\"><strong>0<\/strong><\/span><br \/>\n<strong>Ilo\u015b\u0107 czerwonych kartek:<\/strong><span style=\"color: #993300;\"><strong> 0<\/strong><\/span><\/p>\n<h1><span style=\"color: #993300;\">xii KOLEJKA (20 stycze\u0144 2022)<\/span><\/h1>\n<p><strong>Liczba meczy:<\/strong><span style=\"color: #993300;\"><strong> 4<\/strong><\/span><br \/>\n<strong>Liczba goli:<\/strong><span style=\"color: #993300;\"><strong> 32<\/strong><\/span><br \/>\n<strong>\u015arednia ilo\u015b\u0107 goli na mecz: <span style=\"color: #993300;\">8<\/span><\/strong><br \/>\n<strong>Wygrane:<\/strong><span style=\"color: #993300;\"><strong> 3<\/strong><\/span><br \/>\n<strong>Remisy: <\/strong><span style=\"color: #993300;\"><strong>1<\/strong><\/span><br \/>\n<strong>Walkowery:<\/strong> <span style=\"color: #993300;\"><strong>0<\/strong><\/span><br \/>\n<strong>Najwi\u0119cej goli strzelonych w meczu: <span style=\"color: #993300;\">15 <\/span><\/strong><strong><span style=\"color: #993300;\">goli<\/span> (S\u0105czersi \u2013 MKM Izolacje The Reds 11:4 )<\/strong><br \/>\n<strong>Najwy\u017csza wygrana:<\/strong><strong><span style=\"color: #993300;\"> 11:4<\/span> (S\u0105czersi \u2013 MKM Izolacje The Reds)<\/strong><br \/>\n<strong>Ilo\u015b\u0107 \u017c\u00f3\u0142tych kartek: <\/strong><span style=\"color: #993300;\"><strong>6<\/strong><\/span><br \/>\n<strong>Ilo\u015b\u0107 czerwonych kartek:<\/strong><span style=\"color: #993300;\"><strong> 0<\/strong><\/span><\/p>\n<h1><span style=\"color: #993300;\">xiii KOLEJKA (27 stycze\u0144 2022)<\/span><\/h1>\n<p><strong>Liczba meczy:<\/strong><span style=\"color: #993300;\"><strong> 4<\/strong><\/span><br \/>\n<strong>Liczba goli:<\/strong><span style=\"color: #993300;\"><strong> 28<\/strong><\/span><br \/>\n<strong>\u015arednia ilo\u015b\u0107 goli na mecz: <span style=\"color: #993300;\">7<\/span><\/strong><br \/>\n<strong>Wygrane:<\/strong><span style=\"color: #993300;\"><strong> 3<\/strong><\/span><br \/>\n<strong>Remisy: <\/strong><span style=\"color: #993300;\"><strong>1<\/strong><\/span><br \/>\n<strong>Walkowery:<\/strong> <span style=\"color: #993300;\"><strong>0<\/strong><\/span><br \/>\n<strong>Najwi\u0119cej goli strzelonych w meczu: <span style=\"color: #993300;\">9 <\/span><\/strong><strong><span style=\"color: #993300;\">goli<\/span> (Walczyk Optyk \u2013 Sebbet Kostka Brukowa 7:2)<\/strong><br \/>\n<strong>Najwy\u017csza wygrana:<\/strong><strong><span style=\"color: #993300;\"> 7:1<\/span> (Wi\u015bniowski \u2013 Gad\u017cet Team)<\/strong><br \/>\n<strong>Ilo\u015b\u0107 \u017c\u00f3\u0142tych kartek: <\/strong><span style=\"color: #993300;\"><strong>7<\/strong><\/span><br \/>\n<strong>Ilo\u015b\u0107 czerwonych kartek:<\/strong><span style=\"color: #993300;\"><strong> 1<\/strong><\/span><\/p>\n<h1><span style=\"color: #993300;\">xiV KOLEJKA (3 LUTY 2022)<\/span><\/h1>\n<p><strong>Liczba meczy:<\/strong><span style=\"color: #993300;\"><strong> 4<\/strong><\/span><br \/>\n<strong>Liczba goli:<\/strong><span style=\"color: #993300;\"><strong> 33<\/strong><\/span><br \/>\n<strong>\u015arednia ilo\u015b\u0107 goli na mecz: <span style=\"color: #993300;\">8,25<\/span><\/strong><br \/>\n<strong>Wygrane:<\/strong><span style=\"color: #993300;\"><strong> 3<\/strong><\/span><br \/>\n<strong>Remisy: <\/strong><span style=\"color: #993300;\"><strong>1<\/strong><\/span><br \/>\n<strong>Walkowery:<\/strong> <span style=\"color: #993300;\"><strong>0<\/strong><\/span><br \/>\n<strong>Najwi\u0119cej goli strzelonych w meczu: <span style=\"color: #993300;\">18 <\/span><\/strong><strong><span style=\"color: #993300;\">goli<\/span> (MKM Izolacje The Reds \u2013 Gold team\/Meble Lorek 5:13)<\/strong><br \/>\n<strong>Najwy\u017csza wygrana:<\/strong><strong><span style=\"color: #993300;\"> 5:13<\/span> (MKM Izolacje The Reds \u2013 Gold team\/Meble Lorek)<\/strong><br \/>\n<strong>Ilo\u015b\u0107 \u017c\u00f3\u0142tych kartek: <\/strong><span style=\"color: #993300;\"><strong>0<\/strong><\/span><br \/>\n<strong>Ilo\u015b\u0107 czerwonych kartek:<\/strong><span style=\"color: #993300;\"><strong> 0<\/strong><\/span><\/p>\n","protected":false},"excerpt":{"rendered":"<p>I KOLEJKA (21 pa\u017adziernik 2021) Liczba meczy:\u00a05 Liczba goli: 40 \u015arednia ilo\u015b\u0107 goli na mecz: 8 Wygrane: 5 Remisy: 0 Walkowery:\u00a00 Najwi\u0119cej goli strzelonych w meczu: 11 goli (Tylicz.Ski &#8211; Gad\u017cet Team 8:3)\u00a0 Najwy\u017csza wygrana: 8:3 (Tylicz.Ski &#8211; Gad\u017cet Team) Ilo\u015b\u0107 \u017c\u00f3\u0142tych kartek: 6 Ilo\u015b\u0107 czerwonych kartek: 1 Ii KOLEJKA (28 pa\u017adziernik 2021) Liczba meczy: [&hellip;]<\/p>\n","protected":false},"author":1,"featured_media":0,"parent":8132,"menu_order":0,"comment_status":"closed","ping_status":"closed","template":"","meta":[],"_links":{"self":[{"href":"https:\/\/lfsportevents.pl\/ligafutsalu2021\/wp-json\/wp\/v2\/pages\/8152"}],"collection":[{"href":"https:\/\/lfsportevents.pl\/ligafutsalu2021\/wp-json\/wp\/v2\/pages"}],"about":[{"href":"https:\/\/lfsportevents.pl\/ligafutsalu2021\/wp-json\/wp\/v2\/types\/page"}],"author":[{"embeddable":true,"href":"https:\/\/lfsportevents.pl\/ligafutsalu2021\/wp-json\/wp\/v2\/users\/1"}],"replies":[{"embeddable":true,"href":"https:\/\/lfsportevents.pl\/ligafutsalu2021\/wp-json\/wp\/v2\/comments?post=8152"}],"version-history":[{"count":2,"href":"https:\/\/lfsportevents.pl\/ligafutsalu2021\/wp-json\/wp\/v2\/pages\/8152\/revisions"}],"predecessor-version":[{"id":22656,"href":"https:\/\/lfsportevents.pl\/ligafutsalu2021\/wp-json\/wp\/v2\/pages\/8152\/revisions\/22656"}],"up":[{"embeddable":true,"href":"https:\/\/lfsportevents.pl\/ligafutsalu2021\/wp-json\/wp\/v2\/pages\/8132"}],"wp:attachment":[{"href":"https:\/\/lfsportevents.pl\/ligafutsalu2021\/wp-json\/wp\/v2\/media?parent=8152"}],"curies":[{"name":"wp","href":"https:\/\/api.w.org\/{rel}","templated":true}]}}