{"id":231,"date":"2015-12-21T01:24:23","date_gmt":"2015-12-21T00:24:23","guid":{"rendered":"https:\/\/lfsportevents.pl\/ligafutsalu2018\/?page_id=231"},"modified":"2018-11-30T15:22:06","modified_gmt":"2018-11-30T14:22:06","slug":"puchar-fair-play","status":"publish","type":"page","link":"https:\/\/lfsportevents.pl\/ligafutsalu2018\/puchar-fair-play\/","title":{"rendered":"Puchar Fair Play"},"content":{"rendered":"<p style=\"text-align: justify;\">Legenda:<\/p>\n<div class=\"legenda\">\n<div class=\"item\"><b>M<\/b> = Mecze Rozegrane<\/div>\n<div class=\"item\"><b>YC<\/b> = \u017b\u00f3\u0142te kartki &#8211; 2 pkt<\/div>\n<div class=\"item\"><b>RC<\/b> = Czerwone kartki &#8211; 5 pkt<\/div>\n<div class=\"item\"><b>Walkower<\/b>\u00a0 &#8211; 8 pkt<\/div>\n<div><strong>Kara dyscyplinarna<\/strong> &#8211; 12 pkt<\/div>\n<div class=\"info\">\n<p><strong><span style=\"color: #993300;\">Aby zwyci\u0119\u017cy\u0107 w klasyfikacji Pucharu Fair Play trzeba mie\u0107 najmniej punkt\u00f3w karnych. <\/span><\/strong><\/p>\n<p><span style=\"color: #000000;\">Im mniej punkt\u00f3w w tym zestawieniu<\/span>, tym lepsza pozycja w pucharze Fair Play. Mo\u017cna klikn\u0105\u0107 w kolumn\u0119 &#8222;Suma&#8221;, aby posortowa\u0107 dru\u017cyny w odwrotnej kolejno\u015bci.<\/p>\n<p>Klasyfikacja punktacji b\u0119dzie polega\u0142a na 13 meczach, poniewa\u017c tyle ka\u017cda z dru\u017cyn na pewno rozegra.<\/p>\n<p>&nbsp;<\/p>\n<\/div>\n<\/div>\n<div class=\"sportspress\"><div class=\"sp-template sp-template-league-table\">\n\t<h4 class=\"sp-table-caption\">Puchar Fair Play<\/h4><div class=\"sp-table-wrapper\"><table class=\"sp-league-table sp-data-table sp-sortable-table sp-scrollable-table sp-paginated-table\" data-sp-rows=\"30\"><thead><tr><th class=\"data-rank\">Pozycja<\/th><th class=\"data-name\">Klub<\/th><th class=\"data-yellow\">YC<\/th><th class=\"data-rc\">RC<\/th><th class=\"data-walkower\">Walkower<\/th><th class=\"data-karadyscyplinarna\">Kara dyscyplinarna<\/th><th class=\"data-przelozony\">Prze\u0142o\u017cony mecz<\/th><th class=\"data-suma\">Suma<\/th><\/tr><\/thead><tbody><tr class=\"odd sp-row-no-0\"><td class=\"data-rank\" data-label=\"Pozycja\">1<\/td><td class=\"data-name\" data-label=\"Klub\"><a href=\"https:\/\/lfsportevents.pl\/ligafutsalu2018\/team\/q-graf\/\">Tylicz Ski<\/a><\/td><td class=\"data-yellow\" data-label=\"YC\">6<\/td><td class=\"data-rc\" data-label=\"RC\">0<\/td><td class=\"data-walkower\" data-label=\"Walkower\">0<\/td><td class=\"data-karadyscyplinarna\" data-label=\"Kara dyscyplinarna\">0<\/td><td class=\"data-przelozony\" data-label=\"Prze\u0142o\u017cony mecz\">0<\/td><td class=\"data-suma\" data-label=\"Suma\">12<\/td><\/tr><tr class=\"even sp-row-no-1\"><td class=\"data-rank\" data-label=\"Pozycja\">2<\/td><td class=\"data-name\" data-label=\"Klub\"><a href=\"https:\/\/lfsportevents.pl\/ligafutsalu2018\/team\/gold-team\/\">Gold Team\/Meble Lorek<\/a><\/td><td class=\"data-yellow\" data-label=\"YC\">5<\/td><td class=\"data-rc\" data-label=\"RC\">0<\/td><td class=\"data-walkower\" data-label=\"Walkower\">0<\/td><td class=\"data-karadyscyplinarna\" data-label=\"Kara dyscyplinarna\">0<\/td><td class=\"data-przelozony\" data-label=\"Prze\u0142o\u017cony mecz\">0<\/td><td class=\"data-suma\" data-label=\"Suma\">10<\/td><\/tr><tr class=\"odd sp-row-no-2\"><td class=\"data-rank\" data-label=\"Pozycja\">3<\/td><td class=\"data-name\" data-label=\"Klub\"><a href=\"https:\/\/lfsportevents.pl\/ligafutsalu2018\/team\/meble-kocemba-frb-wozniak\/\">Meble Kocemba\/FRB Wo\u017aniak<\/a><\/td><td class=\"data-yellow\" data-label=\"YC\">10<\/td><td class=\"data-rc\" data-label=\"RC\">1<\/td><td class=\"data-walkower\" data-label=\"Walkower\">0<\/td><td class=\"data-karadyscyplinarna\" data-label=\"Kara dyscyplinarna\">0<\/td><td class=\"data-przelozony\" data-label=\"Prze\u0142o\u017cony mecz\">0<\/td><td class=\"data-suma\" data-label=\"Suma\">25<\/td><\/tr><tr class=\"even sp-row-no-3\"><td class=\"data-rank\" data-label=\"Pozycja\">4<\/td><td class=\"data-name\" data-label=\"Klub\"><a href=\"https:\/\/lfsportevents.pl\/ligafutsalu2018\/team\/greenpowerns\/\">Greenpowerns<\/a><\/td><td class=\"data-yellow\" data-label=\"YC\">6<\/td><td class=\"data-rc\" data-label=\"RC\">1<\/td><td class=\"data-walkower\" data-label=\"Walkower\">0<\/td><td class=\"data-karadyscyplinarna\" data-label=\"Kara dyscyplinarna\">0<\/td><td class=\"data-przelozony\" data-label=\"Prze\u0142o\u017cony mecz\">0<\/td><td class=\"data-suma\" data-label=\"Suma\">17<\/td><\/tr><tr class=\"odd sp-row-no-4\"><td class=\"data-rank\" data-label=\"Pozycja\">5<\/td><td class=\"data-name\" data-label=\"Klub\"><a href=\"https:\/\/lfsportevents.pl\/ligafutsalu2018\/team\/dom-kredytowy-notus\/\">Notus Finanse<\/a><\/td><td class=\"data-yellow\" data-label=\"YC\">13<\/td><td class=\"data-rc\" data-label=\"RC\">1<\/td><td class=\"data-walkower\" data-label=\"Walkower\">0<\/td><td class=\"data-karadyscyplinarna\" data-label=\"Kara dyscyplinarna\">0<\/td><td class=\"data-przelozony\" data-label=\"Prze\u0142o\u017cony mecz\">0<\/td><td class=\"data-suma\" data-label=\"Suma\">31<\/td><\/tr><tr class=\"even sp-row-no-5\"><td class=\"data-rank\" data-label=\"Pozycja\">6<\/td><td class=\"data-name\" data-label=\"Klub\"><a href=\"https:\/\/lfsportevents.pl\/ligafutsalu2018\/team\/kamex\/\">Dom Weselny Sylwia<\/a><\/td><td class=\"data-yellow\" data-label=\"YC\">9<\/td><td class=\"data-rc\" data-label=\"RC\">1<\/td><td class=\"data-walkower\" data-label=\"Walkower\">0<\/td><td class=\"data-karadyscyplinarna\" data-label=\"Kara dyscyplinarna\">0<\/td><td class=\"data-przelozony\" data-label=\"Prze\u0142o\u017cony mecz\">0<\/td><td class=\"data-suma\" data-label=\"Suma\">23<\/td><\/tr><tr class=\"odd sp-row-no-6\"><td class=\"data-rank\" data-label=\"Pozycja\">7<\/td><td class=\"data-name\" data-label=\"Klub\"><a href=\"https:\/\/lfsportevents.pl\/ligafutsalu2018\/team\/walczyk-optyk\/\">Walczyk Optyk<\/a><\/td><td class=\"data-yellow\" data-label=\"YC\">7<\/td><td class=\"data-rc\" data-label=\"RC\">0<\/td><td class=\"data-walkower\" data-label=\"Walkower\">0<\/td><td class=\"data-karadyscyplinarna\" data-label=\"Kara dyscyplinarna\">0<\/td><td class=\"data-przelozony\" data-label=\"Prze\u0142o\u017cony mecz\">0<\/td><td class=\"data-suma\" data-label=\"Suma\">14<\/td><\/tr><tr class=\"even sp-row-no-7\"><td class=\"data-rank\" data-label=\"Pozycja\">8<\/td><td class=\"data-name\" data-label=\"Klub\"><a href=\"https:\/\/lfsportevents.pl\/ligafutsalu2018\/team\/sonycarforum\/\">Sony Centre<\/a><\/td><td class=\"data-yellow\" data-label=\"YC\">7<\/td><td class=\"data-rc\" data-label=\"RC\">1<\/td><td class=\"data-walkower\" data-label=\"Walkower\">0<\/td><td class=\"data-karadyscyplinarna\" data-label=\"Kara dyscyplinarna\">0<\/td><td class=\"data-przelozony\" data-label=\"Prze\u0142o\u017cony mecz\">0<\/td><td class=\"data-suma\" data-label=\"Suma\">19<\/td><\/tr><tr class=\"odd sp-row-no-8\"><td class=\"data-rank\" data-label=\"Pozycja\">9<\/td><td class=\"data-name\" data-label=\"Klub\"><a href=\"https:\/\/lfsportevents.pl\/ligafutsalu2018\/team\/wisniowski\/\">Wi\u015bniowski<\/a><\/td><td class=\"data-yellow\" data-label=\"YC\">8<\/td><td class=\"data-rc\" data-label=\"RC\">0<\/td><td class=\"data-walkower\" data-label=\"Walkower\">0<\/td><td class=\"data-karadyscyplinarna\" data-label=\"Kara dyscyplinarna\">0<\/td><td class=\"data-przelozony\" data-label=\"Prze\u0142o\u017cony mecz\">0<\/td><td class=\"data-suma\" data-label=\"Suma\">16<\/td><\/tr><tr class=\"even sp-row-no-9\"><td class=\"data-rank\" data-label=\"Pozycja\">10<\/td><td class=\"data-name\" data-label=\"Klub\"><a href=\"https:\/\/lfsportevents.pl\/ligafutsalu2018\/team\/gadzet-team\/\">Gad\u017cet Team<\/a><\/td><td class=\"data-yellow\" data-label=\"YC\">3<\/td><td class=\"data-rc\" data-label=\"RC\">0<\/td><td class=\"data-walkower\" data-label=\"Walkower\">0<\/td><td class=\"data-karadyscyplinarna\" data-label=\"Kara dyscyplinarna\">0<\/td><td class=\"data-przelozony\" data-label=\"Prze\u0142o\u017cony mecz\">0<\/td><td class=\"data-suma\" data-label=\"Suma\">6<\/td><\/tr><tr class=\"odd sp-row-no-10\"><td class=\"data-rank\" data-label=\"Pozycja\">11<\/td><td class=\"data-name\" data-label=\"Klub\"><a href=\"https:\/\/lfsportevents.pl\/ligafutsalu2018\/team\/dukat-antykwariat\/\">Bruk-Ogr\u00f3d-Nowak<\/a><\/td><td class=\"data-yellow\" data-label=\"YC\">5<\/td><td class=\"data-rc\" data-label=\"RC\">0<\/td><td class=\"data-walkower\" data-label=\"Walkower\">0<\/td><td class=\"data-karadyscyplinarna\" data-label=\"Kara dyscyplinarna\">0<\/td><td class=\"data-przelozony\" data-label=\"Prze\u0142o\u017cony mecz\">0<\/td><td class=\"data-suma\" data-label=\"Suma\">10<\/td><\/tr><tr class=\"even sp-row-no-11\"><td class=\"data-rank\" data-label=\"Pozycja\">12<\/td><td class=\"data-name\" data-label=\"Klub\"><a href=\"https:\/\/lfsportevents.pl\/ligafutsalu2018\/team\/the-reds\/\">The Reds Inter-Jack<\/a><\/td><td class=\"data-yellow\" data-label=\"YC\">3<\/td><td class=\"data-rc\" data-label=\"RC\">0<\/td><td class=\"data-walkower\" data-label=\"Walkower\">0<\/td><td class=\"data-karadyscyplinarna\" data-label=\"Kara dyscyplinarna\">0<\/td><td class=\"data-przelozony\" data-label=\"Prze\u0142o\u017cony mecz\">0<\/td><td class=\"data-suma\" data-label=\"Suma\">6<\/td><\/tr><tr class=\"odd sp-row-no-12\"><td class=\"data-rank\" data-label=\"Pozycja\">13<\/td><td class=\"data-name\" data-label=\"Klub\"><a href=\"https:\/\/lfsportevents.pl\/ligafutsalu2018\/team\/newag\/\">Newag<\/a><\/td><td class=\"data-yellow\" data-label=\"YC\">5<\/td><td class=\"data-rc\" data-label=\"RC\">0<\/td><td class=\"data-walkower\" data-label=\"Walkower\">0<\/td><td class=\"data-karadyscyplinarna\" data-label=\"Kara dyscyplinarna\">0<\/td><td class=\"data-przelozony\" data-label=\"Prze\u0142o\u017cony mecz\">0<\/td><td class=\"data-suma\" data-label=\"Suma\">10<\/td><\/tr><tr class=\"even sp-row-no-13\"><td class=\"data-rank\" data-label=\"Pozycja\">14<\/td><td class=\"data-name\" data-label=\"Klub\"><a href=\"https:\/\/lfsportevents.pl\/ligafutsalu2018\/team\/sandecja-old-boys\/\">Sandecja Old Boys<\/a><\/td><td class=\"data-yellow\" data-label=\"YC\">3<\/td><td class=\"data-rc\" data-label=\"RC\">0<\/td><td class=\"data-walkower\" data-label=\"Walkower\">0<\/td><td class=\"data-karadyscyplinarna\" data-label=\"Kara dyscyplinarna\">0<\/td><td class=\"data-przelozony\" data-label=\"Prze\u0142o\u017cony mecz\">0<\/td><td class=\"data-suma\" data-label=\"Suma\">6<\/td><\/tr><tr class=\"odd sp-row-no-14\"><td class=\"data-rank\" data-label=\"Pozycja\">15<\/td><td class=\"data-name\" data-label=\"Klub\"><a href=\"https:\/\/lfsportevents.pl\/ligafutsalu2018\/team\/baz-pal-ii\/\">Baz Pal II<\/a><\/td><td class=\"data-yellow\" data-label=\"YC\">6<\/td><td class=\"data-rc\" data-label=\"RC\">0<\/td><td class=\"data-walkower\" data-label=\"Walkower\">0<\/td><td class=\"data-karadyscyplinarna\" data-label=\"Kara dyscyplinarna\">0<\/td><td class=\"data-przelozony\" data-label=\"Prze\u0142o\u017cony mecz\">0<\/td><td class=\"data-suma\" data-label=\"Suma\">12<\/td><\/tr><tr class=\"even sp-row-no-15\"><td class=\"data-rank\" data-label=\"Pozycja\">16<\/td><td class=\"data-name\" data-label=\"Klub\"><a href=\"https:\/\/lfsportevents.pl\/ligafutsalu2018\/team\/wisniowski-ii\/\">Wi\u015bniowski II<\/a><\/td><td class=\"data-yellow\" data-label=\"YC\">4<\/td><td class=\"data-rc\" data-label=\"RC\">0<\/td><td class=\"data-walkower\" data-label=\"Walkower\">0<\/td><td class=\"data-karadyscyplinarna\" data-label=\"Kara dyscyplinarna\">0<\/td><td class=\"data-przelozony\" data-label=\"Prze\u0142o\u017cony mecz\">0<\/td><td class=\"data-suma\" data-label=\"Suma\">8<\/td><\/tr><tr class=\"odd sp-row-no-16\"><td class=\"data-rank\" data-label=\"Pozycja\">17<\/td><td class=\"data-name\" data-label=\"Klub\"><a href=\"https:\/\/lfsportevents.pl\/ligafutsalu2018\/team\/gosdrob\/\">Gosdrob<\/a><\/td><td class=\"data-yellow\" data-label=\"YC\">4<\/td><td class=\"data-rc\" data-label=\"RC\">0<\/td><td class=\"data-walkower\" data-label=\"Walkower\">0<\/td><td class=\"data-karadyscyplinarna\" data-label=\"Kara dyscyplinarna\">0<\/td><td class=\"data-przelozony\" data-label=\"Prze\u0142o\u017cony mecz\">0<\/td><td class=\"data-suma\" data-label=\"Suma\">8<\/td><\/tr><tr class=\"even sp-row-no-17\"><td class=\"data-rank\" data-label=\"Pozycja\">18<\/td><td class=\"data-name\" data-label=\"Klub\"><a href=\"https:\/\/lfsportevents.pl\/ligafutsalu2018\/team\/instalservice\/\">Instalservice<\/a><\/td><td class=\"data-yellow\" data-label=\"YC\">11<\/td><td class=\"data-rc\" data-label=\"RC\">4<\/td><td class=\"data-walkower\" data-label=\"Walkower\">0<\/td><td class=\"data-karadyscyplinarna\" data-label=\"Kara dyscyplinarna\">0<\/td><td class=\"data-przelozony\" data-label=\"Prze\u0142o\u017cony mecz\">0<\/td><td class=\"data-suma\" data-label=\"Suma\">42<\/td><\/tr><tr class=\"odd sp-row-no-18\"><td class=\"data-rank\" data-label=\"Pozycja\">19<\/td><td class=\"data-name\" data-label=\"Klub\"><a href=\"https:\/\/lfsportevents.pl\/ligafutsalu2018\/team\/konspol-holding\/\">Konspol Holding<\/a><\/td><td class=\"data-yellow\" data-label=\"YC\">9<\/td><td class=\"data-rc\" data-label=\"RC\">1<\/td><td class=\"data-walkower\" data-label=\"Walkower\">0<\/td><td class=\"data-karadyscyplinarna\" data-label=\"Kara dyscyplinarna\">0<\/td><td class=\"data-przelozony\" data-label=\"Prze\u0142o\u017cony mecz\">0<\/td><td class=\"data-suma\" data-label=\"Suma\">23<\/td><\/tr><tr class=\"even sp-row-no-19\"><td class=\"data-rank\" data-label=\"Pozycja\">20<\/td><td class=\"data-name\" data-label=\"Klub\"><a href=\"https:\/\/lfsportevents.pl\/ligafutsalu2018\/team\/baz-pal\/\">Baz Pal<\/a><\/td><td class=\"data-yellow\" data-label=\"YC\">6<\/td><td class=\"data-rc\" data-label=\"RC\">1<\/td><td class=\"data-walkower\" data-label=\"Walkower\">0<\/td><td class=\"data-karadyscyplinarna\" data-label=\"Kara dyscyplinarna\">0<\/td><td class=\"data-przelozony\" data-label=\"Prze\u0142o\u017cony mecz\">0<\/td><td class=\"data-suma\" data-label=\"Suma\">17<\/td><\/tr><tr class=\"odd sp-row-no-20\"><td class=\"data-rank\" data-label=\"Pozycja\">21<\/td><td class=\"data-name\" data-label=\"Klub\"><a href=\"https:\/\/lfsportevents.pl\/ligafutsalu2018\/team\/zbd\/\">ZBD<\/a><\/td><td class=\"data-yellow\" data-label=\"YC\">4<\/td><td class=\"data-rc\" data-label=\"RC\">0<\/td><td class=\"data-walkower\" data-label=\"Walkower\">1<\/td><td class=\"data-karadyscyplinarna\" data-label=\"Kara dyscyplinarna\">0<\/td><td class=\"data-przelozony\" data-label=\"Prze\u0142o\u017cony mecz\">0<\/td><td class=\"data-suma\" data-label=\"Suma\">10<\/td><\/tr><tr class=\"even sp-row-no-21\"><td class=\"data-rank\" data-label=\"Pozycja\">22<\/td><td class=\"data-name\" data-label=\"Klub\"><a href=\"https:\/\/lfsportevents.pl\/ligafutsalu2018\/team\/stal-bud-nawojowa\/\">Stal-Bud Nawojowa<\/a><\/td><td class=\"data-yellow\" data-label=\"YC\">4<\/td><td class=\"data-rc\" data-label=\"RC\">0<\/td><td class=\"data-walkower\" data-label=\"Walkower\">0<\/td><td class=\"data-karadyscyplinarna\" data-label=\"Kara dyscyplinarna\">0<\/td><td class=\"data-przelozony\" data-label=\"Prze\u0142o\u017cony mecz\">0<\/td><td class=\"data-suma\" data-label=\"Suma\">8<\/td><\/tr><tr class=\"odd sp-row-no-22\"><td class=\"data-rank\" data-label=\"Pozycja\">23<\/td><td class=\"data-name\" data-label=\"Klub\"><a href=\"https:\/\/lfsportevents.pl\/ligafutsalu2018\/team\/casablanca-niskowa\/\">Casablanca Niskowa<\/a><\/td><td class=\"data-yellow\" data-label=\"YC\">1<\/td><td class=\"data-rc\" data-label=\"RC\">1<\/td><td class=\"data-walkower\" data-label=\"Walkower\">0<\/td><td class=\"data-karadyscyplinarna\" data-label=\"Kara dyscyplinarna\">0<\/td><td class=\"data-przelozony\" data-label=\"Prze\u0142o\u017cony mecz\">0<\/td><td class=\"data-suma\" data-label=\"Suma\">7<\/td><\/tr><tr class=\"even sp-row-no-23\"><td class=\"data-rank\" data-label=\"Pozycja\">24<\/td><td class=\"data-name\" data-label=\"Klub\"><a href=\"https:\/\/lfsportevents.pl\/ligafutsalu2018\/team\/tradycja-fabryka-okien\/\">Tradycja Fabryka Okien<\/a><\/td><td class=\"data-yellow\" data-label=\"YC\">1<\/td><td class=\"data-rc\" data-label=\"RC\">0<\/td><td class=\"data-walkower\" data-label=\"Walkower\">0<\/td><td class=\"data-karadyscyplinarna\" data-label=\"Kara dyscyplinarna\">0<\/td><td class=\"data-przelozony\" data-label=\"Prze\u0142o\u017cony mecz\">0<\/td><td class=\"data-suma\" data-label=\"Suma\">2<\/td><\/tr><tr class=\"odd sp-row-no-24\"><td class=\"data-rank\" data-label=\"Pozycja\">25<\/td><td class=\"data-name\" data-label=\"Klub\"><a href=\"https:\/\/lfsportevents.pl\/ligafutsalu2018\/team\/brzezna\/\">Brzezna<\/a><\/td><td class=\"data-yellow\" data-label=\"YC\">7<\/td><td class=\"data-rc\" data-label=\"RC\">0<\/td><td class=\"data-walkower\" data-label=\"Walkower\">0<\/td><td class=\"data-karadyscyplinarna\" data-label=\"Kara dyscyplinarna\">0<\/td><td class=\"data-przelozony\" data-label=\"Prze\u0142o\u017cony mecz\">0<\/td><td class=\"data-suma\" data-label=\"Suma\">14<\/td><\/tr><tr class=\"even sp-row-no-25\"><td class=\"data-rank\" data-label=\"Pozycja\">26<\/td><td class=\"data-name\" data-label=\"Klub\"><a href=\"https:\/\/lfsportevents.pl\/ligafutsalu2018\/team\/akademia-goal\/\">Akademia Goal<\/a><\/td><td class=\"data-yellow\" data-label=\"YC\">3<\/td><td class=\"data-rc\" data-label=\"RC\">0<\/td><td class=\"data-walkower\" data-label=\"Walkower\">0<\/td><td class=\"data-karadyscyplinarna\" data-label=\"Kara dyscyplinarna\">0<\/td><td class=\"data-przelozony\" data-label=\"Prze\u0142o\u017cony mecz\">0<\/td><td class=\"data-suma\" data-label=\"Suma\">6<\/td><\/tr><tr class=\"odd sp-row-no-26\"><td class=\"data-rank\" data-label=\"Pozycja\">27<\/td><td class=\"data-name\" data-label=\"Klub\"><a href=\"https:\/\/lfsportevents.pl\/ligafutsalu2018\/team\/podmuch-palestyna\/\">Ibis Styles N.S.<\/a><\/td><td class=\"data-yellow\" data-label=\"YC\">6<\/td><td class=\"data-rc\" data-label=\"RC\">0<\/td><td class=\"data-walkower\" data-label=\"Walkower\">0<\/td><td class=\"data-karadyscyplinarna\" data-label=\"Kara dyscyplinarna\">0<\/td><td class=\"data-przelozony\" data-label=\"Prze\u0142o\u017cony mecz\">0<\/td><td class=\"data-suma\" data-label=\"Suma\">12<\/td><\/tr><tr class=\"even sp-row-no-27\"><td class=\"data-rank\" data-label=\"Pozycja\">28<\/td><td class=\"data-name\" data-label=\"Klub\"><a href=\"https:\/\/lfsportevents.pl\/ligafutsalu2018\/team\/el-kag-team\/\">El-Kag Team<\/a><\/td><td class=\"data-yellow\" data-label=\"YC\">3<\/td><td class=\"data-rc\" data-label=\"RC\">0<\/td><td class=\"data-walkower\" data-label=\"Walkower\">0<\/td><td class=\"data-karadyscyplinarna\" data-label=\"Kara dyscyplinarna\">0<\/td><td class=\"data-przelozony\" data-label=\"Prze\u0142o\u017cony mecz\">0<\/td><td class=\"data-suma\" data-label=\"Suma\">6<\/td><\/tr><tr class=\"odd sp-row-no-28\"><td class=\"data-rank\" data-label=\"Pozycja\">29<\/td><td class=\"data-name\" data-label=\"Klub\"><a href=\"https:\/\/lfsportevents.pl\/ligafutsalu2018\/team\/batimowcy\/\">Batimowcy<\/a><\/td><td class=\"data-yellow\" data-label=\"YC\">4<\/td><td class=\"data-rc\" data-label=\"RC\">0<\/td><td class=\"data-walkower\" data-label=\"Walkower\">0<\/td><td class=\"data-karadyscyplinarna\" data-label=\"Kara dyscyplinarna\">0<\/td><td class=\"data-przelozony\" data-label=\"Prze\u0142o\u017cony mecz\">0<\/td><td class=\"data-suma\" data-label=\"Suma\">8<\/td><\/tr><tr class=\"even sp-row-no-29\"><td class=\"data-rank\" data-label=\"Pozycja\">30<\/td><td class=\"data-name\" data-label=\"Klub\"><a href=\"https:\/\/lfsportevents.pl\/ligafutsalu2018\/team\/stowarzyszenie-dla-miasta\/\">Stowarzyszenie Dla Miasta<\/a><\/td><td class=\"data-yellow\" data-label=\"YC\">5<\/td><td class=\"data-rc\" data-label=\"RC\">0<\/td><td class=\"data-walkower\" data-label=\"Walkower\">0<\/td><td class=\"data-karadyscyplinarna\" data-label=\"Kara dyscyplinarna\">0<\/td><td class=\"data-przelozony\" data-label=\"Prze\u0142o\u017cony mecz\">0<\/td><td class=\"data-suma\" data-label=\"Suma\">10<\/td><\/tr><\/tbody><\/table><\/div><\/div>\n<\/div>\n<p>&nbsp;<\/p>\n","protected":false},"excerpt":{"rendered":"<p>Legenda: M = Mecze Rozegrane YC = \u017b\u00f3\u0142te kartki &#8211; 2 pkt RC = Czerwone kartki &#8211; 5 pkt Walkower\u00a0 &#8211; 8 pkt Kara dyscyplinarna &#8211; 12 pkt Aby zwyci\u0119\u017cy\u0107 w klasyfikacji Pucharu Fair Play trzeba mie\u0107 najmniej punkt\u00f3w karnych. Im mniej punkt\u00f3w w tym zestawieniu, tym lepsza pozycja w pucharze Fair Play. Mo\u017cna klikn\u0105\u0107 [&hellip;]<\/p>\n","protected":false},"author":1,"featured_media":0,"parent":0,"menu_order":0,"comment_status":"closed","ping_status":"closed","template":"","meta":{"footnotes":""},"_links":{"self":[{"href":"https:\/\/lfsportevents.pl\/ligafutsalu2018\/wp-json\/wp\/v2\/pages\/231"}],"collection":[{"href":"https:\/\/lfsportevents.pl\/ligafutsalu2018\/wp-json\/wp\/v2\/pages"}],"about":[{"href":"https:\/\/lfsportevents.pl\/ligafutsalu2018\/wp-json\/wp\/v2\/types\/page"}],"author":[{"embeddable":true,"href":"https:\/\/lfsportevents.pl\/ligafutsalu2018\/wp-json\/wp\/v2\/users\/1"}],"replies":[{"embeddable":true,"href":"https:\/\/lfsportevents.pl\/ligafutsalu2018\/wp-json\/wp\/v2\/comments?post=231"}],"version-history":[{"count":3,"href":"https:\/\/lfsportevents.pl\/ligafutsalu2018\/wp-json\/wp\/v2\/pages\/231\/revisions"}],"predecessor-version":[{"id":16031,"href":"https:\/\/lfsportevents.pl\/ligafutsalu2018\/wp-json\/wp\/v2\/pages\/231\/revisions\/16031"}],"wp:attachment":[{"href":"https:\/\/lfsportevents.pl\/ligafutsalu2018\/wp-json\/wp\/v2\/media?parent=231"}],"curies":[{"name":"wp","href":"https:\/\/api.w.org\/{rel}","templated":true}]}}