{"id":161,"date":"2015-12-20T17:42:50","date_gmt":"2015-12-20T16:42:50","guid":{"rendered":"https:\/\/lfsportevents.pl\/ligafutsalu2018\/?page_id=161"},"modified":"2018-10-06T11:05:12","modified_gmt":"2018-10-06T09:05:12","slug":"o-lidze","status":"publish","type":"page","link":"https:\/\/lfsportevents.pl\/ligafutsalu2018\/o-lidze\/","title":{"rendered":"O LIDZE"},"content":{"rendered":"<h2 style=\"text-align: center;\"><img loading=\"lazy\" decoding=\"async\" class=\"alignnone size-full wp-image-13688\" src=\"https:\/\/lfsportevents.pl\/ligafutsalu2018\/wp-content\/uploads\/2018\/09\/ELKAG-omistrzostwo2.png\" alt=\"\" width=\"1600\" height=\"229\" srcset=\"https:\/\/lfsportevents.pl\/ligafutsalu2018\/wp-content\/uploads\/2018\/09\/ELKAG-omistrzostwo2.png 1600w, https:\/\/lfsportevents.pl\/ligafutsalu2018\/wp-content\/uploads\/2018\/09\/ELKAG-omistrzostwo2-300x43.png 300w, https:\/\/lfsportevents.pl\/ligafutsalu2018\/wp-content\/uploads\/2018\/09\/ELKAG-omistrzostwo2-768x110.png 768w, https:\/\/lfsportevents.pl\/ligafutsalu2018\/wp-content\/uploads\/2018\/09\/ELKAG-omistrzostwo2-1024x147.png 1024w, https:\/\/lfsportevents.pl\/ligafutsalu2018\/wp-content\/uploads\/2018\/09\/ELKAG-omistrzostwo2-128x18.png 128w, https:\/\/lfsportevents.pl\/ligafutsalu2018\/wp-content\/uploads\/2018\/09\/ELKAG-omistrzostwo2-32x5.png 32w, https:\/\/lfsportevents.pl\/ligafutsalu2018\/wp-content\/uploads\/2018\/09\/ELKAG-omistrzostwo2-550x79.png 550w\" sizes=\"(max-width: 1600px) 100vw, 1600px\" \/><\/h2>\n<p style=\"text-align: justify;\">\u00a0 \u00a0 \u00a0 \u00a0 \u00a0\u00a0 Firma <strong><span style=\"color: #993300;\">\u0141F SPORT EVENTS<\/span><\/strong> pragnie serdecznie zaprosi\u0107 na <strong><span style=\"color: #993300;\">EL-KAG LIG\u0118 FUTSALU\u00a0&#8211; sezon 2018\/19<\/span><\/strong>, oraz na<span style=\"color: #993300;\"><strong> PUCHAR LIGI FUTSALU<\/strong><\/span>, w kt\u00f3rych\u00a0 prze\u017cyjecie niezapomniane chwil\u0119. Gwarantujemy najwy\u017cszy poziom organizacyjny, kulturalny i sportowy.<\/p>\n<p style=\"text-align: justify;\">\u00a0 \u00a0 \u00a0 \u00a0\u00a0 W tym sezonie rozgrywki zostan\u0105 podzielone na Ekstraklas\u0119 i 1 Lig\u0119, a w razie zainteresowania stworzymy r\u00f3wnie\u017c 2 Lig\u0119. O przydzieleniu Ligi dla dru\u017cyny, decyduj\u0105 wyniki z poprzedniego sezonu. Nowe dru\u017cyny wst\u0119pnie przydzielimy w najni\u017cszej lidze, jednak\u017ce mog\u0105 odby\u0107 si\u0119 eliminacje, kt\u00f3re dadz\u0105 im szanse startu od wy\u017cszej ligi. Te kwestie oczywi\u015bcie b\u0119d\u0105 rozwa\u017cone po zapisach, jak ju\u017c poznamy finaln\u0105 ilo\u015b\u0107 dru\u017cyn. Zespo\u0142y kt\u00f3re uczestniczy\u0142y w tamtym sezonie w Nowos\u0105deckiej Lidze Futsalu, maj\u0105 pierwsze\u0144stwo w zapisach, i musz\u0105 zg\u0142osi\u0107 sw\u00f3j udzia\u0142 i op\u0142aci\u0107 wpisowe najp\u00f3\u017aniej do <strong><span style=\"color: #993300;\">15 pa\u017adziernika 2018. <\/span><\/strong><span style=\"color: #000000;\">Wym\u00f3g ten jest podyktowany tym, i\u017c musimy wiedzie\u0107 kto z zesz\u0142ego sezonu b\u0119dzie gra\u0142, tak by\u015bmy wiedzieli ile nowych dru\u017cyn mo\u017cemy przyj\u0105\u0107.\u00a0<\/span><\/p>\n<p style=\"text-align: justify;\">\u00a0 \u00a0 \u00a0 \u00a0 \u00a0 W sezonie 2018\/19, podobnie jak rok wcze\u015bniej, mo\u017cna wybra\u0107 dwa pakiety: Pierwszy to El-Kag Liga Futsalu, drugi pakiet, to rozgrywki El-Kag Ligi Futsalu i Pucharu Ligi Futsalu. Je\u017celi kto\u015b wybierze pakiet samej ligi, to b\u0119dzie mia\u0142 przerwy w grze, \u015brednio co 3 kolejk\u0119. Ci co wybior\u0105 pe\u0142ny pakiet Ligi i Pucharu Ligi, b\u0119d\u0105 mie\u0107 granie co tydzie\u0144. Puchar Ligi b\u0119dzie wkomponowany w lig\u0119 na przemian.<\/p>\n<h4 style=\"text-align: justify;\"><span style=\"color: #993300;\"><strong>SPRAWD\u0179 OFERT\u0118 EL-KAG LIGI FUTSALU NA SEZON 2018\/19:<span style=\"color: #ff0000;\"> <a style=\"color: #ff0000;\" href=\"https:\/\/lfsportevents.pl\/oferta\/\" target=\"_blank\" rel=\"noopener\">Kliknij tutaj<\/a>\u00a0<\/span><\/strong><\/span><\/h4>\n<p style=\"text-align: justify;\">\u00a0\u00a0\u00a0\u00a0\u00a0\u00a0\u00a0\u00a0\u00a0 Jak sama nazwa wskazuje rozgrywki s\u0142u\u017c\u0105 wy\u0142onieniu najlepszej amatorskiej dru\u017cyny w Nowos\u0105decczy\u017anie. W Lidze, b\u0119d\u0105 mog\u0142y rywalizowa\u0107 dru\u017cyny 5 \u2013 osobowe (4 zawodnik\u00f3w w polu + 1 bramkarz). Rozgrywki te b\u0119d\u0105 w pe\u0142ni profesjonalnie zorganizowane, stworzone dla grup znajomych, firm, instytucji, szk\u00f3\u0142, student\u00f3w a przede wszystkim dla pasjonat\u00f3w pi\u0142ki no\u017cnej. W jednym s\u0142owie El-Kag Liga Futsalu, skierowana jest do wszystkich, kt\u00f3rzy ceni\u0105 sobie ducha sportowej rywalizacji i chc\u0105 przy tym dba\u0107 o zdrowy tryb \u017cycia. Zmagania pi\u0142karskie to r\u00f3wnie\u017c doskona\u0142a okazja do podtrzymania starych znajomo\u015bci oraz poznania nowych ludzi. Nadrz\u0119dnym planem jest by wszystkie mecze odby\u0142y si\u0119 w jak najlepszej atmosferze, omijaj\u0105c wszelkiego rodzaju kontuzje. Liga ta ma by\u0107 miejscem sportowej rywalizacji, ale w ferworze walki fair play. Bardzo du\u017cy nacisk k\u0142adziemy by zach\u0119ca\u0107 do uczciwej i zdrowej rywalizacji nagradzaj\u0105c najbardziej wyrafinowan\u0105 dru\u017cyn\u0119 Pucharem Fair Play.<\/p>\n<p style=\"text-align: justify;\">\u00a0 \u00a0 \u00a0 \u00a0 El-Kag Liga Futsalu gwarantuje wspania\u0142e narody, gdzie b\u0119dzie mo\u017cna zdoby\u0107 puchary, medale, nagrody rzeczowe, a tak\u017ce bony pieni\u0119\u017cne dla dru\u017cyn, oraz dla najlepszych indywidualnie zawodnik\u00f3w. Pod wzgl\u0119dem organizacyjnym jeste\u015bmy jednak przygotowani na du\u017co wi\u0119cej. \u017badna dru\u017cyna nie zako\u0144czy sezonu bez nagrody. <span style=\"color: #993300;\"><strong>Gwarantowana nagroda DLA KA\u017bDEJ DRU\u017bYNY !!!<\/strong><\/span><\/p>\n<p style=\"text-align: justify;\">\u00a0 \u00a0 \u00a0 \u00a0 \u00a0 <strong><span style=\"color: #993300;\">Rozgrywki El-Kag Ligi Futsalu, oraz Pucharu Ligi Futsalu, b\u0119d\u0105 przeprowadzane w \u015brody (I Liga) i czwartki (Ekstraklasa) od 18:00 do 22:10<\/span><\/strong><\/p>\n<p style=\"text-align: justify;\">\u00a0 \u00a0 \u00a0 \u00a0 Nad poziomem sportowej rywalizacji czuwa\u0107 b\u0119d\u0105 wykwalifikowani s\u0119dziowie z Kolegium S\u0119dziowskiego\u00a0w Nowym S\u0105czu. Wyci\u0105gamy te\u017c wnioski z innych imprez i widzimy i wiemy kt\u00f3rzy s\u0119dziowie sprostaj\u0105 naszym wysokim wymaganiom.<\/p>\n<p>\u00a0 \u00a0 \u00a0 \u00a0 \u00a0 \u00a0El-Kag Liga Futsalu\u00a0dopuszcza do rozgrywek dru\u017cyny nie b\u0119d\u0105ce z Powiatu Nowos\u0105deckiego.<\/p>\n<p>Podsumowanie El-Kag Ligi Futsalu, tradycyjnie odb\u0119dzie si\u0119 Gal\u0105 Zako\u0144czenia, gdzie wr\u0119czymy nagrody, wyr\u00f3\u017cnienia i podzi\u0119kowania, lecz termin imiejsce podamy w p\u00f3\u017aniejszym terminie.<\/p>\n<p>&nbsp;<\/p>\n<h1 style=\"text-align: center;\"><span style=\"color: #993300;\"><strong>JAK ZAPISA\u0106 DRU\u017bYN\u0118?\u00a0<\/strong><\/span><\/h1>\n<p style=\"text-align: justify;\"><strong><span style=\"color: #ff0000;\">\u00a0 \u00a0 \u00a0 \u00a0 ZAPISY RUSZAJ\u0104 10 PA\u0179DZIERNIKA 2018 ROKU, ZATEM INFORMACJE W JAKI SPOS\u00d3B ZAPISA\u0106 DRU\u017bYN\u0118 (FORMULARZE, O\u015aWIADCZENIA, REGULAMINY ITP&#8230;) B\u0118D\u0104 W DNIU ROZPOCZ\u0118CIA ZAPIS\u00d3W. WST\u0118PNIE DRU\u017bYNY ZAINTERESOWANE MOG\u0104 REZERWOWA\u0106 SOBIE MIEJSCE U ORGANIZATORA, POD WSKAZANYM NI\u017bEJ NUMEREM TELEFONU LUB MAIL:<\/span><\/strong><\/p>\n<p><span style=\"color: #993300;\"><strong>TELEFON: 500-758-968<\/strong><\/span><br \/>\n<span style=\"color: #993300;\"><strong>MAIL: BIURO@LFSPORTEVENTS.PL\u00a0<\/strong><\/span><\/p>\n<p>&nbsp;<\/p>\n","protected":false},"excerpt":{"rendered":"<p>\u00a0 \u00a0 \u00a0 \u00a0 \u00a0\u00a0 Firma \u0141F SPORT EVENTS pragnie serdecznie zaprosi\u0107 na EL-KAG LIG\u0118 FUTSALU\u00a0&#8211; sezon 2018\/19, oraz na PUCHAR LIGI FUTSALU, w kt\u00f3rych\u00a0 prze\u017cyjecie niezapomniane chwil\u0119. Gwarantujemy najwy\u017cszy poziom organizacyjny, kulturalny i sportowy. \u00a0 \u00a0 \u00a0 \u00a0\u00a0 W tym sezonie rozgrywki zostan\u0105 podzielone na Ekstraklas\u0119 i 1 Lig\u0119, a w razie zainteresowania stworzymy [&hellip;]<\/p>\n","protected":false},"author":1,"featured_media":0,"parent":0,"menu_order":0,"comment_status":"closed","ping_status":"closed","template":"","meta":{"footnotes":""},"_links":{"self":[{"href":"https:\/\/lfsportevents.pl\/ligafutsalu2018\/wp-json\/wp\/v2\/pages\/161"}],"collection":[{"href":"https:\/\/lfsportevents.pl\/ligafutsalu2018\/wp-json\/wp\/v2\/pages"}],"about":[{"href":"https:\/\/lfsportevents.pl\/ligafutsalu2018\/wp-json\/wp\/v2\/types\/page"}],"author":[{"embeddable":true,"href":"https:\/\/lfsportevents.pl\/ligafutsalu2018\/wp-json\/wp\/v2\/users\/1"}],"replies":[{"embeddable":true,"href":"https:\/\/lfsportevents.pl\/ligafutsalu2018\/wp-json\/wp\/v2\/comments?post=161"}],"version-history":[{"count":3,"href":"https:\/\/lfsportevents.pl\/ligafutsalu2018\/wp-json\/wp\/v2\/pages\/161\/revisions"}],"predecessor-version":[{"id":13924,"href":"https:\/\/lfsportevents.pl\/ligafutsalu2018\/wp-json\/wp\/v2\/pages\/161\/revisions\/13924"}],"wp:attachment":[{"href":"https:\/\/lfsportevents.pl\/ligafutsalu2018\/wp-json\/wp\/v2\/media?parent=161"}],"curies":[{"name":"wp","href":"https:\/\/api.w.org\/{rel}","templated":true}]}}