{"id":4887,"date":"2017-02-01T15:38:40","date_gmt":"2017-02-01T14:38:40","guid":{"rendered":"https:\/\/lfsportevents.pl\/ligafutsalu\/?page_id=4887"},"modified":"2026-03-23T22:48:06","modified_gmt":"2026-03-23T21:48:06","slug":"https-www-facebook-com-pg-lfsportevents-photos-tabalbumalbum-id2333332763385688","status":"publish","type":"page","link":"https:\/\/lfsportevents.pl\/ligafutsalu\/https-www-facebook-com-pg-lfsportevents-photos-tabalbumalbum-id2333332763385688\/","title":{"rendered":"GALA"},"content":{"rendered":"<h2 style=\"text-align: center;\"><span style=\"color: #008000;\"><strong>GALA ZAKO\u0143CNZENIA EL-KAG LIGI FUTSALU 2025\/26<\/strong><\/span><\/h2>\n<h1 style=\"text-align: center;\"><span style=\"color: #ff0000;\"><strong>HOTEL IBIS STYLES NOWY S\u0104CZ<\/strong><\/span><\/h1>\n<h3><a href=\"https:\/\/www.facebook.com\/media\/set\/?vanity=lfsportevents&amp;set=a.1790066712103142\" target=\"_blank\" rel=\"noopener\"><span style=\"color: #993300;\">GALERIA &#8211; CZ.1. &#8211; WR\u0118CZENIA NAGR\u00d3<\/span><span style=\"color: #993300;\">D EL-KAG LIGI FUTSALU<\/span><\/a><\/h3>\n<h3><a href=\"https:\/\/www.facebook.com\/media\/set\/?vanity=lfsportevents&amp;set=a.1790327855410361\" target=\"_blank\" rel=\"noopener\"><span style=\"color: #993300;\">GALERIA &#8211; CZ.2. &#8211; WR\u0118CZENIE NAGR\u00d3D Z\u0141OTEJ PI\u0141KI 2025<\/span><\/a><\/h3>\n<h3><a href=\"https:\/\/www.facebook.com\/media\/set\/?vanity=lfsportevents&amp;set=a.1791020352007778\" target=\"_blank\" rel=\"noopener\"><span style=\"color: #993300;\">GALERIA &#8211; CZ.3. &#8211; ZABAWA<\/span><\/a><\/h3>\n<h2 style=\"text-align: center;\"><\/h2>\n<p>&nbsp;<\/p>\n<p>&nbsp;<\/p>\n<p>&nbsp;<\/p>\n","protected":false},"excerpt":{"rendered":"<p>GALA ZAKO\u0143CNZENIA EL-KAG LIGI FUTSALU 2025\/26 HOTEL IBIS STYLES NOWY S\u0104CZ GALERIA &#8211; CZ.1. &#8211; WR\u0118CZENIA NAGR\u00d3D EL-KAG LIGI FUTSALU GALERIA &#8211; CZ.2. &#8211; WR\u0118CZENIE NAGR\u00d3D Z\u0141OTEJ PI\u0141KI 2025 GALERIA &#8211; CZ.3. &#8211; ZABAWA &nbsp; &nbsp; &nbsp;<\/p>\n","protected":false},"author":1,"featured_media":0,"parent":0,"menu_order":0,"comment_status":"closed","ping_status":"closed","template":"","meta":{"footnotes":""},"_links":{"self":[{"href":"https:\/\/lfsportevents.pl\/ligafutsalu\/wp-json\/wp\/v2\/pages\/4887"}],"collection":[{"href":"https:\/\/lfsportevents.pl\/ligafutsalu\/wp-json\/wp\/v2\/pages"}],"about":[{"href":"https:\/\/lfsportevents.pl\/ligafutsalu\/wp-json\/wp\/v2\/types\/page"}],"author":[{"embeddable":true,"href":"https:\/\/lfsportevents.pl\/ligafutsalu\/wp-json\/wp\/v2\/users\/1"}],"replies":[{"embeddable":true,"href":"https:\/\/lfsportevents.pl\/ligafutsalu\/wp-json\/wp\/v2\/comments?post=4887"}],"version-history":[{"count":2,"href":"https:\/\/lfsportevents.pl\/ligafutsalu\/wp-json\/wp\/v2\/pages\/4887\/revisions"}],"predecessor-version":[{"id":29900,"href":"https:\/\/lfsportevents.pl\/ligafutsalu\/wp-json\/wp\/v2\/pages\/4887\/revisions\/29900"}],"wp:attachment":[{"href":"https:\/\/lfsportevents.pl\/ligafutsalu\/wp-json\/wp\/v2\/media?parent=4887"}],"curies":[{"name":"wp","href":"https:\/\/api.w.org\/{rel}","templated":true}]}}