{"id":20606,"date":"2021-09-28T12:56:21","date_gmt":"2021-09-28T10:56:21","guid":{"rendered":"https:\/\/lfsportevents.pl\/ligafutsalu\/?page_id=20606"},"modified":"2025-02-14T10:43:36","modified_gmt":"2025-02-14T09:43:36","slug":"rekordy-ekstraklasy","status":"publish","type":"page","link":"https:\/\/lfsportevents.pl\/ligafutsalu\/rekordy-ekstraklasy\/","title":{"rendered":"Rekordy Ekstraklasy"},"content":{"rendered":"<header class=\"entry-header\">\n<h4 class=\"sp-table-caption\">NAJWY\u017bSZE zwyci\u0119stwa:<\/h4>\n<\/header>\n<div class=\"entry-content\">\n<div class=\"sportspress\">\n<div class=\"sp-template sp-template-event-list\">\n<div class=\"sp-table-wrapper\">\n<div class=\"dataTables_wrapper no-footer\">\n<div class=\"sp-scrollable-table-wrapper\">\n<div class=\"sp-scrollable-table-wrapper\">\n<table width=\"665\">\n<tbody>\n<tr>\n<td width=\"49\"><strong><span style=\"color: #993300;\">Lp.<\/span><\/strong><\/td>\n<td width=\"155\"><strong><span style=\"color: #993300;\">Data<\/span><\/strong><\/td>\n<td width=\"317\"><strong><span style=\"color: #993300;\">Mecz<\/span><\/strong><\/td>\n<td width=\"144\"><strong><span style=\"color: #993300;\">Wynik<\/span><\/strong><\/td>\n<\/tr>\n<tr>\n<td width=\"49\"><strong><span style=\"color: #993300;\">1.<\/span><\/strong><\/td>\n<td width=\"155\">24 listopad 2016<\/td>\n<td width=\"317\">Kamex &#8211; Gad\u017cet Team<\/td>\n<td width=\"144\">14:0 (6:0) + 14 goli<\/td>\n<\/tr>\n<tr>\n<td width=\"49\"><strong><span style=\"color: #993300;\">2.<\/span><\/strong><\/td>\n<td width=\"155\">28 luty 2019<\/td>\n<td width=\"317\">Ibis Styles N.S. &#8211; Wi\u015bniowski<\/td>\n<td width=\"144\">2:15 (1:6) + 13 goli<\/td>\n<\/tr>\n<tr>\n<td width=\"49\"><strong><span style=\"color: #993300;\">3.<\/span><\/strong><\/td>\n<td width=\"155\">8 grudzie\u0144 2016<\/td>\n<td width=\"317\">Tradycja Fabryka Okien &#8211; Kamex<\/td>\n<td width=\"144\">5:17 (3:9) + 12 goli<\/td>\n<\/tr>\n<tr>\n<td width=\"49\"><strong><span style=\"color: #993300;\">4.<\/span><\/strong><\/td>\n<td width=\"155\">30 listopad 2016<\/td>\n<td width=\"317\">Gold Team\/Meble Lorek &#8211; Gad\u017cet Team<\/td>\n<td width=\"144\">13:1 (5:1) + 12 goli<\/td>\n<\/tr>\n<tr>\n<td width=\"49\"><strong><span style=\"color: #993300;\">5.<\/span><\/strong><\/td>\n<td width=\"155\">16 listopad 2017<\/td>\n<td width=\"317\">Wi\u015bniowski &#8211; Trendy Team<\/td>\n<td width=\"144\">17:5 (8:2) + 12 goli<\/td>\n<\/tr>\n<tr>\n<td width=\"49\"><strong><span style=\"color: #993300;\">6.<\/span><\/strong><\/td>\n<td width=\"155\">10 grudzie\u0144 2020<\/td>\n<td width=\"317\">Dom Weselny Sylwia &#8211; Greenpowerns<\/td>\n<td width=\"144\">13:1 (10:1) + 12 goli<\/td>\n<\/tr>\n<tr>\n<td width=\"49\"><strong><span style=\"color: #993300;\">7.<\/span><\/strong><\/td>\n<td width=\"155\">22 grudzie\u0144 2022<\/td>\n<td width=\"317\">Dom Weselny Sylwia &#8211; Batimowcy<\/td>\n<td width=\"144\">15:3 (3:0) + 12 goli<\/td>\n<\/tr>\n<tr>\n<td width=\"49\"><strong><span style=\"color: #993300;\">8.<\/span><\/strong><\/td>\n<td width=\"155\">2 grudzie\u0144 2021<\/td>\n<td width=\"317\">Sebbet Kostka Brukowa &#8211; Dom Weselny Sylwia<\/td>\n<td width=\"144\">2:13 (2:5) + 11 goli<\/td>\n<\/tr>\n<tr>\n<td width=\"49\"><strong><span style=\"color: #993300;\">9.<\/span><\/strong><\/td>\n<td width=\"155\">15 luty 2017<\/td>\n<td width=\"317\">Gad\u017cet Team &#8211; Sony Centre<\/td>\n<td width=\"144\">0:10 (0:5) + 10 goli<\/td>\n<\/tr>\n<tr>\n<td width=\"49\"><strong><span style=\"color: #993300;\">10.<\/span><\/strong><\/td>\n<td width=\"155\">4 stycze\u0144 2018<\/td>\n<td width=\"317\">Ibis Styles N.S. &#8211; Tylicz.Ski<\/td>\n<td width=\"144\">1:11 (1:8) + 10 goli<\/td>\n<\/tr>\n<tr>\n<td width=\"49\"><strong><span style=\"color: #993300;\">11.<\/span><\/strong><\/td>\n<td width=\"155\">13 luty 2020<\/td>\n<td width=\"317\">Gad\u017cet Team &#8211; BDM Finanse Group<\/td>\n<td width=\"144\">2:12 (2:8) + 10 goli<\/td>\n<\/tr>\n<tr>\n<td width=\"49\"><strong><span style=\"color: #993300;\">12.<\/span><\/strong><\/td>\n<td width=\"155\">16 listopad 2021<\/td>\n<td width=\"317\">Tylicz.Ski &#8211; S\u0105czersi<\/td>\n<td width=\"144\">10:0 (4:0) + 10 goli<\/td>\n<\/tr>\n<tr>\n<td width=\"49\"><strong><span style=\"color: #993300;\">13.<\/span><\/strong><\/td>\n<td width=\"155\">23 luty 2023<\/td>\n<td width=\"317\">Prestige House &#8211; Restauracja Nawojka Elevar<\/td>\n<td width=\"144\">12:2 (2:2) + 10 goli<\/td>\n<\/tr>\n<tr>\n<td width=\"49\"><strong><span style=\"color: #993300;\">14.<\/span><\/strong><\/td>\n<td width=\"155\">22 luty 2024<\/td>\n<td width=\"317\">Batimowcy &#8211; DripShop &amp; Pakersi<\/td>\n<td width=\"144\">1:11 (0:5) + 10 goli<\/td>\n<\/tr>\n<tr>\n<td width=\"49\"><strong><span style=\"color: #993300;\">15.<\/span><\/strong><\/td>\n<td width=\"155\">2 stycze\u0144 2025<\/td>\n<td width=\"317\">Gold Team\/Meble Lorek : Baz Pal<\/td>\n<td width=\"144\">11:1 (2:0) + 10 goli<\/td>\n<\/tr>\n<\/tbody>\n<\/table>\n<\/div>\n<\/div>\n<\/div>\n<\/div>\n<\/div>\n<div class=\"sportspress\">\n<div class=\"sp-template sp-template-event-list\">\n<h4 class=\"sp-table-caption\">NAJWY\u017bSZE REMISY:<\/h4>\n<div class=\"sp-table-wrapper\">\n<div class=\"dataTables_wrapper no-footer\">\n<div class=\"sp-scrollable-table-wrapper\">\n<div class=\"sp-scrollable-table-wrapper\">\n<table width=\"665\">\n<tbody>\n<tr>\n<td width=\"49\"><strong><span style=\"color: #993300;\">Lp.<\/span><\/strong><\/td>\n<td width=\"155\"><strong><span style=\"color: #993300;\">Data<\/span><\/strong><\/td>\n<td width=\"317\"><strong><span style=\"color: #993300;\">Mecz<\/span><\/strong><\/td>\n<td width=\"144\"><strong><span style=\"color: #993300;\">Wynik<\/span><\/strong><\/td>\n<\/tr>\n<tr>\n<td width=\"49\"><strong><span style=\"color: #993300;\">1.<\/span><\/strong><\/td>\n<td width=\"155\">23 grudzie\u0144 2020<\/td>\n<td width=\"317\">Greenpowerns &#8211; Walczyk Optyk<\/td>\n<td width=\"144\">7:7 (3:4)<\/td>\n<\/tr>\n<tr>\n<td width=\"49\"><strong><span style=\"color: #993300;\">2.<\/span><\/strong><\/td>\n<td width=\"155\">19 stycze\u0144 2023<\/td>\n<td width=\"317\">Drip Shop &amp; Firma Cempa &#8211; Bastek Garnitury<\/td>\n<td width=\"144\">5:5 (4:1)<\/td>\n<\/tr>\n<tr>\n<td width=\"49\"><strong><span style=\"color: #993300;\">3.<\/span><\/strong><\/td>\n<td width=\"155\">23 listopad 2017<\/td>\n<td width=\"317\">Notus Finanse &#8211; Wi\u015bniowski<\/td>\n<td width=\"144\">5:5 (2:3)<\/td>\n<\/tr>\n<tr>\n<td width=\"49\"><strong><span style=\"color: #993300;\">4.<\/span><\/strong><\/td>\n<td width=\"155\">13 luty 2025<\/td>\n<td width=\"317\">Gold Team\/Meble Lorek : Mak-Bud<\/td>\n<td width=\"144\">5:5 (1:3)<\/td>\n<\/tr>\n<tr>\n<td width=\"49\"><strong><span style=\"color: #993300;\">5.<\/span><\/strong><\/td>\n<td width=\"155\">17 listopad 2016<\/td>\n<td width=\"317\">Dom Kredytowy Notus &#8211; Brzezna<\/td>\n<td width=\"144\">4:4 (4:2)<\/td>\n<\/tr>\n<tr>\n<td width=\"49\"><strong><span style=\"color: #993300;\">6.<\/span><\/strong><\/td>\n<td width=\"155\">8 luty 2017<\/td>\n<td width=\"317\">Tradycja Fabryka Okien &#8211; Konspol Holding<\/td>\n<td width=\"144\">4:4 (2:2)<\/td>\n<\/tr>\n<tr>\n<td width=\"49\"><strong><span style=\"color: #993300;\">7.<\/span><\/strong><\/td>\n<td width=\"155\">19 grudzie\u0144 2019<\/td>\n<td width=\"317\">BDM Finanse Group &#8211; Sebbet Kostka Brukowa<\/td>\n<td width=\"144\">4:4 (4:2)<\/td>\n<\/tr>\n<tr>\n<td width=\"49\"><strong><span style=\"color: #993300;\">8.<\/span><\/strong><\/td>\n<td width=\"155\">19 grudzie\u0144 2019<\/td>\n<td width=\"317\">Wi\u015bniowski &#8211; Baz Pal<\/td>\n<td width=\"144\">4:4 (1:1)<\/td>\n<\/tr>\n<tr>\n<td width=\"49\"><strong><span style=\"color: #993300;\">9.<\/span><\/strong><\/td>\n<td width=\"155\">19 listopad 2020<\/td>\n<td width=\"317\">Firma Budowlana Wo\u017aniak &#8211; Dom Weselny Sylwia<\/td>\n<td width=\"144\">4:4 (0:2)<\/td>\n<\/tr>\n<tr>\n<td width=\"49\"><strong><span style=\"color: #993300;\">10.<\/span><\/strong><\/td>\n<td width=\"155\">3 grudzie\u0144 2020<\/td>\n<td width=\"317\">MKM Izolacje The Reds &#8211; S\u0105czersi<\/td>\n<td width=\"144\">4:4 (2:2)<\/td>\n<\/tr>\n<tr>\n<td width=\"49\"><strong><span style=\"color: #993300;\">11.<\/span><\/strong><\/td>\n<td width=\"155\">8 grudzie\u0144 2022<\/td>\n<td width=\"317\">G\u0142odzik i Smajdor Team &#8211; Dom Weselny Sylwia<\/td>\n<td width=\"144\">4:4 (3:1)<\/td>\n<\/tr>\n<tr>\n<td width=\"49\"><strong><span style=\"color: #993300;\">12.<\/span><\/strong><\/td>\n<td width=\"155\">11 stycze\u0144 2024<\/td>\n<td width=\"317\">Batimowcy &#8211; G\u0142odzik i Smajdor Team<\/td>\n<td width=\"144\">4:4 (2:2)<\/td>\n<\/tr>\n<tr>\n<td width=\"49\"><strong><span style=\"color: #993300;\">13.<\/span><\/strong><\/td>\n<td width=\"155\">5 grudzie\u0144 2024<\/td>\n<td width=\"317\">Trade : Prestige House<\/td>\n<td width=\"144\">4:4 (2:1)<\/td>\n<\/tr>\n<tr>\n<td width=\"49\"><strong><span style=\"color: #993300;\">14.<\/span><\/strong><\/td>\n<td width=\"155\">17 listopad 2017<\/td>\n<td width=\"317\">The Reds &#8211; Baz Pal<\/td>\n<td width=\"144\">3:3 (2:0)<\/td>\n<\/tr>\n<tr>\n<td width=\"49\"><strong><span style=\"color: #993300;\">15.<\/span><\/strong><\/td>\n<td width=\"155\">5 grudzie\u0144 2016<\/td>\n<td width=\"317\">Baz Pal &#8211; Podmuch Palestyna<\/td>\n<td width=\"144\">3:3 (1:1)<\/td>\n<\/tr>\n<\/tbody>\n<\/table>\n<\/div>\n<\/div>\n<\/div>\n<\/div>\n<\/div>\n<\/div>\n<div class=\"sportspress\">\n<div class=\"sp-template sp-template-event-list\">\n<h4 class=\"sp-table-caption\">NAJWI\u0118CEJ ZDOBYTYCH BRAMEK W JEDNYM MECZU:<\/h4>\n<div class=\"sp-table-wrapper\">\n<div class=\"dataTables_wrapper no-footer\">\n<div class=\"sp-scrollable-table-wrapper\">\n<div class=\"sp-scrollable-table-wrapper\">\n<table width=\"665\">\n<tbody>\n<tr>\n<td width=\"49\"><strong><span style=\"color: #993300;\">Lp.<\/span><\/strong><\/td>\n<td width=\"155\"><strong><span style=\"color: #993300;\">Data<\/span><\/strong><\/td>\n<td width=\"317\"><strong><span style=\"color: #993300;\">Mecz<\/span><\/strong><\/td>\n<td width=\"144\"><strong><span style=\"color: #993300;\">Wynik<\/span><\/strong><\/td>\n<\/tr>\n<tr>\n<td width=\"49\"><strong><span style=\"color: #993300;\">1.<\/span><\/strong><\/td>\n<td width=\"155\">8 grudzie\u0144 2016<\/td>\n<td width=\"317\">Tradycja Fabryka Okien &#8211; Kamex<\/td>\n<td width=\"144\">22 gole<\/td>\n<\/tr>\n<tr>\n<td width=\"49\"><strong><span style=\"color: #993300;\">2.<\/span><\/strong><\/td>\n<td width=\"155\">16 listopad 2017<\/td>\n<td width=\"317\">Wi\u015bniowski &#8211; Trendy Team<\/td>\n<td width=\"144\">22 gole<\/td>\n<\/tr>\n<tr>\n<td width=\"49\"><strong><span style=\"color: #993300;\">3.<\/span><\/strong><\/td>\n<td width=\"155\">3 luty 2022<\/td>\n<td width=\"317\">Gold Team\/Meble Lorek \u2013 MKM Izolacje The Reds<\/td>\n<td width=\"144\">18 goli<\/td>\n<\/tr>\n<tr>\n<td width=\"49\"><strong><span style=\"color: #993300;\">4.<\/span><\/strong><\/td>\n<td width=\"155\">22 grudzie\u0144 2022<\/td>\n<td width=\"317\">Dom Weselny Sylwia &#8211; Batimowcy<\/td>\n<td width=\"144\">18 goli<\/td>\n<\/tr>\n<tr>\n<td width=\"49\"><strong><span style=\"color: #993300;\">5.<\/span><\/strong><\/td>\n<td width=\"155\">1 luty 2017<\/td>\n<td width=\"317\">Baz Pal &#8211; Kamex<\/td>\n<td width=\"144\">17 goli<\/td>\n<\/tr>\n<tr>\n<td width=\"49\"><strong><span style=\"color: #993300;\">6.<\/span><\/strong><\/td>\n<td width=\"155\">1 luty 2018<\/td>\n<td width=\"317\">The Reds Inter Jack &#8211; Sandecja Old Boys<\/td>\n<td width=\"144\">17 goli<\/td>\n<\/tr>\n<tr>\n<td width=\"49\"><strong><span style=\"color: #993300;\">7.<\/span><\/strong><\/td>\n<td width=\"155\">28 luty 2019<\/td>\n<td width=\"317\">Ibis Styles N.S. &#8211; Wi\u015bniowski<\/td>\n<td width=\"144\">17 goli<\/td>\n<\/tr>\n<tr>\n<td width=\"49\"><strong><span style=\"color: #993300;\">8.<\/span><\/strong><\/td>\n<td width=\"155\">16 listopad 2023<\/td>\n<td width=\"317\">Tylicz.Ski &#8211; Bastek Garnitury<\/td>\n<td width=\"144\">17 goli<\/td>\n<\/tr>\n<tr>\n<td width=\"49\"><strong><span style=\"color: #993300;\">9.<\/span><\/strong><\/td>\n<td width=\"155\">2 stycze\u0144 2025<\/td>\n<td width=\"317\">Gold Team\/Meble Lorek : Baz Pal<\/td>\n<td width=\"144\">17 goli<\/td>\n<\/tr>\n<tr>\n<td width=\"49\"><strong><span style=\"color: #993300;\">10.<\/span><\/strong><\/td>\n<td width=\"155\">24 listopad 2022<\/td>\n<td width=\"317\">S\u0105czersi &#8211; Sebbet Kostka Brukowa<\/td>\n<td width=\"144\">16 goli<\/td>\n<\/tr>\n<tr>\n<td width=\"49\"><strong><span style=\"color: #993300;\">11.<\/span><\/strong><\/td>\n<td width=\"155\">5 stycze\u0144 2023<\/td>\n<td width=\"317\">S\u0105czersi &#8211; Gold Team\/Meble Lorek<\/td>\n<td width=\"144\">16 goli<\/td>\n<\/tr>\n<tr>\n<td width=\"49\"><strong><span style=\"color: #993300;\">12.<\/span><\/strong><\/td>\n<td width=\"155\">19 stycze\u0144 2017<\/td>\n<td width=\"317\">Dom Weselny Sylwia &#8211; Restauracja Nawojka Elevar<\/td>\n<td width=\"144\">16 goli<\/td>\n<\/tr>\n<tr>\n<td width=\"49\"><strong><span style=\"color: #993300;\">13.<\/span><\/strong><\/td>\n<td width=\"155\">15 luty 2017<\/td>\n<td width=\"317\">Q-Graf\/Metalex &#8211; Gad\u017cet Team<\/td>\n<td width=\"144\">15 goli<\/td>\n<\/tr>\n<tr>\n<td width=\"49\"><strong><span style=\"color: #993300;\">14.<\/span><\/strong><\/td>\n<td width=\"155\">30 listopad 2017<\/td>\n<td width=\"317\">Baz Pal &#8211; Wi\u015bniowski<\/td>\n<td width=\"144\">15 goli<\/td>\n<\/tr>\n<tr>\n<td width=\"49\"><strong><span style=\"color: #993300;\">15.<\/span><\/strong><\/td>\n<td width=\"155\">21 luty 2019<\/td>\n<td width=\"317\">Wi\u015bniowski &#8211; Sandecja Old Boys<\/td>\n<td width=\"144\">15 goli<\/td>\n<\/tr>\n<\/tbody>\n<\/table>\n<\/div>\n<\/div>\n<\/div>\n<\/div>\n<\/div>\n<\/div>\n<div class=\"sportspress\">\n<div class=\"sp-template sp-template-event-list\">\n<h4 class=\"sp-table-caption\">NAJWI\u0118CEJ ZDOBYTYCH BRAMEK JEDNEGO ZAWODNIKA W JEDNYM MECZU:<\/h4>\n<div class=\"sp-table-wrapper\">\n<div class=\"dataTables_wrapper no-footer\">\n<div class=\"sp-scrollable-table-wrapper\">\n<div class=\"sp-scrollable-table-wrapper\">\n<table width=\"665\">\n<tbody>\n<tr>\n<td width=\"49\"><strong><span style=\"color: #993300;\">Lp.<\/span><\/strong><\/td>\n<td width=\"155\"><strong><span style=\"color: #993300;\">Data<\/span><\/strong><\/td>\n<td width=\"317\"><strong><span style=\"color: #993300;\">Zawodnik<\/span><\/strong><\/td>\n<td width=\"144\"><strong><span style=\"color: #993300;\">Wynik<\/span><\/strong><\/td>\n<\/tr>\n<tr>\n<td width=\"49\"><strong><span style=\"color: #993300;\">1.<\/span><\/strong><\/td>\n<td width=\"155\">13 luty 2020<\/td>\n<td width=\"317\">Kamil Lupa (BDM Finanse Group)<\/td>\n<td width=\"144\">9 goli<\/td>\n<\/tr>\n<tr>\n<td width=\"49\"><strong><span style=\"color: #993300;\">2.<\/span><\/strong><\/td>\n<td width=\"155\">16 listopad 2017<\/td>\n<td width=\"317\">Pawe\u0142 Kocio\u0142ek (Wi\u015bniowski)<\/td>\n<td width=\"144\">6 goli<\/td>\n<\/tr>\n<tr>\n<td width=\"49\"><strong><span style=\"color: #993300;\">3.<\/span><\/strong><\/td>\n<td width=\"155\">3 luty 2022<\/td>\n<td width=\"317\">Daniel Kr\u00f3l (Gold Team\/Meble Lorek)<\/td>\n<td width=\"144\">6 goli<\/td>\n<\/tr>\n<tr>\n<td width=\"49\"><strong><span style=\"color: #993300;\">4.<\/span><\/strong><\/td>\n<td width=\"155\">8 grudzie\u0144 2016<\/td>\n<td width=\"317\">Daniel Orze\u0142 (Kamex)<\/td>\n<td width=\"144\">5 goli<\/td>\n<\/tr>\n<tr>\n<td width=\"49\"><strong><span style=\"color: #993300;\">5.<\/span><\/strong><\/td>\n<td width=\"155\">21 grudzie\u0144 2016<\/td>\n<td width=\"317\">Kamil Lupa (Konspol Holding)<\/td>\n<td width=\"144\">5 goli<\/td>\n<\/tr>\n<tr>\n<td width=\"49\"><strong><span style=\"color: #993300;\">6.<\/span><\/strong><\/td>\n<td width=\"155\">21 grudzie\u0144 2016<\/td>\n<td width=\"317\">Adam Tumidaj (Wi\u015bniowski)<\/td>\n<td width=\"144\">5 goli<\/td>\n<\/tr>\n<tr>\n<td width=\"49\"><strong><span style=\"color: #993300;\">7.<\/span><\/strong><\/td>\n<td width=\"155\">19 stycze\u0144 2017<\/td>\n<td width=\"317\">Tomasz Szczurek (Q-Graf\/Metalex)<\/td>\n<td width=\"144\">5 goli<\/td>\n<\/tr>\n<tr>\n<td width=\"49\"><strong><span style=\"color: #993300;\">8.<\/span><\/strong><\/td>\n<td width=\"155\">25 stycze\u0144 2017<\/td>\n<td width=\"317\">Kamil Lupa (Konspol Holding)<\/td>\n<td width=\"144\">5 goli<\/td>\n<\/tr>\n<tr>\n<td width=\"49\"><strong><span style=\"color: #993300;\">9.<\/span><\/strong><\/td>\n<td width=\"155\">16 luty 2017<\/td>\n<td width=\"317\">Daniel Orze\u0142 (Kamex)<\/td>\n<td width=\"144\">5 goli<\/td>\n<\/tr>\n<tr>\n<td width=\"49\"><strong><span style=\"color: #993300;\">10.<\/span><\/strong><\/td>\n<td width=\"155\">16 luty 2017<\/td>\n<td width=\"317\">Adam Tumidaj (Wi\u015bniowski)<\/td>\n<td width=\"144\">5 goli<\/td>\n<\/tr>\n<tr>\n<td width=\"49\"><strong><span style=\"color: #993300;\">11.<\/span><\/strong><\/td>\n<td width=\"155\">8 marzec 2018<\/td>\n<td width=\"317\">Piotr Laciuga (Ibis Styles N.S)<\/td>\n<td width=\"144\">5 goli<\/td>\n<\/tr>\n<tr>\n<td width=\"49\"><strong><span style=\"color: #993300;\">12.<\/span><\/strong><\/td>\n<td width=\"155\">3 grudzie\u0144 2020<\/td>\n<td width=\"317\">Andrzej Grabczyk (Walczyk Optyk)<\/td>\n<td width=\"144\">5 goli<\/td>\n<\/tr>\n<tr>\n<td width=\"49\"><strong><span style=\"color: #993300;\">13.<\/span><\/strong><\/td>\n<td width=\"155\">2 grudzie\u0144 2021<\/td>\n<td width=\"317\">Pawe\u0142 Zygmunt (Dom Weselny Sylwia)<\/td>\n<td width=\"144\">5 goli<\/td>\n<\/tr>\n<tr>\n<td width=\"49\"><strong><span style=\"color: #993300;\">14.<\/span><\/strong><\/td>\n<td width=\"155\">13 stycze\u0144 2022<\/td>\n<td width=\"317\">Maciej Sroka (Tylicz.Ski)<\/td>\n<td width=\"144\">5 goli<\/td>\n<\/tr>\n<tr>\n<td width=\"49\"><strong><span style=\"color: #993300;\">15.<\/span><\/strong><\/td>\n<td width=\"155\">24 listopad 2022<\/td>\n<td width=\"317\">Przemys\u0142aw Kumor (Gold Team\/Meble Lorek)<\/td>\n<td width=\"144\">5 goli<\/td>\n<\/tr>\n<\/tbody>\n<\/table>\n<\/div>\n<\/div>\n<\/div>\n<\/div>\n<\/div>\n<\/div>\n<div class=\"sportspress\">\n<div class=\"sp-template sp-template-event-list\">\n<h4 class=\"sp-table-caption\">NAJWI\u0118CEJ ZDOBYTYCH ASYST JEDNEGO ZAWODNIKA W JEDNYM MECZU:<\/h4>\n<div class=\"sp-table-wrapper\">\n<div class=\"dataTables_wrapper no-footer\">\n<div class=\"sp-scrollable-table-wrapper\">\n<div class=\"sp-scrollable-table-wrapper\">\n<table width=\"665\">\n<tbody>\n<tr>\n<td width=\"49\"><strong><span style=\"color: #993300;\">Lp.<\/span><\/strong><\/td>\n<td width=\"155\"><strong><span style=\"color: #993300;\">Data<\/span><\/strong><\/td>\n<td width=\"317\"><span style=\"color: #993300;\"><b>Zawodnik<\/b><\/span><\/td>\n<td width=\"144\"><strong><span style=\"color: #993300;\">Wynik<\/span><\/strong><\/td>\n<\/tr>\n<tr>\n<td width=\"49\"><strong><span style=\"color: #993300;\">1.<\/span><\/strong><\/td>\n<td width=\"155\">3 luty 2022<\/td>\n<td width=\"317\">Patryk Twardowski (Gold team\/Meble Lorek)<\/td>\n<td width=\"144\">9 asyst<\/td>\n<\/tr>\n<tr>\n<td width=\"49\"><strong><span style=\"color: #993300;\">2.<\/span><\/strong><\/td>\n<td width=\"155\">28 luty 2019<\/td>\n<td width=\"317\">Szczepan Rosiek (Wi\u015bniowski)<\/td>\n<td width=\"144\">7 asyst<\/td>\n<\/tr>\n<tr>\n<td width=\"49\"><strong><span style=\"color: #993300;\">3.<\/span><\/strong><\/td>\n<td width=\"155\">2 grudzie\u0144 2021<\/td>\n<td width=\"317\">Marcin Plata (Dom Weselny Sylwia)<\/td>\n<td width=\"144\">6 asyst<\/td>\n<\/tr>\n<tr>\n<td width=\"49\"><strong><span style=\"color: #993300;\">4.<\/span><\/strong><\/td>\n<td width=\"155\">30 grudzie\u0144 2021<\/td>\n<td width=\"317\">Patryk Twardowski (Gold Team\/Meble Lorek)<\/td>\n<td width=\"144\">6 asyst<\/td>\n<\/tr>\n<tr>\n<td width=\"49\"><strong><span style=\"color: #993300;\">5.<\/span><\/strong><\/td>\n<td width=\"155\">16 listopad 2017<\/td>\n<td width=\"317\">Adam Tumidaj (Wi\u015bniowski)<\/td>\n<td width=\"144\">5 asyst<\/td>\n<\/tr>\n<tr>\n<td width=\"49\"><strong><span style=\"color: #993300;\">6.<\/span><\/strong><\/td>\n<td width=\"155\">30 listopad 2017<\/td>\n<td width=\"317\">Szczepan Rosiek (Wi\u015bniowski)<\/td>\n<td width=\"144\">5 asyst<\/td>\n<\/tr>\n<tr>\n<td width=\"49\"><strong><span style=\"color: #993300;\">7.<\/span><\/strong><\/td>\n<td width=\"155\">7 listopad 2019<\/td>\n<td width=\"317\">Piotr Nie\u0107 (Dom Weselny Sylwia)<\/td>\n<td width=\"144\">5 asyst<\/td>\n<\/tr>\n<tr>\n<td width=\"49\"><strong><span style=\"color: #993300;\">8.<\/span><\/strong><\/td>\n<td width=\"155\">22 grudzie\u0144 2022<\/td>\n<td width=\"317\">Marcin Plata (Dom Weselny Sylwia)<\/td>\n<td width=\"144\">5 asyst<\/td>\n<\/tr>\n<tr>\n<td width=\"49\"><strong><span style=\"color: #993300;\">9.<\/span><\/strong><\/td>\n<td width=\"155\">23 luty 2023<\/td>\n<td width=\"317\">Marcin Hajduk (Prestige House)<\/td>\n<td width=\"144\">5 asyst<\/td>\n<\/tr>\n<tr>\n<td width=\"49\"><strong><span style=\"color: #993300;\">10.<\/span><\/strong><\/td>\n<td width=\"155\">22 luty 2024<\/td>\n<td width=\"317\">Danylo Filonenko (DripsShop &amp; Pakersi)<\/td>\n<td width=\"144\">5 asyst<\/td>\n<\/tr>\n<tr>\n<td width=\"49\"><strong><span style=\"color: #993300;\">11.<\/span><\/strong><\/td>\n<td width=\"155\">2 stycze\u0144 2025<\/td>\n<td width=\"317\">Przemys\u0142aw Kumor (Gold Team\/Meble Lorek)<\/td>\n<td width=\"144\">5 asyst<\/td>\n<\/tr>\n<tr>\n<td width=\"49\"><strong><span style=\"color: #993300;\">12.<\/span><\/strong><\/td>\n<td width=\"155\">30 listopad 2016<\/td>\n<td width=\"317\">Jakub Jendrusik (Podmuch Palestyna)<\/td>\n<td width=\"144\">4 asysty<\/td>\n<\/tr>\n<tr>\n<td width=\"49\"><strong><span style=\"color: #993300;\">13.<\/span><\/strong><\/td>\n<td width=\"155\">8 grudzie\u0144 2016<\/td>\n<td width=\"317\">Piotr Nie\u0107 (Kamex)<\/td>\n<td width=\"144\">4 asysty<\/td>\n<\/tr>\n<tr>\n<td width=\"49\"><strong><span style=\"color: #993300;\">14.<\/span><\/strong><\/td>\n<td width=\"155\">30 listopad 2016<\/td>\n<td width=\"317\">Sylwester Hybel (Gold Team\/Meble Lorek)<\/td>\n<td width=\"144\">4 asysty<\/td>\n<\/tr>\n<tr>\n<td width=\"49\"><strong><span style=\"color: #993300;\">15.<\/span><\/strong><\/td>\n<td width=\"155\">30 listopad 2016<\/td>\n<td width=\"317\">Dariusz B\u0105ba (Gold Team\/Meble Lorek)<\/td>\n<td width=\"144\">4 asysty<\/td>\n<\/tr>\n<\/tbody>\n<\/table>\n<\/div>\n<\/div>\n<\/div>\n<\/div>\n<\/div>\n<\/div>\n<\/div>\n<\/div>\n","protected":false},"excerpt":{"rendered":"<p>NAJWY\u017bSZE zwyci\u0119stwa: Lp. Data Mecz Wynik 1. 24 listopad 2016 Kamex &#8211; Gad\u017cet Team 14:0 (6:0) + 14 goli 2. 28 luty 2019 Ibis Styles N.S. &#8211; Wi\u015bniowski 2:15 (1:6) + 13 goli 3. 8 grudzie\u0144 2016 Tradycja Fabryka Okien &#8211; Kamex 5:17 (3:9) + 12 goli 4. 30 listopad 2016 Gold Team\/Meble Lorek &#8211; [&hellip;]<\/p>\n","protected":false},"author":1,"featured_media":0,"parent":0,"menu_order":0,"comment_status":"closed","ping_status":"closed","template":"","meta":{"footnotes":""},"_links":{"self":[{"href":"https:\/\/lfsportevents.pl\/ligafutsalu\/wp-json\/wp\/v2\/pages\/20606"}],"collection":[{"href":"https:\/\/lfsportevents.pl\/ligafutsalu\/wp-json\/wp\/v2\/pages"}],"about":[{"href":"https:\/\/lfsportevents.pl\/ligafutsalu\/wp-json\/wp\/v2\/types\/page"}],"author":[{"embeddable":true,"href":"https:\/\/lfsportevents.pl\/ligafutsalu\/wp-json\/wp\/v2\/users\/1"}],"replies":[{"embeddable":true,"href":"https:\/\/lfsportevents.pl\/ligafutsalu\/wp-json\/wp\/v2\/comments?post=20606"}],"version-history":[{"count":2,"href":"https:\/\/lfsportevents.pl\/ligafutsalu\/wp-json\/wp\/v2\/pages\/20606\/revisions"}],"predecessor-version":[{"id":27867,"href":"https:\/\/lfsportevents.pl\/ligafutsalu\/wp-json\/wp\/v2\/pages\/20606\/revisions\/27867"}],"wp:attachment":[{"href":"https:\/\/lfsportevents.pl\/ligafutsalu\/wp-json\/wp\/v2\/media?parent=20606"}],"curies":[{"name":"wp","href":"https:\/\/api.w.org\/{rel}","templated":true}]}}