{"id":13710,"date":"2018-09-19T23:45:25","date_gmt":"2018-09-19T21:45:25","guid":{"rendered":"https:\/\/lfsportevents.pl\/ligafutsalu\/i-liga\/video-copy\/"},"modified":"2026-02-27T21:42:34","modified_gmt":"2026-02-27T20:42:34","slug":"video","status":"publish","type":"page","link":"https:\/\/lfsportevents.pl\/ligafutsalu\/ii-liga\/video\/","title":{"rendered":"Video"},"content":{"rendered":"<p><iframe loading=\"lazy\" title=\"Dromader - Mistrz El-Kag II Ligi Futsalu 2025\/26\" width=\"620\" height=\"349\" src=\"https:\/\/www.youtube.com\/embed\/r0Inw5kXE1U?feature=oembed\" frameborder=\"0\" allow=\"accelerometer; autoplay; clipboard-write; encrypted-media; gyroscope; picture-in-picture; web-share\" referrerpolicy=\"strict-origin-when-cross-origin\" allowfullscreen><\/iframe><\/p>\n<p><iframe loading=\"lazy\" title=\"Daniel Bochenek (Pabud)\" width=\"620\" height=\"349\" src=\"https:\/\/www.youtube.com\/embed\/4AbFGwDQkkg?feature=oembed\" frameborder=\"0\" allow=\"accelerometer; autoplay; clipboard-write; encrypted-media; gyroscope; picture-in-picture; web-share\" referrerpolicy=\"strict-origin-when-cross-origin\" allowfullscreen><\/iframe><\/p>\n<p><iframe loading=\"lazy\" title=\"Witold Janisz (RTX Fabryka Okien)\" width=\"620\" height=\"349\" src=\"https:\/\/www.youtube.com\/embed\/2nFzL0P8UfA?feature=oembed\" frameborder=\"0\" allow=\"accelerometer; autoplay; clipboard-write; encrypted-media; gyroscope; picture-in-picture; web-share\" referrerpolicy=\"strict-origin-when-cross-origin\" allowfullscreen><\/iframe><\/p>\n<p><iframe loading=\"lazy\" title=\"Norbert Ko\u015bci\u00f3\u0142ek (Whisky Bar)\" width=\"620\" height=\"349\" src=\"https:\/\/www.youtube.com\/embed\/tb2VAMqfnfU?feature=oembed\" frameborder=\"0\" allow=\"accelerometer; autoplay; clipboard-write; encrypted-media; gyroscope; picture-in-picture; web-share\" referrerpolicy=\"strict-origin-when-cross-origin\" allowfullscreen><\/iframe><\/p>\n<p><iframe loading=\"lazy\" title=\"Piotr Plata (Iron Team)\" width=\"620\" height=\"349\" src=\"https:\/\/www.youtube.com\/embed\/7yU-s94DiRI?feature=oembed\" frameborder=\"0\" allow=\"accelerometer; autoplay; clipboard-write; encrypted-media; gyroscope; picture-in-picture; web-share\" referrerpolicy=\"strict-origin-when-cross-origin\" allowfullscreen><\/iframe><\/p>\n<p><iframe loading=\"lazy\" title=\"Krzysztof Grybel (RS Instal)\" width=\"620\" height=\"349\" src=\"https:\/\/www.youtube.com\/embed\/lfw_PgKYdoo?feature=oembed\" frameborder=\"0\" allow=\"accelerometer; autoplay; clipboard-write; encrypted-media; gyroscope; picture-in-picture; web-share\" referrerpolicy=\"strict-origin-when-cross-origin\" allowfullscreen><\/iframe><\/p>\n<p><iframe loading=\"lazy\" title=\"Jacek Wal (Meb-Lak Meble)\" width=\"620\" height=\"349\" src=\"https:\/\/www.youtube.com\/embed\/-Rk1EjmfzvA?feature=oembed\" frameborder=\"0\" allow=\"accelerometer; autoplay; clipboard-write; encrypted-media; gyroscope; picture-in-picture; web-share\" referrerpolicy=\"strict-origin-when-cross-origin\" allowfullscreen><\/iframe><\/p>\n<p><iframe loading=\"lazy\" title=\"Bart\u0142omiej Dusza (Mawa)\" width=\"620\" height=\"349\" src=\"https:\/\/www.youtube.com\/embed\/aBKQo_XGnVo?feature=oembed\" frameborder=\"0\" allow=\"accelerometer; autoplay; clipboard-write; encrypted-media; gyroscope; picture-in-picture; web-share\" referrerpolicy=\"strict-origin-when-cross-origin\" allowfullscreen><\/iframe><\/p>\n<p><iframe loading=\"lazy\" title=\"Kamil Mikulski (Merx)\" width=\"620\" height=\"349\" src=\"https:\/\/www.youtube.com\/embed\/GaEet0UqcLo?feature=oembed\" frameborder=\"0\" allow=\"accelerometer; autoplay; clipboard-write; encrypted-media; gyroscope; picture-in-picture; web-share\" referrerpolicy=\"strict-origin-when-cross-origin\" allowfullscreen><\/iframe><\/p>\n<p><iframe loading=\"lazy\" title=\"Dawid Baran (Creative)\" width=\"620\" height=\"349\" src=\"https:\/\/www.youtube.com\/embed\/rq1IoIhWPiE?feature=oembed\" frameborder=\"0\" allow=\"accelerometer; autoplay; clipboard-write; encrypted-media; gyroscope; picture-in-picture; web-share\" referrerpolicy=\"strict-origin-when-cross-origin\" allowfullscreen><\/iframe><\/p>\n<p><iframe loading=\"lazy\" title=\"Mateusz Biedro\u0144 (Lewiatan Pyzik)\" width=\"620\" height=\"349\" src=\"https:\/\/www.youtube.com\/embed\/b3U2ZZrKrPI?feature=oembed\" frameborder=\"0\" allow=\"accelerometer; autoplay; clipboard-write; encrypted-media; gyroscope; picture-in-picture; web-share\" referrerpolicy=\"strict-origin-when-cross-origin\" allowfullscreen><\/iframe><\/p>\n<p><iframe loading=\"lazy\" title=\"Arkadiusz Koszut (Jaw Trans)\" width=\"620\" height=\"349\" src=\"https:\/\/www.youtube.com\/embed\/0Ht4ID3ghXo?feature=oembed\" frameborder=\"0\" allow=\"accelerometer; autoplay; clipboard-write; encrypted-media; gyroscope; picture-in-picture; web-share\" referrerpolicy=\"strict-origin-when-cross-origin\" allowfullscreen><\/iframe><\/p>\n<p><iframe loading=\"lazy\" title=\"Wojciech Zieli\u0144ski (Brzezna)\" width=\"620\" height=\"349\" src=\"https:\/\/www.youtube.com\/embed\/5bQFkeiNI0g?feature=oembed\" frameborder=\"0\" allow=\"accelerometer; autoplay; clipboard-write; encrypted-media; gyroscope; picture-in-picture; web-share\" referrerpolicy=\"strict-origin-when-cross-origin\" allowfullscreen><\/iframe><\/p>\n<p><iframe loading=\"lazy\" title=\"Krzysztof Tarasek (Pabud)\" width=\"620\" height=\"349\" src=\"https:\/\/www.youtube.com\/embed\/TRskpv0AHS0?feature=oembed\" frameborder=\"0\" allow=\"accelerometer; autoplay; clipboard-write; encrypted-media; gyroscope; picture-in-picture; web-share\" referrerpolicy=\"strict-origin-when-cross-origin\" allowfullscreen><\/iframe><\/p>\n<p><iframe loading=\"lazy\" title=\"Karol Kantor (ARK Group)\" width=\"620\" height=\"349\" src=\"https:\/\/www.youtube.com\/embed\/PHCpwuREtqc?feature=oembed\" frameborder=\"0\" allow=\"accelerometer; autoplay; clipboard-write; encrypted-media; gyroscope; picture-in-picture; web-share\" referrerpolicy=\"strict-origin-when-cross-origin\" allowfullscreen><\/iframe><\/p>\n<p><iframe loading=\"lazy\" title=\"Marcin Borek (Dromader)\" width=\"620\" height=\"349\" src=\"https:\/\/www.youtube.com\/embed\/dYZ7LSzq-Rw?feature=oembed\" frameborder=\"0\" allow=\"accelerometer; autoplay; clipboard-write; encrypted-media; gyroscope; picture-in-picture; web-share\" referrerpolicy=\"strict-origin-when-cross-origin\" allowfullscreen><\/iframe><\/p>\n<p><iframe loading=\"lazy\" title=\"Mateusz Kie\u0142basa (RS Instal)\" width=\"620\" height=\"349\" src=\"https:\/\/www.youtube.com\/embed\/ao_-nJm_ht0?feature=oembed\" frameborder=\"0\" allow=\"accelerometer; autoplay; clipboard-write; encrypted-media; gyroscope; picture-in-picture; web-share\" referrerpolicy=\"strict-origin-when-cross-origin\" allowfullscreen><\/iframe><\/p>\n<p><iframe loading=\"lazy\" title=\"Maciej Dusza (Mawa Wyko\u0144czenia Wn\u0119trz)\" width=\"620\" height=\"349\" src=\"https:\/\/www.youtube.com\/embed\/oCmXfWx2OzI?feature=oembed\" frameborder=\"0\" allow=\"accelerometer; autoplay; clipboard-write; encrypted-media; gyroscope; picture-in-picture; web-share\" referrerpolicy=\"strict-origin-when-cross-origin\" allowfullscreen><\/iframe><\/p>\n<p><iframe loading=\"lazy\" title=\"Piotr Fyda (Merx)\" width=\"620\" height=\"349\" src=\"https:\/\/www.youtube.com\/embed\/HPdfBMtsGq0?feature=oembed\" frameborder=\"0\" allow=\"accelerometer; autoplay; clipboard-write; encrypted-media; gyroscope; picture-in-picture; web-share\" referrerpolicy=\"strict-origin-when-cross-origin\" allowfullscreen><\/iframe><\/p>\n<p><iframe loading=\"lazy\" title=\"Pawe\u0142 Kocio\u0142ek (Creative)\" width=\"620\" height=\"349\" src=\"https:\/\/www.youtube.com\/embed\/rWqAbxs4BXQ?feature=oembed\" frameborder=\"0\" allow=\"accelerometer; autoplay; clipboard-write; encrypted-media; gyroscope; picture-in-picture; web-share\" referrerpolicy=\"strict-origin-when-cross-origin\" allowfullscreen><\/iframe><\/p>\n<p><iframe loading=\"lazy\" title=\"Bart\u0142omiej Klimczak (Lewiatan Pyzik)\" width=\"620\" height=\"349\" src=\"https:\/\/www.youtube.com\/embed\/q7syMsHn4Fo?feature=oembed\" frameborder=\"0\" allow=\"accelerometer; autoplay; clipboard-write; encrypted-media; gyroscope; picture-in-picture; web-share\" referrerpolicy=\"strict-origin-when-cross-origin\" allowfullscreen><\/iframe><\/p>\n<p><iframe loading=\"lazy\" title=\"\u0141ukasz Baran (Merx)\" width=\"620\" height=\"349\" src=\"https:\/\/www.youtube.com\/embed\/ofP2RG6bawc?feature=oembed\" frameborder=\"0\" allow=\"accelerometer; autoplay; clipboard-write; encrypted-media; gyroscope; picture-in-picture; web-share\" referrerpolicy=\"strict-origin-when-cross-origin\" allowfullscreen><\/iframe><\/p>\n<p><iframe loading=\"lazy\" title=\"Daniel Bugara (RS Instal)\" width=\"620\" height=\"349\" src=\"https:\/\/www.youtube.com\/embed\/PvYt2fpEUns?feature=oembed\" frameborder=\"0\" allow=\"accelerometer; autoplay; clipboard-write; encrypted-media; gyroscope; picture-in-picture; web-share\" referrerpolicy=\"strict-origin-when-cross-origin\" allowfullscreen><\/iframe><\/p>\n<p><iframe loading=\"lazy\" title=\"Grzegorz Solarski (Meb-Lak Meble)\" width=\"620\" height=\"349\" src=\"https:\/\/www.youtube.com\/embed\/loo3jMYuuCk?feature=oembed\" frameborder=\"0\" allow=\"accelerometer; autoplay; clipboard-write; encrypted-media; gyroscope; picture-in-picture; web-share\" referrerpolicy=\"strict-origin-when-cross-origin\" allowfullscreen><\/iframe><\/p>\n<p><iframe loading=\"lazy\" title=\"Jaros\u0142aw Haza (RTX Fabryka Okien)\" width=\"620\" height=\"349\" src=\"https:\/\/www.youtube.com\/embed\/W7OCtq1JUw0?feature=oembed\" frameborder=\"0\" allow=\"accelerometer; autoplay; clipboard-write; encrypted-media; gyroscope; picture-in-picture; web-share\" referrerpolicy=\"strict-origin-when-cross-origin\" allowfullscreen><\/iframe><\/p>\n<p><iframe loading=\"lazy\" title=\"Adam Por\u0119ba (Dromader)\" width=\"620\" height=\"349\" src=\"https:\/\/www.youtube.com\/embed\/zlg0dy2OghM?feature=oembed\" frameborder=\"0\" allow=\"accelerometer; autoplay; clipboard-write; encrypted-media; gyroscope; picture-in-picture; web-share\" referrerpolicy=\"strict-origin-when-cross-origin\" allowfullscreen><\/iframe><\/p>\n<p><iframe loading=\"lazy\" title=\"Bart\u0142omiej Gom\u00f3\u0142ka (Iron Team)\" width=\"620\" height=\"349\" src=\"https:\/\/www.youtube.com\/embed\/1IfQxxkd1DI?feature=oembed\" frameborder=\"0\" allow=\"accelerometer; autoplay; clipboard-write; encrypted-media; gyroscope; picture-in-picture; web-share\" referrerpolicy=\"strict-origin-when-cross-origin\" allowfullscreen><\/iframe><\/p>\n<p><iframe loading=\"lazy\" title=\"Grzegorz Jasiurkowski (Whisky Bar)\" width=\"620\" height=\"349\" src=\"https:\/\/www.youtube.com\/embed\/IV0XI-wtNzw?feature=oembed\" frameborder=\"0\" allow=\"accelerometer; autoplay; clipboard-write; encrypted-media; gyroscope; picture-in-picture; web-share\" referrerpolicy=\"strict-origin-when-cross-origin\" allowfullscreen><\/iframe><\/p>\n<p><iframe loading=\"lazy\" title=\"Krzysztof Wokacz (ARK Group)\" width=\"620\" height=\"349\" src=\"https:\/\/www.youtube.com\/embed\/Yk_HoLjhNhk?feature=oembed\" frameborder=\"0\" allow=\"accelerometer; autoplay; clipboard-write; encrypted-media; gyroscope; picture-in-picture; web-share\" referrerpolicy=\"strict-origin-when-cross-origin\" allowfullscreen><\/iframe><\/p>\n<p><iframe loading=\"lazy\" title=\"Rados\u0142aw Szczygie\u0142 (RS Instal)\" width=\"620\" height=\"349\" src=\"https:\/\/www.youtube.com\/embed\/VBmlLcThfGw?feature=oembed\" frameborder=\"0\" allow=\"accelerometer; autoplay; clipboard-write; encrypted-media; gyroscope; picture-in-picture; web-share\" referrerpolicy=\"strict-origin-when-cross-origin\" allowfullscreen><\/iframe><\/p>\n<p><iframe loading=\"lazy\" title=\"\u0141ukasz Schreiner (Brzezna)\" width=\"620\" height=\"349\" src=\"https:\/\/www.youtube.com\/embed\/AOpFBuQWBZ4?feature=oembed\" frameborder=\"0\" allow=\"accelerometer; autoplay; clipboard-write; encrypted-media; gyroscope; picture-in-picture; web-share\" referrerpolicy=\"strict-origin-when-cross-origin\" allowfullscreen><\/iframe><\/p>\n<p><iframe loading=\"lazy\" title=\"Artur Chomoncik (RTX Fabryka Okien)\" width=\"620\" height=\"349\" src=\"https:\/\/www.youtube.com\/embed\/fQL8NO7ukek?feature=oembed\" frameborder=\"0\" allow=\"accelerometer; autoplay; clipboard-write; encrypted-media; gyroscope; picture-in-picture; web-share\" referrerpolicy=\"strict-origin-when-cross-origin\" allowfullscreen><\/iframe><\/p>\n<p><iframe loading=\"lazy\" title=\"Grzegorz Kulpa (Dromader)\" width=\"620\" height=\"349\" src=\"https:\/\/www.youtube.com\/embed\/9toEhT5_U1Q?feature=oembed\" frameborder=\"0\" allow=\"accelerometer; autoplay; clipboard-write; encrypted-media; gyroscope; picture-in-picture; web-share\" referrerpolicy=\"strict-origin-when-cross-origin\" allowfullscreen><\/iframe><\/p>\n<p><iframe loading=\"lazy\" title=\"Konrad Krasi\u0144ski (Pabud)\" width=\"620\" height=\"349\" src=\"https:\/\/www.youtube.com\/embed\/srqbTFD-vTI?feature=oembed\" frameborder=\"0\" allow=\"accelerometer; autoplay; clipboard-write; encrypted-media; gyroscope; picture-in-picture; web-share\" referrerpolicy=\"strict-origin-when-cross-origin\" allowfullscreen><\/iframe><\/p>\n<p><iframe loading=\"lazy\" title=\"Daniel Bochenek (Pabud)\" width=\"620\" height=\"349\" src=\"https:\/\/www.youtube.com\/embed\/AzfP9nCtvRA?feature=oembed\" frameborder=\"0\" allow=\"accelerometer; autoplay; clipboard-write; encrypted-media; gyroscope; picture-in-picture; web-share\" referrerpolicy=\"strict-origin-when-cross-origin\" allowfullscreen><\/iframe><\/p>\n<p><iframe loading=\"lazy\" title=\"Albert Szkradek (Meb-Lak Meble)\" width=\"620\" height=\"349\" src=\"https:\/\/www.youtube.com\/embed\/IKljS4BTx8M?feature=oembed\" frameborder=\"0\" allow=\"accelerometer; autoplay; clipboard-write; encrypted-media; gyroscope; picture-in-picture; web-share\" referrerpolicy=\"strict-origin-when-cross-origin\" allowfullscreen><\/iframe><\/p>\n<p><iframe loading=\"lazy\" title=\"Dawid Baran (Creative)\" width=\"620\" height=\"349\" src=\"https:\/\/www.youtube.com\/embed\/lMp_gtDZflM?feature=oembed\" frameborder=\"0\" allow=\"accelerometer; autoplay; clipboard-write; encrypted-media; gyroscope; picture-in-picture; web-share\" referrerpolicy=\"strict-origin-when-cross-origin\" allowfullscreen><\/iframe><\/p>\n<p><iframe loading=\"lazy\" title=\"Bart\u0142omiej Gom\u00f3\u0142ka (Iron Team)\" width=\"620\" height=\"349\" src=\"https:\/\/www.youtube.com\/embed\/_9b3qOtmjMI?feature=oembed\" frameborder=\"0\" allow=\"accelerometer; autoplay; clipboard-write; encrypted-media; gyroscope; picture-in-picture; web-share\" referrerpolicy=\"strict-origin-when-cross-origin\" allowfullscreen><\/iframe><\/p>\n<p><iframe loading=\"lazy\" title=\"Krzysztof Su\u0142kowski (Mawa Wyko\u0144czenia Wn\u0119trz)\" width=\"620\" height=\"349\" src=\"https:\/\/www.youtube.com\/embed\/h_nYtxgO1Hs?feature=oembed\" frameborder=\"0\" allow=\"accelerometer; autoplay; clipboard-write; encrypted-media; gyroscope; picture-in-picture; web-share\" referrerpolicy=\"strict-origin-when-cross-origin\" allowfullscreen><\/iframe><\/p>\n<p><iframe loading=\"lazy\" title=\"Grzegorz Bro\u0144ski (Whisky Bar)\" width=\"620\" height=\"349\" src=\"https:\/\/www.youtube.com\/embed\/97bUvLOszSM?feature=oembed\" frameborder=\"0\" allow=\"accelerometer; autoplay; clipboard-write; encrypted-media; gyroscope; picture-in-picture; web-share\" referrerpolicy=\"strict-origin-when-cross-origin\" allowfullscreen><\/iframe><\/p>\n<p><iframe loading=\"lazy\" title=\"Wojciech Fyda (R.S. Instal)\" width=\"620\" height=\"349\" src=\"https:\/\/www.youtube.com\/embed\/0WFoie6utB4?feature=oembed\" frameborder=\"0\" allow=\"accelerometer; autoplay; clipboard-write; encrypted-media; gyroscope; picture-in-picture; web-share\" referrerpolicy=\"strict-origin-when-cross-origin\" allowfullscreen><\/iframe><\/p>\n<p><iframe loading=\"lazy\" title=\"Patryk Ziobrowski (RTX Fabryka Okien)\" width=\"620\" height=\"349\" src=\"https:\/\/www.youtube.com\/embed\/dCa_0gAdZfg?feature=oembed\" frameborder=\"0\" allow=\"accelerometer; autoplay; clipboard-write; encrypted-media; gyroscope; picture-in-picture; web-share\" referrerpolicy=\"strict-origin-when-cross-origin\" allowfullscreen><\/iframe><\/p>\n<p><iframe loading=\"lazy\" title=\"Pawe\u0142 Ko\u017cuch (ARK Group)\" width=\"620\" height=\"349\" src=\"https:\/\/www.youtube.com\/embed\/vpC5gO37acY?feature=oembed\" frameborder=\"0\" allow=\"accelerometer; autoplay; clipboard-write; encrypted-media; gyroscope; picture-in-picture; web-share\" referrerpolicy=\"strict-origin-when-cross-origin\" allowfullscreen><\/iframe><\/p>\n<p><iframe loading=\"lazy\" title=\"Dawid Bochenek (Dromader)\" width=\"620\" height=\"349\" src=\"https:\/\/www.youtube.com\/embed\/FkZcBNM3vOU?feature=oembed\" frameborder=\"0\" allow=\"accelerometer; autoplay; clipboard-write; encrypted-media; gyroscope; picture-in-picture; web-share\" referrerpolicy=\"strict-origin-when-cross-origin\" allowfullscreen><\/iframe><\/p>\n<p><iframe loading=\"lazy\" title=\"Andrzej Kumor (Brzezna)\" width=\"620\" height=\"349\" src=\"https:\/\/www.youtube.com\/embed\/rOt6ijsmw5o?feature=oembed\" frameborder=\"0\" allow=\"accelerometer; autoplay; clipboard-write; encrypted-media; gyroscope; picture-in-picture; web-share\" referrerpolicy=\"strict-origin-when-cross-origin\" allowfullscreen><\/iframe><\/p>\n<p><iframe loading=\"lazy\" title=\"Stanis\u0142aw Jurczak (Jaw-Trans)\" width=\"620\" height=\"349\" src=\"https:\/\/www.youtube.com\/embed\/-_-idg8mqeY?feature=oembed\" frameborder=\"0\" allow=\"accelerometer; autoplay; clipboard-write; encrypted-media; gyroscope; picture-in-picture; web-share\" referrerpolicy=\"strict-origin-when-cross-origin\" allowfullscreen><\/iframe><\/p>\n<p><iframe loading=\"lazy\" title=\"Krzysztof Zaj\u0105c (Dromader)\" width=\"620\" height=\"349\" src=\"https:\/\/www.youtube.com\/embed\/QnYjYxLL4Yk?feature=oembed\" frameborder=\"0\" allow=\"accelerometer; autoplay; clipboard-write; encrypted-media; gyroscope; picture-in-picture; web-share\" referrerpolicy=\"strict-origin-when-cross-origin\" allowfullscreen><\/iframe><\/p>\n<p><iframe loading=\"lazy\" title=\"Dariusz Kachniarz (R.S. Instal)\" width=\"620\" height=\"349\" src=\"https:\/\/www.youtube.com\/embed\/RyBwFoO_FnI?feature=oembed\" frameborder=\"0\" allow=\"accelerometer; autoplay; clipboard-write; encrypted-media; gyroscope; picture-in-picture; web-share\" referrerpolicy=\"strict-origin-when-cross-origin\" allowfullscreen><\/iframe><\/p>\n<p><iframe loading=\"lazy\" title=\"\u0141ukasz Chochorowski (Mawa Wyko\u0144czenia Wn\u0119trz)\" width=\"620\" height=\"349\" src=\"https:\/\/www.youtube.com\/embed\/nUgsn46Ygh0?feature=oembed\" frameborder=\"0\" allow=\"accelerometer; autoplay; clipboard-write; encrypted-media; gyroscope; picture-in-picture; web-share\" referrerpolicy=\"strict-origin-when-cross-origin\" allowfullscreen><\/iframe><\/p>\n<p><iframe loading=\"lazy\" title=\"Kacper Pasiut (Pabud)\" width=\"620\" height=\"349\" src=\"https:\/\/www.youtube.com\/embed\/M4wbTJnSuRs?feature=oembed\" frameborder=\"0\" allow=\"accelerometer; autoplay; clipboard-write; encrypted-media; gyroscope; picture-in-picture; web-share\" referrerpolicy=\"strict-origin-when-cross-origin\" allowfullscreen><\/iframe><\/p>\n<p><iframe loading=\"lazy\" title=\"Piotr Lach (ARK Group)\" width=\"620\" height=\"349\" src=\"https:\/\/www.youtube.com\/embed\/yvG0XmnSe7U?feature=oembed\" frameborder=\"0\" allow=\"accelerometer; autoplay; clipboard-write; encrypted-media; gyroscope; picture-in-picture; web-share\" referrerpolicy=\"strict-origin-when-cross-origin\" allowfullscreen><\/iframe><\/p>\n<p><iframe loading=\"lazy\" title=\"Przemys\u0142aw Jasi\u0144ski (Lewiatan Pyzik)\" width=\"620\" height=\"349\" src=\"https:\/\/www.youtube.com\/embed\/RaFLvGiAd3k?feature=oembed\" frameborder=\"0\" allow=\"accelerometer; autoplay; clipboard-write; encrypted-media; gyroscope; picture-in-picture; web-share\" referrerpolicy=\"strict-origin-when-cross-origin\" allowfullscreen><\/iframe><\/p>\n<p><iframe loading=\"lazy\" title=\"\u0141ukasz G\u00f3rka (Whisky Bar)\" width=\"620\" height=\"349\" src=\"https:\/\/www.youtube.com\/embed\/9mZWZIw7RDk?feature=oembed\" frameborder=\"0\" allow=\"accelerometer; autoplay; clipboard-write; encrypted-media; gyroscope; picture-in-picture; web-share\" referrerpolicy=\"strict-origin-when-cross-origin\" allowfullscreen><\/iframe><\/p>\n","protected":false},"excerpt":{"rendered":"","protected":false},"author":1,"featured_media":0,"parent":13689,"menu_order":0,"comment_status":"closed","ping_status":"closed","template":"","meta":{"footnotes":""},"_links":{"self":[{"href":"https:\/\/lfsportevents.pl\/ligafutsalu\/wp-json\/wp\/v2\/pages\/13710"}],"collection":[{"href":"https:\/\/lfsportevents.pl\/ligafutsalu\/wp-json\/wp\/v2\/pages"}],"about":[{"href":"https:\/\/lfsportevents.pl\/ligafutsalu\/wp-json\/wp\/v2\/types\/page"}],"author":[{"embeddable":true,"href":"https:\/\/lfsportevents.pl\/ligafutsalu\/wp-json\/wp\/v2\/users\/1"}],"replies":[{"embeddable":true,"href":"https:\/\/lfsportevents.pl\/ligafutsalu\/wp-json\/wp\/v2\/comments?post=13710"}],"version-history":[{"count":2,"href":"https:\/\/lfsportevents.pl\/ligafutsalu\/wp-json\/wp\/v2\/pages\/13710\/revisions"}],"predecessor-version":[{"id":29811,"href":"https:\/\/lfsportevents.pl\/ligafutsalu\/wp-json\/wp\/v2\/pages\/13710\/revisions\/29811"}],"up":[{"embeddable":true,"href":"https:\/\/lfsportevents.pl\/ligafutsalu\/wp-json\/wp\/v2\/pages\/13689"}],"wp:attachment":[{"href":"https:\/\/lfsportevents.pl\/ligafutsalu\/wp-json\/wp\/v2\/media?parent=13710"}],"curies":[{"name":"wp","href":"https:\/\/api.w.org\/{rel}","templated":true}]}}