{"id":10964,"date":"2017-12-22T22:29:00","date_gmt":"2017-12-22T21:29:00","guid":{"rendered":"https:\/\/lfsportevents.pl\/ligafutsalu\/?page_id=10964"},"modified":"2026-01-21T22:52:28","modified_gmt":"2026-01-21T21:52:28","slug":"okienko-transferowe","status":"publish","type":"page","link":"https:\/\/lfsportevents.pl\/ligafutsalu\/okienko-transferowe\/","title":{"rendered":"Okienko transferowe"},"content":{"rendered":"<h1 style=\"text-align: center;\"><strong><span style=\"color: #339966;\">OTWARCIE OKIENKA: 19.12.2025<\/span><\/strong><\/h1>\n<h1 style=\"text-align: center;\"><strong><span style=\"color: #ff0000;\">ZAMKNI\u0118CIE OKIENKA: 19.01.2026<\/span><\/strong><\/h1>\n<p><strong>Lista transferowa:<\/strong><br \/>\n<strong><span style=\"color: #ff0000;\">ODSZED<\/span><span style=\"color: #ff0000;\">\u0141<\/span><\/strong> &#8211; Wojciech Oleksy &#8211; Bruk Ogr\u00f3d Nowak<br \/>\n<strong><span style=\"color: #008000;\">PRZYSZED\u0141<\/span><\/strong> &#8211; Albert W\u0105sowicz &#8211; Bruk Ogr\u00f3d Nowak<br \/>\n<strong><span style=\"color: #ff0000;\">ODSZED<\/span><span style=\"color: #ff0000;\">\u0141<\/span><\/strong> &#8211; Piotr Oleksy &#8211; Budolex<br \/>\n<strong><span style=\"color: #008000;\">PRZYSZED\u0141<\/span><\/strong> &#8211; Rafa\u0142 Gwi\u017cd\u017c &#8211; Budolex<br \/>\n<strong><span style=\"color: #ff0000;\">ODSZED<\/span><span style=\"color: #ff0000;\">\u0141<\/span><\/strong> &#8211; Antoni Kalisz- Budolex<br \/>\n<strong><span style=\"color: #008000;\">PRZYSZED\u0141<\/span><\/strong> &#8211; Dawid Grzegorzek &#8211; Budolex<br \/>\n<strong><span style=\"color: #ff0000;\">ODSZED<\/span><span style=\"color: #ff0000;\">\u0141<\/span><\/strong> &#8211; Maciej Korzym &#8211; Bruk Ogr\u00f3d Nowak<br \/>\n<strong><span style=\"color: #ff0000;\">ODSZED<\/span><span style=\"color: #ff0000;\">\u0141<\/span><\/strong> &#8211; Kamil \u0141atka &#8211; DripShop &amp; Pakersi<br \/>\n<strong><span style=\"color: #ff0000;\">ODSZED<\/span><span style=\"color: #ff0000;\">\u0141<\/span><\/strong> &#8211; Rafa\u0142 Gromala &#8211; DripShop &amp; Pakersi<br \/>\n<strong><span style=\"color: #008000;\">PRZYSZED\u0141<\/span><\/strong> &#8211; Szymon Zygmunt &#8211; DripShop &amp; Pakersi<br \/>\n<strong><span style=\"color: #ff0000;\">ODSZED<\/span><span style=\"color: #ff0000;\">\u0141<\/span><\/strong> &#8211; Kamil Tokarczyk &#8211; Iron Team<br \/>\n<strong><span style=\"color: #008000;\">PRZYSZED\u0141<\/span><\/strong> &#8211; Szymon Sopata &#8211; Iron Team<br \/>\n<strong><span style=\"color: #ff0000;\">ODSZED<\/span><span style=\"color: #ff0000;\">\u0141<\/span><\/strong> &#8211; S\u0142awomir Ga\u0142da &#8211; Gotoma<br \/>\n<strong><span style=\"color: #008000;\">PRZYSZED\u0141<\/span><\/strong> &#8211; S\u0142awomir Ga\u0142da &#8211; Meb-Lak Meble<br \/>\n<strong><span style=\"color: #ff0000;\">ODSZED<\/span><span style=\"color: #ff0000;\">\u0141<\/span><\/strong> &#8211; Damian Olesiak &#8211; Libella Truck FC<br \/>\n<strong><span style=\"color: #008000;\">PRZYSZED\u0141<\/span><\/strong> &#8211; Damian Olesiak &#8211; Meb-Lak Meble<br \/>\n<strong><span style=\"color: #ff0000;\">ODSZED<\/span><span style=\"color: #ff0000;\">\u0141<\/span><\/strong> &#8211; Mateusz Orzechowski &#8211; Dromader<br \/>\n<strong><span style=\"color: #008000;\">PRZYSZED\u0141<\/span><\/strong> &#8211; Jan Pola\u0144ski &#8211; Dromader<br \/>\n<strong><span style=\"color: #ff0000;\">ODSZED<\/span><span style=\"color: #ff0000;\">\u0141<\/span><\/strong> &#8211; Damian Kuras &#8211; Dromader<br \/>\n<strong><span style=\"color: #008000;\">PRZYSZED\u0141<\/span><\/strong> &#8211; Grzegorz Kulpa &#8211; Dromader<br \/>\n<strong><span style=\"color: #ff0000;\">ODSZED<\/span><span style=\"color: #ff0000;\">\u0141<\/span><\/strong> &#8211; Mateusz Wojtas &#8211; Jaw-Trans<br \/>\n<strong><span style=\"color: #008000;\">PRZYSZED\u0141<\/span><\/strong> &#8211; Szymon Hedwig &#8211; Jaw-Trans<br \/>\n<strong><span style=\"color: #008000;\">PRZYSZED\u0141<\/span><\/strong> &#8211; Piotr Ligarski &#8211; Jaw-Trans<br \/>\n<strong><span style=\"color: #ff0000;\">ODSZED<\/span><span style=\"color: #ff0000;\">\u0141<\/span><\/strong> &#8211; Jaros\u0142aw Le\u015bniak &#8211; Merx<br \/>\n<strong><span style=\"color: #008000;\">PRZYSZED\u0141<\/span><\/strong> &#8211; Piotr Fyda &#8211; Merx<br \/>\n<strong><span style=\"color: #ff0000;\">ODSZED<\/span><span style=\"color: #ff0000;\">\u0141<\/span><\/strong> &#8211; Przemys\u0142aw \u0141ukaszczyk &#8211; Protel<br \/>\n<strong><span style=\"color: #ff0000;\">ODSZED<\/span><span style=\"color: #ff0000;\">\u0141<\/span><\/strong> &#8211; Piotr Stelmach &#8211; Galacticos\/Bogda\u0144ski<br \/>\n<strong><span style=\"color: #008000;\">PRZYSZED\u0141<\/span><\/strong> &#8211; Piotr Stelmach &#8211; Stal-Bud Nawojowa<br \/>\n<strong><span style=\"color: #ff0000;\">ODSZED<\/span><span style=\"color: #ff0000;\">\u0141<\/span><\/strong> &#8211; Kacper \u017buchowicz &#8211; Ibis Styles N.S.<br \/>\n<strong><span style=\"color: #008000;\">PRZYSZED\u0141<\/span><\/strong> &#8211; Sebastian Le\u015bniak &#8211; Ibis Styles N.S.<br \/>\n<strong><span style=\"color: #ff0000;\">ODSZED<\/span><span style=\"color: #ff0000;\">\u0141<\/span><\/strong> &#8211; Krzysztof Zaczyk &#8211; Smolnik M\u0119cina<br \/>\n<strong><span style=\"color: #ff0000;\">ODSZED<\/span><span style=\"color: #ff0000;\">\u0141<\/span><\/strong> &#8211; Tomasz Kurczab &#8211; Smolnik M\u0119cina<br \/>\n<strong><span style=\"color: #ff0000;\">ODSZED<\/span><span style=\"color: #ff0000;\">\u0141<\/span><\/strong> &#8211; Konrad Orze\u0142 &#8211; Smolnik M\u0119cina<br \/>\n<strong><span style=\"color: #008000;\">PRZYSZED\u0141<\/span><\/strong> &#8211; Karol W\u00f3jciak &#8211; Smolnik M\u0119cina<br \/>\n<strong><span style=\"color: #008000;\">PRZYSZED\u0141<\/span><\/strong> &#8211; Piotr Rymarczyk &#8211; Smolnik M\u0119cina<\/p>\n<p><strong>Regulamin Okienka Transferowego.<\/strong><\/p>\n<ul>\n<li>Mo\u017cliwe jest dopisanie 3 zawodnik\u00f3w do listy, maksymalnie do 18 os\u00f3b<\/li>\n<li>Je\u015bli dru\u017cyna posiada pe\u0142n\u0105 list\u0119 18 os\u00f3b, mo\u017cna usun\u0105\u0107 pi\u0142karzy nieaktywnych i w zamian za ich miejsce zakontraktowa\u0107 nowych.<\/li>\n<li>Mo\u017cna zrobi\u0107 3 transfery mi\u0119dzy dru\u017cynami.<\/li>\n<li>Nale\u017cy pami\u0119ta\u0107 by nie przekroczy\u0107 limit zawodnik\u00f3w czynnych.<\/li>\n<li>Mo\u017cna dopisa\u0107, usun\u0105\u0107 lub wymieni\u0107 zawodnika amatora i czynnego, zgodnie z regulaminem<\/li>\n<li><span style=\"color: #993300;\"><strong>Mo\u017cna zrobi\u0107 3 zmiany zawodnik\u00f3w amator\u00f3w, oraz 2 zmiany czynnych.<\/strong><\/span><\/li>\n<li>Nie mo\u017cna robi\u0107 transfer\u00f3w powrotnych (przyk\u0142ad. Je\u015bli dru\u017cyna wykona transfer zawodnika w okienku transferowym, nie mo\u017cna ju\u017c tego zawodnika zamieni\u0107)<\/li>\n<li>Ch\u0119\u0107 skorzystania z okienka transferowego, nale\u017cy zg\u0142osi\u0107 tylko i wy\u0142\u0105cznie w formie pisemnej na adres mailowy:\u00a0biuro@lfsportevents.pl lub w razie pyta\u0144 prosimy dzwoni\u0107 na nr tel: 500-758-968<\/li>\n<li>Na stronie www.lfsportevents.pl pojawi\u0142a si\u0119 zak\u0142adka\u00a0<span style=\"color: #993300;\"><strong>OKIENKO TRANSFEROWE<\/strong><\/span>\u00a0gdzie b\u0119d\u0105 podawane informacje o nowych zawodnikach i transferach.<\/li>\n<\/ul>\n","protected":false},"excerpt":{"rendered":"<p>OTWARCIE OKIENKA: 19.12.2025 ZAMKNI\u0118CIE OKIENKA: 19.01.2026 Lista transferowa: ODSZED\u0141 &#8211; Wojciech Oleksy &#8211; Bruk Ogr\u00f3d Nowak PRZYSZED\u0141 &#8211; Albert W\u0105sowicz &#8211; Bruk Ogr\u00f3d Nowak ODSZED\u0141 &#8211; Piotr Oleksy &#8211; Budolex PRZYSZED\u0141 &#8211; Rafa\u0142 Gwi\u017cd\u017c &#8211; Budolex ODSZED\u0141 &#8211; Antoni Kalisz- Budolex PRZYSZED\u0141 &#8211; Dawid Grzegorzek &#8211; Budolex ODSZED\u0141 &#8211; Maciej Korzym &#8211; Bruk Ogr\u00f3d Nowak [&hellip;]<\/p>\n","protected":false},"author":1,"featured_media":0,"parent":0,"menu_order":0,"comment_status":"closed","ping_status":"closed","template":"","meta":{"footnotes":""},"_links":{"self":[{"href":"https:\/\/lfsportevents.pl\/ligafutsalu\/wp-json\/wp\/v2\/pages\/10964"}],"collection":[{"href":"https:\/\/lfsportevents.pl\/ligafutsalu\/wp-json\/wp\/v2\/pages"}],"about":[{"href":"https:\/\/lfsportevents.pl\/ligafutsalu\/wp-json\/wp\/v2\/types\/page"}],"author":[{"embeddable":true,"href":"https:\/\/lfsportevents.pl\/ligafutsalu\/wp-json\/wp\/v2\/users\/1"}],"replies":[{"embeddable":true,"href":"https:\/\/lfsportevents.pl\/ligafutsalu\/wp-json\/wp\/v2\/comments?post=10964"}],"version-history":[{"count":2,"href":"https:\/\/lfsportevents.pl\/ligafutsalu\/wp-json\/wp\/v2\/pages\/10964\/revisions"}],"predecessor-version":[{"id":29524,"href":"https:\/\/lfsportevents.pl\/ligafutsalu\/wp-json\/wp\/v2\/pages\/10964\/revisions\/29524"}],"wp:attachment":[{"href":"https:\/\/lfsportevents.pl\/ligafutsalu\/wp-json\/wp\/v2\/media?parent=10964"}],"curies":[{"name":"wp","href":"https:\/\/api.w.org\/{rel}","templated":true}]}}